-- Table structure for table `cuod6_rsform_submissions`
--

CREATE TABLE `cuod6_rsform_submissions` (
  `SubmissionId` int(11) NOT NULL,
  `FormId` int(11) NOT NULL DEFAULT 0,
  `DateSubmitted` datetime NOT NULL,
  `UserIp` varchar(255) NOT NULL DEFAULT '',
  `Username` varchar(255) NOT NULL DEFAULT '',
  `UserId` int(11) NOT NULL DEFAULT 0,
  `Lang` varchar(255) NOT NULL,
  `confirmed` tinyint(1) NOT NULL,
  `ConfirmedIp` varchar(255) NOT NULL DEFAULT '',
  `ConfirmedDate` datetime DEFAULT NULL,
  `SubmissionHash` varchar(32) NOT NULL
) ENGINE=InnoDB DEFAULT CHARSET=utf8 COLLATE=utf8_general_ci;

--
-- Dumping data for table `cuod6_rsform_submissions`
--

INSERT INTO `cuod6_rsform_submissions` (`SubmissionId`, `FormId`, `DateSubmitted`, `UserIp`, `Username`, `UserId`, `Lang`, `confirmed`, `ConfirmedIp`, `ConfirmedDate`, `SubmissionHash`) VALUES
(1, 1, '2025-03-06 14:52:27', '194.61.40.33', '', 0, 'en-GB', 1, '', NULL, '88d6253f659ecceab3a582d3d6e8ca6e'),
(2, 1, '2025-03-07 10:54:36', '49.43.169.158', '', 0, 'en-GB', 1, '', NULL, 'cd7d6d4ca98ebfe15e02efc105819fb8'),
(3, 3, '2025-03-07 10:56:36', '49.43.169.158', '', 0, 'en-GB', 1, '', NULL, '4851db4076df207215b1d7f88c3ac686'),
(4, 3, '2025-03-10 10:16:00', '49.43.160.116', '', 0, 'en-GB', 1, '', NULL, 'b5ea37f5ec435134b41a6f394b704d83'),
(5, 3, '2025-03-10 10:27:15', '49.43.160.116', '', 0, 'en-GB', 1, '', NULL, '26dd3ec215bdafc91e923f4ca0dfd41e'),
(6, 3, '2025-03-10 11:54:11', '49.43.160.116', '', 0, 'en-GB', 1, '', NULL, 'cf012ae3bcce1f6346e6d58ece67fa8c'),
(7, 4, '2025-03-10 12:02:12', '49.43.160.116', '', 0, 'en-GB', 1, '', NULL, '2a5ccf4945fd1acb07207c2cc21a18a8'),
(8, 4, '2025-03-11 14:37:59', '49.148.247.80', '', 0, 'en-GB', 1, '', NULL, '776faa521ee3887357d9966a7730d644'),
(9, 5, '2025-04-05 15:39:07', '223.233.66.44', '', 0, 'en-GB', 1, '', NULL, '915e4774614eae65d1c4d365f1eed4df'),
(10, 5, '2025-04-05 15:40:47', '223.233.66.44', '', 0, 'en-GB', 1, '', NULL, '3b466fd0a0653c00c2ac431e1e06a262'),
(11, 5, '2025-04-09 11:40:30', '106.215.165.177', '', 0, 'en-GB', 1, '', NULL, '44d95f69046e937d0c0d651aa9a220bb'),
(12, 5, '2025-05-12 13:42:41', '45.31.69.45', '', 0, 'en-GB', 1, '', NULL, '20a729c20d80455b122f5af8825de307'),
(13, 5, '2025-05-19 20:58:11', '143.44.164.129', '', 0, 'en-GB', 1, '', NULL, '4a87ff25d7349272cb4f99c5952b5998'),
(14, 5, '2025-05-19 20:59:44', '143.44.164.129', '', 0, 'en-GB', 1, '', NULL, 'fbc301e72149fe7a7665e6de6cdb478d'),
(15, 5, '2025-05-19 21:00:10', '143.44.164.129', '', 0, 'en-GB', 1, '', NULL, '90af8c106ddaad654362881af2d20c6b'),
(16, 5, '2025-05-19 21:00:33', '143.44.164.129', '', 0, 'en-GB', 1, '', NULL, 'dd5fd113d6fda940e82e7c2231e3b2cc'),
(17, 5, '2025-05-19 21:03:48', '143.44.164.129', '', 0, 'en-GB', 1, '', NULL, 'c64cf7b7306a626f8925f70bb14e0037'),
(18, 5, '2025-05-19 21:10:40', '143.44.164.129', '', 0, 'en-GB', 1, '', NULL, '42b60cf4d33b6d9cf6e35bdf0adc8447'),
(19, 5, '2025-05-20 07:20:01', '49.43.168.11', '', 0, 'en-GB', 1, '', NULL, '9f1580b763d7d4236ee82e4b6b8cf3d1'),
(20, 5, '2025-05-20 07:21:26', '49.43.168.11', '', 0, 'en-GB', 1, '', NULL, 'a6abb1a2fcb0626140b39372b2fbbc9e');

-- --------------------------------------------------------

--
-- Table structure for table `cuod6_rsform_submission_columns`
--

CREATE TABLE `cuod6_rsform_submission_columns` (
  `FormId` int(11) NOT NULL,
  `ColumnName` varchar(255) NOT NULL,
  `ColumnStatic` tinyint(1) NOT NULL
) ENGINE=InnoDB DEFAULT CHARSET=utf8 COLLATE=utf8_general_ci;

-- --------------------------------------------------------

--
-- Table structure for table `cuod6_rsform_submission_values`
--

CREATE TABLE `cuod6_rsform_submission_values` (
  `SubmissionValueId` int(11) NOT NULL,
  `FormId` int(11) NOT NULL,
  `SubmissionId` int(11) NOT NULL DEFAULT 0,
  `FieldName` text NOT NULL,
  `FieldValue` mediumtext NOT NULL
) ENGINE=InnoDB DEFAULT CHARSET=utf8mb4 COLLATE=utf8mb4_unicode_ci;

--
-- Dumping data for table `cuod6_rsform_submission_values`
--

INSERT INTO `cuod6_rsform_submission_values` (`SubmissionValueId`, `FormId`, `SubmissionId`, `FieldName`, `FieldValue`) VALUES
(1, 1, 1, 'Name', 'john doe'),
(2, 1, 1, 'Email', 'team@activatedigitalmedia.com'),
(3, 1, 1, 'Phone_Number', '(346) 200-6097'),
(4, 1, 1, 'How_Can_We_Help_You', 'this is test mail sent by dev team.'),
(5, 1, 1, 'Submit', ''),
(6, 1, 1, 'formId', '1'),
(7, 1, 2, 'Name', 'Jon Doe'),
(8, 1, 2, 'Email', 'team@axelwebtechnologies.com'),
(9, 1, 2, 'Phone_Number', '1234567890'),
(10, 1, 2, 'How_Can_We_Help_You', 'test by dev team'),
(11, 1, 2, 'Submit', ''),
(12, 1, 2, 'formId', '1'),
(13, 3, 3, 'Name', 'Jon Doe'),
(14, 3, 3, 'Email', 'team@axelwebtechnologies.com'),
(15, 3, 3, 'Phone_Number', '1234567890'),
(16, 3, 3, 'How_Can_We_Help_You', 'test by dev team'),
(17, 3, 3, 'Submit1', ''),
(18, 3, 3, 'formId', '3'),
(19, 3, 4, 'Name', 'Jon Doe'),
(20, 3, 4, 'Email', 'team@activatedigitalmedia.com'),
(21, 3, 4, 'Phone_Number', '1234567890'),
(22, 3, 4, 'Company_Name', 'xyz'),
(23, 3, 4, 'How_Can_We_Help_You', 'Test by dev team'),
(24, 3, 4, 'Submit1', ''),
(25, 3, 4, 'formId', '3'),
(26, 3, 5, 'Name', 'Jon Doe'),
(27, 3, 5, 'Email', 'team@activatedigitalmedia.com'),
(28, 3, 5, 'Phone_Number', '1234567890'),
(29, 3, 5, 'Company_Name', 'xyz'),
(30, 3, 5, 'How_Can_We_Help_You', 'test by dev team'),
(31, 3, 5, 'Submit1', ''),
(32, 3, 5, 'formId', '3'),
(33, 3, 6, 'First Name', 'Jon'),
(34, 3, 6, 'Last Name', 'Doe'),
(35, 3, 6, 'Company', 'AWT test'),
(36, 3, 6, 'Business Email', 'team@axelwebtechnologies.com'),
(37, 3, 6, 'Services', 'Received a Breach Notification? '),
(38, 3, 6, 'Comments', 'Test By dev team'),
(39, 3, 6, 'Submit1', ''),
(40, 3, 6, 'formId', '3'),
(41, 4, 7, 'First Name', 'Jon'),
(42, 4, 7, 'Last Name', 'Doe'),
(43, 4, 7, 'Company', 'AWT test2'),
(44, 4, 7, 'Business Email', 'team@axelwebtechnologies.com'),
(45, 4, 7, 'Services', 'Business Services '),
(46, 4, 7, 'Comments', 'Test by dev team'),
(47, 4, 7, 'Submit', ''),
(48, 4, 7, 'formId', '4'),
(49, 4, 8, 'First Name', 'Maegan'),
(50, 4, 8, 'Last Name', 'Pars'),
(51, 4, 8, 'Company', 'sdfsdf'),
(52, 4, 8, 'Business Email', 'maegan@activatedigitalmedia.com'),
(53, 4, 8, 'Services', 'Business Services '),
(54, 4, 8, 'Comments', 'test'),
(55, 4, 8, 'Submit', ''),
(56, 4, 8, 'formId', '4'),
(57, 5, 9, 'Name', 'jon Doe'),
(58, 5, 9, 'Email', 'team@activatedigitalmedia.com'),
(59, 5, 9, 'Phone number', '2015551092'),
(60, 5, 9, 'Street Address', 'Dehradun'),
(61, 5, 9, 'City', 'dehradun'),
(62, 5, 9, 'Zip', '23451'),
(63, 5, 9, 'Comments', 'test'),
(64, 5, 9, 'Submit1', ''),
(65, 5, 9, 'formId', '5'),
(66, 5, 10, 'Name', 'jon Doee'),
(67, 5, 10, 'Email', 'team@activatedigitalmedia.com'),
(68, 5, 10, 'Phone number', '2015551092'),
(69, 5, 10, 'Street Address', 'Dehradun'),
(70, 5, 10, 'City', 'dun'),
(71, 5, 10, 'Zip', '23451'),
(72, 5, 10, 'Comments', 'test'),
(73, 5, 10, 'Submit1', ''),
(74, 5, 10, 'formId', '5'),
(75, 5, 11, 'Name', 'john doe'),
(76, 5, 11, 'Email', 'gopal@axelwebtechnologies.com'),
(77, 5, 11, 'Phone number', '123-234-3434'),
(78, 5, 11, 'Street Address', 'test'),
(79, 5, 11, 'City', 'test'),
(80, 5, 11, 'Zip', '77381'),
(81, 5, 11, 'Comments', 'test by dev team'),
(82, 5, 11, 'Submit1', ''),
(83, 5, 11, 'formId', '5'),
(84, 5, 12, 'Name', 'Jonathan Banks'),
(85, 5, 12, 'Email', 'charlottegladders@gmail.com'),
(86, 5, 12, 'Phone number', '9704036476'),
(87, 5, 12, 'Street Address', '144 Pine Arbor Circle'),
(88, 5, 12, 'City', 'St Augustine'),
(89, 5, 12, 'Zip', '32084'),
(90, 5, 12, 'Comments', 'fyj'),
(91, 5, 12, 'Submit1', ''),
(92, 5, 12, 'formId', '5'),
(93, 5, 13, 'Name', 'dfgdfg dfgdfg'),
(94, 5, 13, 'Email', 'maegan@activatedigitalmediacom'),
(95, 5, 13, 'Phone number', '(346) 200-6097'),
(96, 5, 13, 'Street Address', '504 Spring Hill Drive'),
(97, 5, 13, 'City', 'Tarlac City'),
(98, 5, 13, 'Zip', '6000'),
(99, 5, 13, 'Comments', 'message'),
(100, 5, 13, 'Submit1', ''),
(101, 5, 13, 'formId', '5'),
(102, 5, 14, 'Name', 'Maegan'),
(103, 5, 14, 'Email', 'maegan@activatedigitalmedia.com'),
(104, 5, 14, 'Phone number', '3462006097'),
(105, 5, 14, 'Street Address', 'Tarlac'),
(106, 5, 14, 'City', 'Tarlac'),
(107, 5, 14, 'Zip', '6000'),
(108, 5, 14, 'Comments', 'message'),
(109, 5, 14, 'Submit1', ''),
(110, 5, 14, 'formId', '5'),
(111, 5, 15, 'Name', 'Maegan'),
(112, 5, 15, 'Email', 'maegan@activatedigitalmedia.com'),
(113, 5, 15, 'Phone number', '3462006097'),
(114, 5, 15, 'Street Address', 'Tarlac'),
(115, 5, 15, 'City', 'Tarlac'),
(116, 5, 15, 'Zip', '6000'),
(117, 5, 15, 'Comments', 'messages'),
(118, 5, 15, 'Submit1', ''),
(119, 5, 15, 'formId', '5'),
(120, 5, 16, 'Name', 'Maegan'),
(121, 5, 16, 'Email', 'maegan@activatedigitalmedia.com'),
(122, 5, 16, 'Phone number', '3462006097'),
(123, 5, 16, 'Street Address', 'Tarlac'),
(124, 5, 16, 'City', 'Tarlac'),
(125, 5, 16, 'Zip', '6000'),
(126, 5, 16, 'Comments', 'message'),
(127, 5, 16, 'Submit1', ''),
(128, 5, 16, 'formId', '5'),
(129, 5, 17, 'Name', 'Maegan'),
(130, 5, 17, 'Email', 'maeganactivatedigitalmedia@com'),
(131, 5, 17, 'Phone number', '3462006097'),
(132, 5, 17, 'Street Address', 'Tarlac'),
(133, 5, 17, 'City', 'Tarlac'),
(134, 5, 17, 'Zip', '6000'),
(135, 5, 17, 'Comments', 'messages'),
(136, 5, 17, 'Submit1', ''),
(137, 5, 17, 'formId', '5'),
(138, 5, 18, 'Name', 'Maegan'),
(139, 5, 18, 'Email', 'maegan@activatedigitalmedia.com'),
(140, 5, 18, 'Phone number', '3462006097'),
(141, 5, 18, 'Street Address', 'message'),
(142, 5, 18, 'City', 'Tarlac'),
(143, 5, 18, 'Zip', '6000'),
(144, 5, 18, 'Comments', 'message'),
(145, 5, 18, 'Submit1', ''),
(146, 5, 18, 'formId', '5'),
(147, 5, 19, 'Name', 'jon Doe'),
(148, 5, 19, 'Email', 'team@activatedigitalmedia.com'),
(149, 5, 19, 'Phone number', '2015551092'),
(150, 5, 19, 'Street Address', 'Dehradun'),
(151, 5, 19, 'City', 'dehradun'),
(152, 5, 19, 'Zip', '23451'),
(153, 5, 19, 'Comments', 'rtr\r\n'),
(154, 5, 19, 'Submit1', ''),
(155, 5, 19, 'formId', '5'),
(156, 5, 20, 'Name', 'jon Doe'),
(157, 5, 20, 'Email', 'team@activatedigitalmedia.com'),
(158, 5, 20, 'Phone number', '2015551092'),
(159, 5, 20, 'Street Address', 'Dehradun'),
(160, 5, 20, 'City', 'dehradun'),
(161, 5, 20, 'Zip', '23451'),
(162, 5, 20, 'Comments', 'rtr\r\n'),
(163, 5, 20, 'Submit1', ''),
(164, 5, 20, 'formId', '5');

-- --------------------------------------------------------

--
-- Table structure for table `cuod6_rsform_translations`
--

CREATE TABLE `cuod6_rsform_translations` (
  `id` int(11) NOT NULL,
  `form_id` int(11) NOT NULL,
  `lang_code` varchar(16) NOT NULL,
  `reference` varchar(64) NOT NULL,
  `reference_id` varchar(255) NOT NULL,
  `value` mediumtext NOT NULL
) ENGINE=InnoDB DEFAULT CHARSET=utf8mb4 COLLATE=utf8mb4_unicode_ci;

-- --------------------------------------------------------

--
-- Table structure for table `cuod6_scheduler_tasks`
--

CREATE TABLE `cuod6_scheduler_tasks` (
  `id` int(10) UNSIGNED NOT NULL,
  `asset_id` int(10) UNSIGNED NOT NULL DEFAULT 0 COMMENT 'FK to the #__assets table.',
  `title` varchar(255) NOT NULL DEFAULT '',
  `type` varchar(128) NOT NULL COMMENT 'unique identifier for job defined by plugin',
  `execution_rules` text DEFAULT NULL COMMENT 'Execution Rules, Unprocessed',
  `cron_rules` text DEFAULT NULL COMMENT 'Processed execution rules, crontab-like JSON form',
  `state` tinyint(4) NOT NULL DEFAULT 0,
  `last_exit_code` int(11) NOT NULL DEFAULT 0 COMMENT 'Exit code when job was last run',
  `last_execution` datetime DEFAULT NULL COMMENT 'Timestamp of last run',
  `next_execution` datetime DEFAULT NULL COMMENT 'Timestamp of next (planned) run, referred for execution on trigger',
  `times_executed` int(11) DEFAULT 0 COMMENT 'Count of successful triggers',
  `times_failed` int(11) DEFAULT 0 COMMENT 'Count of failures',
  `locked` datetime DEFAULT NULL,
  `priority` smallint(6) NOT NULL DEFAULT 0,
  `ordering` int(11) NOT NULL DEFAULT 0 COMMENT 'Configurable list ordering',
  `cli_exclusive` smallint(6) NOT NULL DEFAULT 0 COMMENT 'If 1, the task is only accessible via CLI',
  `params` text NOT NULL,
  `note` text DEFAULT NULL,
  `created` datetime NOT NULL,
  `created_by` int(10) UNSIGNED NOT NULL DEFAULT 0,
  `checked_out` int(10) UNSIGNED DEFAULT NULL,
  `checked_out_time` datetime DEFAULT NULL
) ENGINE=InnoDB DEFAULT CHARSET=utf8mb4 COLLATE=utf8mb4_unicode_ci;

--
-- Dumping data for table `cuod6_scheduler_tasks`
--

INSERT INTO `cuod6_scheduler_tasks` (`id`, `asset_id`, `title`, `type`, `execution_rules`, `cron_rules`, `state`, `last_exit_code`, `last_execution`, `next_execution`, `times_executed`, `times_failed`, `locked`, `priority`, `ordering`, `cli_exclusive`, `params`, `note`, `created`, `created_by`, `checked_out`, `checked_out_time`) VALUES
(1, 97, 'Rotate Logs', 'rotation.logs', '{\"rule-type\":\"interval-days\",\"interval-days\":\"30\",\"exec-day\":\"5\",\"exec-time\":\"08:00\"}', '{\"type\":\"interval\",\"exp\":\"P30D\"}', 1, 0, '2025-05-05 04:37:35', '2025-06-04 08:00:00', 2, 0, NULL, 0, 0, 0, '{\"individual_log\":false,\"log_file\":\"\",\"notifications\":{\"success_mail\":\"0\",\"failure_mail\":\"1\",\"fatal_failure_mail\":\"1\",\"orphan_mail\":\"1\"},\"logstokeep\":1}', NULL, '2025-03-05 08:18:34', 102, NULL, NULL),
(2, 98, 'Session GC', 'session.gc', '{\"rule-type\":\"interval-hours\",\"interval-hours\":\"24\",\"exec-day\":\"01\",\"exec-time\":\"08:00\"}', '{\"type\":\"interval\",\"exp\":\"PT24H\"}', 1, 0, '2025-05-26 12:54:53', '2025-05-27 12:54:53', 46, 0, NULL, 0, 0, 0, '{\"individual_log\":false,\"log_file\":\"\",\"notifications\":{\"success_mail\":\"0\",\"failure_mail\":\"1\",\"fatal_failure_mail\":\"1\",\"orphan_mail\":\"1\"},\"enable_session_gc\":1,\"enable_session_metadata_gc\":1}', NULL, '2025-03-05 08:18:34', 102, NULL, NULL),
(3, 99, 'Update Notification', 'update.notification', '{\"rule-type\":\"interval-hours\",\"interval-hours\":\"24\",\"exec-day\":\"01\",\"exec-time\":\"08:00\"}', '{\"type\":\"interval\",\"exp\":\"PT24H\"}', 1, 0, '2025-05-26 12:59:53', '2025-05-27 12:59:54', 46, 0, NULL, 0, 0, 0, '{\"individual_log\":false,\"log_file\":\"\",\"notifications\":{\"success_mail\":\"0\",\"failure_mail\":\"1\",\"fatal_failure_mail\":\"1\",\"orphan_mail\":\"1\"},\"email\":\"\",\"language_override\":\"\"}', NULL, '2025-03-05 08:18:34', 102, NULL, NULL);

-- --------------------------------------------------------

--
-- Table structure for table `cuod6_schemaorg`
--

CREATE TABLE `cuod6_schemaorg` (
  `id` int(10) UNSIGNED NOT NULL,
  `itemId` int(10) UNSIGNED DEFAULT NULL,
  `context` varchar(100) DEFAULT NULL,
  `schemaType` varchar(100) DEFAULT NULL,
  `schema` text DEFAULT NULL
) ENGINE=InnoDB DEFAULT CHARSET=utf8mb4 COLLATE=utf8mb4_unicode_ci;

-- --------------------------------------------------------

--
-- Table structure for table `cuod6_schemas`
--

CREATE TABLE `cuod6_schemas` (
  `extension_id` int(11) NOT NULL,
  `version_id` varchar(20) NOT NULL
) ENGINE=InnoDB DEFAULT CHARSET=utf8mb4 COLLATE=utf8mb4_unicode_ci;

--
-- Dumping data for table `cuod6_schemas`
--

INSERT INTO `cuod6_schemas` (`extension_id`, `version_id`) VALUES
(240, '5.2.2-2024-09-24');

-- --------------------------------------------------------

--
-- Table structure for table `cuod6_session`
--

CREATE TABLE `cuod6_session` (
  `session_id` varbinary(192) NOT NULL,
  `client_id` tinyint(3) UNSIGNED DEFAULT NULL,
  `guest` tinyint(3) UNSIGNED DEFAULT 1,
  `time` int(11) NOT NULL DEFAULT 0,
  `data` mediumtext DEFAULT NULL,
  `userid` int(11) DEFAULT 0,
  `username` varchar(150) DEFAULT ''
) ENGINE=InnoDB DEFAULT CHARSET=utf8mb4 COLLATE=utf8mb4_unicode_ci;

--
-- Dumping data for table `cuod6_session`
--

INSERT INTO `cuod6_session` (`session_id`, `client_id`, `guest`, `time`, `data`, `userid`, `username`) VALUES
(0x3436306639333138633138343034333733353464623236633461666661623530, 0, 1, 1748264516, 'joomla|s:700:\"TzoyNDoiSm9vbWxhXFJlZ2lzdHJ5XFJlZ2lzdHJ5IjozOntzOjc6IgAqAGRhdGEiO086ODoic3RkQ2xhc3MiOjM6e3M6Nzoic2Vzc2lvbiI7Tzo4OiJzdGRDbGFzcyI6Mzp7czo3OiJjb3VudGVyIjtpOjQ7czo1OiJ0aW1lciI7Tzo4OiJzdGRDbGFzcyI6Mzp7czo1OiJzdGFydCI7aToxNzQ4MjY0MDkxO3M6NDoibGFzdCI7aToxNzQ4MjY0MzkzO3M6Mzoibm93IjtpOjE3NDgyNjQ1MTY7fXM6NToidG9rZW4iO3M6MzI6ImRiMmNlNGI5YTRiNjE2ZTYyMThiM2I0OWJhNjMwMWE4Ijt9czo4OiJyZWdpc3RyeSI7TzoyNDoiSm9vbWxhXFJlZ2lzdHJ5XFJlZ2lzdHJ5IjozOntzOjc6IgAqAGRhdGEiO086ODoic3RkQ2xhc3MiOjA6e31zOjE0OiIAKgBpbml0aWFsaXplZCI7YjowO3M6MTI6IgAqAHNlcGFyYXRvciI7czoxOiIuIjt9czo0OiJ1c2VyIjtPOjIwOiJKb29tbGFcQ01TXFVzZXJcVXNlciI6MTp7czoyOiJpZCI7aTowO319czoxNDoiACoAaW5pdGlhbGl6ZWQiO2I6MDtzOjEyOiIAKgBzZXBhcmF0b3IiO3M6MToiLiI7fQ==\";', 0, '');

-- --------------------------------------------------------

--
-- Table structure for table `cuod6_tags`
--

CREATE TABLE `cuod6_tags` (
  `id` int(10) UNSIGNED NOT NULL,
  `parent_id` int(10) UNSIGNED NOT NULL DEFAULT 0,
  `lft` int(11) NOT NULL DEFAULT 0,
  `rgt` int(11) NOT NULL DEFAULT 0,
  `level` int(10) UNSIGNED NOT NULL DEFAULT 0,
  `path` varchar(400) NOT NULL DEFAULT '',
  `title` varchar(255) NOT NULL,
  `alias` varchar(400) CHARACTER SET utf8mb4 COLLATE utf8mb4_bin NOT NULL DEFAULT '',
  `note` varchar(255) NOT NULL DEFAULT '',
  `description` mediumtext NOT NULL,
  `published` tinyint(4) NOT NULL DEFAULT 0,
  `checked_out` int(10) UNSIGNED DEFAULT NULL,
  `checked_out_time` datetime DEFAULT NULL,
  `access` int(10) UNSIGNED NOT NULL DEFAULT 0,
  `params` text NOT NULL,
  `metadesc` varchar(1024) NOT NULL COMMENT 'The meta description for the page.',
  `metakey` varchar(1024) NOT NULL DEFAULT '' COMMENT 'The keywords for the page.',
  `metadata` varchar(2048) NOT NULL COMMENT 'JSON encoded metadata properties.',
  `created_user_id` int(10) UNSIGNED NOT NULL DEFAULT 0,
  `created_time` datetime NOT NULL,
  `created_by_alias` varchar(255) NOT NULL DEFAULT '',
  `modified_user_id` int(10) UNSIGNED NOT NULL DEFAULT 0,
  `modified_time` datetime NOT NULL,
  `images` text NOT NULL,
  `urls` text NOT NULL,
  `hits` int(10) UNSIGNED NOT NULL DEFAULT 0,
  `language` char(7) NOT NULL,
  `version` int(10) UNSIGNED NOT NULL DEFAULT 1,
  `publish_up` datetime DEFAULT NULL,
  `publish_down` datetime DEFAULT NULL
) ENGINE=InnoDB DEFAULT CHARSET=utf8mb4 COLLATE=utf8mb4_unicode_ci;

--
-- Dumping data for table `cuod6_tags`
--

INSERT INTO `cuod6_tags` (`id`, `parent_id`, `lft`, `rgt`, `level`, `path`, `title`, `alias`, `note`, `description`, `published`, `checked_out`, `checked_out_time`, `access`, `params`, `metadesc`, `metakey`, `metadata`, `created_user_id`, `created_time`, `created_by_alias`, `modified_user_id`, `modified_time`, `images`, `urls`, `hits`, `language`, `version`, `publish_up`, `publish_down`) VALUES
(1, 0, 0, 1, 0, '', 'ROOT', 'root', '', '', 1, NULL, NULL, 1, '', '', '', '', 102, '2025-03-05 08:18:29', '', 102, '2025-03-05 08:18:29', '', '', 0, '*', 1, NULL, NULL);

-- --------------------------------------------------------

--
-- Table structure for table `cuod6_template_overrides`
--

CREATE TABLE `cuod6_template_overrides` (
  `id` int(10) UNSIGNED NOT NULL,
  `template` varchar(50) NOT NULL DEFAULT '',
  `hash_id` varchar(255) NOT NULL DEFAULT '',
  `extension_id` int(11) DEFAULT 0,
  `state` tinyint(4) NOT NULL DEFAULT 0,
  `action` varchar(50) NOT NULL DEFAULT '',
  `client_id` tinyint(3) UNSIGNED NOT NULL DEFAULT 0,
  `created_date` datetime NOT NULL,
  `modified_date` datetime DEFAULT NULL
) ENGINE=InnoDB DEFAULT CHARSET=utf8mb4 COLLATE=utf8mb4_unicode_ci;

-- --------------------------------------------------------

--
-- Table structure for table `cuod6_template_styles`
--

CREATE TABLE `cuod6_template_styles` (
  `id` int(10) UNSIGNED NOT NULL,
  `template` varchar(50) NOT NULL DEFAULT '',
  `client_id` tinyint(3) UNSIGNED NOT NULL DEFAULT 0,
  `home` char(7) NOT NULL DEFAULT '0',
  `title` varchar(255) NOT NULL DEFAULT '',
  `inheritable` tinyint(4) NOT NULL DEFAULT 0,
  `parent` varchar(50) DEFAULT '',
  `params` text NOT NULL
) ENGINE=InnoDB DEFAULT CHARSET=utf8mb4 COLLATE=utf8mb4_unicode_ci;

--
-- Dumping data for table `cuod6_template_styles`
--

INSERT INTO `cuod6_template_styles` (`id`, `template`, `client_id`, `home`, `title`, `inheritable`, `parent`, `params`) VALUES
(10, 'atum', 1, '1', 'Atum - Default', 1, '', '{\"hue\":\"hsl(214, 63%, 20%)\",\"bg-light\":\"#f0f4fb\",\"text-dark\":\"#495057\",\"text-light\":\"#ffffff\",\"link-color\":\"#2a69b8\",\"link-color-dark\":\"#6fbfdb\",\"special-color\":\"#001b4c\",\"monochrome\":\"0\",\"colorScheme\":\"os\",\"loginLogo\":\"images\\/black-dog-logo.png#joomlaImage:\\/\\/local-images\\/black-dog-logo.png?width=120&height=120\",\"loginLogoAlt\":\"\",\"logoBrandLarge\":\"images\\/black-dog-logo.png#joomlaImage:\\/\\/local-images\\/black-dog-logo.png?width=120&height=120\",\"logoBrandLargeAlt\":\"\",\"logoBrandSmall\":\"images\\/black-dog-logo.png#joomlaImage:\\/\\/local-images\\/black-dog-logo.png?width=120&height=120\",\"logoBrandSmallAlt\":\"\"}'),
(11, 'cassiopeia', 0, '0', 'Cassiopeia - Default', 1, '', '{\"brand\":\"1\",\"logoFile\":\"\",\"siteTitle\":\"\",\"siteDescription\":\"\",\"useFontScheme\":\"0\",\"colorName\":\"colors_standard\",\"fluidContainer\":\"0\",\"stickyHeader\":0,\"backTop\":0}'),
(12, 'cassiopeia_blackdog', 0, '1', 'cassiopeia_blackdog - Default', 0, 'cassiopeia', '{\"brand\":\"0\",\"logoFile\":\"\",\"siteTitle\":\"\",\"siteDescription\":\"\",\"useFontScheme\":\"0\",\"systemFontBody\":\"\",\"systemFontHeading\":\"\",\"colorName\":\"colors_standard\",\"fluidContainer\":\"0\",\"stickyHeader\":1,\"backTop\":0}');

-- --------------------------------------------------------

--
-- Table structure for table `cuod6_tuf_metadata`
--

CREATE TABLE `cuod6_tuf_metadata` (
  `id` int(11) NOT NULL,
  `update_site_id` int(11) DEFAULT 0,
  `root` text DEFAULT NULL,
  `targets` text DEFAULT NULL,
  `snapshot` text DEFAULT NULL,
  `timestamp` text DEFAULT NULL,
  `mirrors` text DEFAULT NULL
) ENGINE=InnoDB DEFAULT CHARSET=utf8mb4 COLLATE=utf8mb4_unicode_ci COMMENT='Secure TUF Updates';

--
-- Dumping data for table `cuod6_tuf_metadata`
--

INSERT INTO `cuod6_tuf_metadata` (`id`, `update_site_id`, `root`, `targets`, `snapshot`, `timestamp`, `mirrors`) VALUES
(1, 1, '{\"signed\":{\"_type\":\"root\",\"spec_version\":\"1.0\",\"version\":6,\"expires\":\"2026-01-04T10:59:13Z\",\"keys\":{\"07eb082f367c034a95878687f6648aa76d93652b6ee73e58817053d89af6c44f\":{\"keytype\":\"ed25519\",\"scheme\":\"ed25519\",\"keyid_hash_algorithms\":[\"sha256\",\"sha512\"],\"keyval\":{\"public\":\"9b2af2d9b9727227735253d795bd27ea8f0e294a5f3603e822dc5052b44802b9\"}},\"1b1b1dd55b2c1c7258714cf1c1ae06f23e4607b28c762d016a9d81c48ffe5669\":{\"keytype\":\"ed25519\",\"scheme\":\"ed25519\",\"keyid_hash_algorithms\":[\"sha256\",\"sha512\"],\"keyval\":{\"public\":\"a18e5ebabc19d5d5984b601a292ece61ba3662ab2d071dc520da5bd4f8948799\"}},\"2dcaf3d0e552f150792f7c636d45429246dcfa34ac35b46a44f5c87cd17d457e\":{\"keytype\":\"ed25519\",\"scheme\":\"ed25519\",\"keyid_hash_algorithms\":[\"sha256\",\"sha512\"],\"keyval\":{\"public\":\"cb0a7a131961a20edea051d6dc2b091fb650bd399bd8514adb67b3c60db9f8f9\"}},\"31dd7c7290d664c9b88c0dead2697175293ea7df81b7f24153a37370fd3901c3\":{\"keytype\":\"ed25519\",\"scheme\":\"ed25519\",\"keyid_hash_algorithms\":[\"sha256\",\"sha512\"],\"keyval\":{\"public\":\"589d029a68b470deff1ca16dbf3eea6b5b3fcba0ae7bb52c468abc7fb058b2a2\"}},\"9e41a9d62d94c6a1c8a304f62c5bd72d84a9f286f27e8327cedeacb09e5156cc\":{\"keytype\":\"ed25519\",\"scheme\":\"ed25519\",\"keyid_hash_algorithms\":[\"sha256\",\"sha512\"],\"keyval\":{\"public\":\"6043c8bacc76ac5c9750f45454dd865c6ca1fc57d69e14cc192cfd420f6a66a9\"}},\"9eabc37383b243cd236375c66693db385911914b52556e1ec05fc70ed45e1bfe\":{\"keytype\":\"ed25519\",\"scheme\":\"ed25519\",\"keyid_hash_algorithms\":[\"sha256\",\"sha512\"],\"keyval\":{\"public\":\"a4b8509488f1c29ab0b1f610e7452fbec78b4f33f1fba5a418d6ff087c567429\"}},\"bfee044dd4574a281c9b7c0b6829913ef292c66c0512d1091a298cfca8493da9\":{\"keytype\":\"ed25519\",\"scheme\":\"ed25519\",\"keyid_hash_algorithms\":[\"sha256\",\"sha512\"],\"keyval\":{\"public\":\"6eb44460e5914e8e0df726ddb90bd1f3771b8ce5af19b40fb01ac5a85b023a6f\"}},\"e2229942b0fc1e6d7f82adf258e5bdadac10046d1470b7ec459c9eb4e076026b\":{\"keytype\":\"ed25519\",\"scheme\":\"ed25519\",\"keyid_hash_algorithms\":[\"sha256\",\"sha512\"],\"keyval\":{\"public\":\"ad1950e117b29ebe7a38635a2e574123e07571e4f9a011783e053b5f15d2562a\"}},\"ecc851a051c8d6439331ff0a37c7727321fc39896a34f950f73638b8a7cb472e\":{\"keytype\":\"ed25519\",\"scheme\":\"ed25519\",\"keyid_hash_algorithms\":[\"sha256\",\"sha512\"],\"keyval\":{\"public\":\"5d451915bc2b93a0e4e4745bc6a8b292d58996d50e0fb66c78c7827152a65879\"}}},\"roles\":{\"root\":{\"keyids\":[\"1b1b1dd55b2c1c7258714cf1c1ae06f23e4607b28c762d016a9d81c48ffe5669\",\"2dcaf3d0e552f150792f7c636d45429246dcfa34ac35b46a44f5c87cd17d457e\"],\"threshold\":1},\"snapshot\":{\"keyids\":[\"07eb082f367c034a95878687f6648aa76d93652b6ee73e58817053d89af6c44f\",\"2dcaf3d0e552f150792f7c636d45429246dcfa34ac35b46a44f5c87cd17d457e\",\"ecc851a051c8d6439331ff0a37c7727321fc39896a34f950f73638b8a7cb472e\",\"e2229942b0fc1e6d7f82adf258e5bdadac10046d1470b7ec459c9eb4e076026b\",\"bfee044dd4574a281c9b7c0b6829913ef292c66c0512d1091a298cfca8493da9\",\"9eabc37383b243cd236375c66693db385911914b52556e1ec05fc70ed45e1bfe\"],\"threshold\":1},\"targets\":{\"keyids\":[\"31dd7c7290d664c9b88c0dead2697175293ea7df81b7f24153a37370fd3901c3\",\"ecc851a051c8d6439331ff0a37c7727321fc39896a34f950f73638b8a7cb472e\",\"e2229942b0fc1e6d7f82adf258e5bdadac10046d1470b7ec459c9eb4e076026b\",\"bfee044dd4574a281c9b7c0b6829913ef292c66c0512d1091a298cfca8493da9\",\"9eabc37383b243cd236375c66693db385911914b52556e1ec05fc70ed45e1bfe\"],\"threshold\":1},\"timestamp\":{\"keyids\":[\"9e41a9d62d94c6a1c8a304f62c5bd72d84a9f286f27e8327cedeacb09e5156cc\"],\"threshold\":1}},\"consistent_snapshot\":true},\"signatures\":[{\"keyid\":\"1b1b1dd55b2c1c7258714cf1c1ae06f23e4607b28c762d016a9d81c48ffe5669\",\"sig\":\"ba9fc6e7ff7a8b85d8c60eb0319e6be7a501aba26898ed1ad64db6726b5315f3f426fcf29e632f2cbdb83a888324a1a0963d3145e0a0b34803be4c6e20732d0d\"}]}', '{\"signed\":{\"_type\":\"targets\",\"spec_version\":\"1.0\",\"version\":46,\"expires\":\"2025-08-22T14:43:17Z\",\"targets\":{\"Joomla_5.1.2-Stable-Upgrade_Package.zip\":{\"length\":28134889,\"hashes\":{\"sha512\":\"d6b46cdedb9b31d01a607fe4c2f3a830a3265ed6ae5c0cb7b0f836b1b016ee7c639bd8948df00baf1b61a87f2fc71368a80b39e67ef9ec2b8842ee0ab09a620f\"},\"custom\":{\"client\":\"site\",\"description\":\"Joomla! 5.1.2 Release\",\"downloads\":[{\"url\":\"https://downloads.joomla.org/cms/joomla5/5-1-2/Joomla_5.1.2-Stable-Update_Package.zip\",\"format\":\"zip\",\"type\":\"full\"},{\"url\":\"https://github.com/joomla/joomla-cms/releases/download/5.1.2/Joomla_5.1.2-Stable-Update_Package.zip\",\"format\":\"zip\",\"type\":\"full\"},{\"url\":\"https://update.joomla.org/releases/5.1.2/Joomla_5.1.2-Stable-Update_Package.zip\",\"format\":\"zip\",\"type\":\"full\"}],\"element\":\"joomla\",\"infourl\":{\"url\":\"https://www.joomla.org/announcements/release-news/5909-joomla-5-1-2-and-joomla-4-4-6-security-and-bug-fix-release.html\",\"title\":\"Joomla! 5.1.2 Release\"},\"maintainer\":\"Joomla! Production Department\",\"maintainerurl\":\"https://www.joomla.org\",\"name\":\"Joomla! 5.1.2\",\"php_minimum\":\"8.1.0\",\"channel\":\"6.x\",\"stability\":\"Stable\",\"supported_databases\":{\"mariadb\":\"10.4\",\"mysql\":\"8.0.13\",\"postgresql\":\"11.0\"},\"targetplatform\":{\"name\":\"joomla\",\"version\":\"(5\\\\.[0-4])|^(4\\\\.4)\"},\"type\":\"file\",\"version\":\"5.1.2\"}},\"Joomla_5.2.6-Stable-Update_Package.zip\":{\"length\":28858320,\"hashes\":{\"sha512\":\"6a3d43d074e52d700c9c979f48707ac1cbcffb4a10a93b5b719250b131a0951a2202db6cc47875b702012a63db6a7df71d358b49d034b0bb28954ebdb009145c\"},\"custom\":{\"client\":\"site\",\"description\":\"Joomla! 5.2.6 Release\",\"downloads\":[{\"url\":\"https://downloads.joomla.org/cms/joomla5/5-2-6/Joomla_5.2.6-Stable-Update_Package.zip\",\"format\":\"zip\",\"type\":\"full\"},{\"url\":\"https://github.com/joomla/joomla-cms/releases/download/5.2.6/Joomla_5.2.6-Stable-Update_Package.zip\",\"format\":\"zip\",\"type\":\"full\"},{\"url\":\"https://update.joomla.org/releases/5.2.6/Joomla_5.2.6-Stable-Update_Package.zip\",\"format\":\"zip\",\"type\":\"full\"}],\"element\":\"joomla\",\"infourl\":{\"url\":\"https://www.joomla.org/announcements/release-news/5925-joomla-5-2-6-security-release.html\",\"title\":\"Joomla! 5.2.6 Release\"},\"maintainer\":\"Joomla! Production Department\",\"maintainerurl\":\"https://www.joomla.org\",\"name\":\"Joomla! 5.2.6\",\"php_minimum\":\"8.1.0\",\"channel\":\"5.x\",\"stability\":\"Stable\",\"supported_databases\":{\"mariadb\":\"10.4\",\"mysql\":\"8.0.13\",\"postgresql\":\"11.0\"},\"targetplatform\":{\"name\":\"joomla\",\"version\":\"(5\\\\.[0-4])|^(4\\\\.4)\"},\"type\":\"file\",\"version\":\"5.2.6\"}},\"Joomla_5.3.0-Stable-Update_Package.zip\":{\"length\":29094600,\"hashes\":{\"sha512\":\"6c97969b1d4c18cd64db20f49d82e4a5b8a32c563422a2b5608a5707d5425d1b7d9d3a344b2dc15f3b505e3bf198fabbbb1137cc93ced74c1de632139384efb0\"},\"custom\":{\"client\":\"site\",\"description\":\"Joomla! 5.3.0 Release\",\"downloads\":[{\"url\":\"https://downloads.joomla.org/cms/joomla5/5-3-0/Joomla_5.3.0-Stable-Update_Package.zip\",\"format\":\"zip\",\"type\":\"full\"},{\"url\":\"https://github.com/joomla/joomla-cms/releases/download/5.3.0/Joomla_5.3.0-Stable-Update_Package.zip\",\"format\":\"zip\",\"type\":\"full\"},{\"url\":\"https://update.joomla.org/releases/5.3.0/Joomla_5.3.0-Stable-Update_Package.zip\",\"format\":\"zip\",\"type\":\"full\"}],\"element\":\"joomla\",\"infourl\":{\"url\":\"https://www.joomla.org/announcements/release-news/5927-joomla-5-3-is-here.html\",\"title\":\"Joomla! 5.3.0 Release\"},\"maintainer\":\"Joomla! Production Department\",\"maintainerurl\":\"https://www.joomla.org\",\"name\":\"Joomla! 5.3.0\",\"php_minimum\":\"8.1.0\",\"channel\":\"5.x\",\"stability\":\"Stable\",\"supported_databases\":{\"mariadb\":\"10.4\",\"mysql\":\"8.0.13\",\"postgresql\":\"11.0\"},\"targetplatform\":{\"name\":\"joomla\",\"version\":\"(5\\\\.[0-4])|^(4\\\\.4)\"},\"type\":\"file\",\"version\":\"5.3.0\"}},\"Joomla_5.3.0-rc1-Release_Candidate-Update_Package.zip\":{\"length\":29060802,\"hashes\":{\"sha512\":\"498b052058fc0d4a28c8466d9db7fe8d97cbe4cf491d78cbab78d3aa66b888f30fb1fa71de1dfe26c0fd244c51dc8c7be6ba80750100ab6132eb57df444f2f53\"},\"custom\":{\"client\":\"site\",\"description\":\"Joomla! 5.3.0-rc1 Release\",\"downloads\":[{\"url\":\"https://github.com/joomla/joomla-cms/releases/download/5.3.0-rc1/Joomla_5.3.0-rc1-Release_Candidate-Update_Package.zip\",\"format\":\"zip\",\"type\":\"full\"}],\"element\":\"joomla\",\"infourl\":{\"url\":\"https://www.joomla.org/announcements/release-news/5923-joomla-5-3-0-release-candidate.html\",\"title\":\"Joomla! 5.3.0-rc1 Release\"},\"maintainer\":\"Joomla! Production Department\",\"maintainerurl\":\"https://www.joomla.org\",\"name\":\"Joomla! 5.3.0-rc1\",\"php_minimum\":\"8.1.0\",\"channel\":\"5.x\",\"stability\":\"RC\",\"supported_databases\":{\"mariadb\":\"10.4\",\"mysql\":\"8.0.13\",\"postgresql\":\"11.0\"},\"targetplatform\":{\"name\":\"joomla\",\"version\":\"(5\\\\.[0-4])|^(4\\\\.4)\"},\"type\":\"file\",\"version\":\"5.3.0-rc1\"}},\"Joomla_5.3.0-rc2-Release_Candidate-Update_Package.zip\":{\"length\":29075074,\"hashes\":{\"sha512\":\"9ecebc56f171d16ce65f9199393093201c2a34b02447dfed5703549821b21eec311da7cfdde899dd6dd9a3b823624901f351dd3c70ea7215e1b190480f30fbdb\"},\"custom\":{\"client\":\"site\",\"description\":\"Joomla! 5.3.0-rc2 Release Candidate\",\"downloads\":[{\"url\":\"https://github.com/joomla/joomla-cms/releases/download/5.3.0-rc2/Joomla_5.3.0-rc2-Release_Candidate-Update_Package.zip\",\"format\":\"zip\",\"type\":\"full\"}],\"element\":\"joomla\",\"infourl\":{\"url\":\"https://www.joomla.org/announcements/release-news/5924-joomla-5-3-0-release-candidate-2.html\",\"title\":\"Joomla! 5.3.0-rc2 Release Candidate\"},\"maintainer\":\"Joomla! Production Department\",\"maintainerurl\":\"https://www.joomla.org\",\"name\":\"Joomla! 5.3.0-rc2\",\"php_minimum\":\"8.1.0\",\"channel\":\"5.x\",\"stability\":\"RC\",\"supported_databases\":{\"mariadb\":\"10.4\",\"mysql\":\"8.0.13\",\"postgresql\":\"11.0\"},\"targetplatform\":{\"name\":\"joomla\",\"version\":\"(5\\\\.[0-4])|^(4\\\\.4)\"},\"type\":\"file\",\"version\":\"5.3.0-rc2\"}},\"Joomla_5.3.1-rc1-Release_Candidate-Update_Package.zip\":{\"length\":29295696,\"hashes\":{\"sha512\":\"bee8797b9cc641fd0e3ec228b5ed9de93b86ac1da481a2b75b43076b0c90975f3ffbcc5c6370f4f76ccccba68123a7fcf65f9c054287482a092930bb80e713d4\"},\"custom\":{\"client\":\"site\",\"description\":\"Joomla! 5.3.1-rc1 Release\",\"downloads\":[{\"url\":\"https://github.com/joomla/joomla-cms/releases/download/5.3.1-rc1/Joomla_5.3.1-rc1-Release_Candidate-Update_Package.zip\",\"format\":\"zip\",\"type\":\"full\"}],\"element\":\"joomla\",\"infourl\":{\"url\":\"https://github.com/joomla/joomla-cms/releases/tag/5.3.1-rc1\",\"title\":\"Joomla! 5.3.1-rc1 Release\"},\"maintainer\":\"Joomla! Production Department\",\"maintainerurl\":\"https://www.joomla.org\",\"name\":\"Joomla! 5.3.1-rc1\",\"php_minimum\":\"8.1.0\",\"channel\":\"5.x\",\"stability\":\"RC\",\"supported_databases\":{\"mariadb\":\"10.4\",\"mysql\":\"8.0.13\",\"postgresql\":\"11.0\"},\"targetplatform\":{\"name\":\"joomla\",\"version\":\"(5\\\\.[0-4])|^(4\\\\.4)\"},\"type\":\"file\",\"version\":\"5.3.1-rc1\"}}}},\"signatures\":[{\"keyid\":\"e2229942b0fc1e6d7f82adf258e5bdadac10046d1470b7ec459c9eb4e076026b\",\"sig\":\"cbb932f84cab3bb78a7483b3a34de749c220dbc0e6c94c99a7cbc9304fc203f28faf0ffe4e1a5c0ee255a15d5ecafdaab42651de8b2125932df2fed125a7010b\"}]}', '{\"signed\":{\"_type\":\"snapshot\",\"spec_version\":\"1.0\",\"version\":51,\"expires\":\"2025-12-18T14:45:48Z\",\"meta\":{\"targets.json\":{\"length\":6843,\"hashes\":{\"sha512\":\"69b953514110e23685780f60f990951eaa8640926b822f0010903c4ac1d22467868897c53353ecde6e36f606f1131fbd1fd335ce4d5e2a607d26f46d9ec032a0\"},\"version\":46}}},\"signatures\":[{\"keyid\":\"e2229942b0fc1e6d7f82adf258e5bdadac10046d1470b7ec459c9eb4e076026b\",\"sig\":\"742f540e88d7242403c4bb3f6c342b03ca4a30860a94e7aee924c4dd9bb81cedab5b8d4c8a8e641de76aecfaf5b86baef2e35cce94df7754e0b73b9c5178a10b\"}]}', '{\"signed\":{\"_type\":\"timestamp\",\"spec_version\":\"1.0\",\"version\":592,\"expires\":\"2025-05-28T01:24:43Z\",\"meta\":{\"snapshot.json\":{\"length\":531,\"hashes\":{\"sha512\":\"2c1ec34dc338f8cd9d22ae4830f4818d5a95740e2807b3ae16761fd34d8371b752e0f955804a72cc83888a4021d5b5ae64efc8e810ae6aec2909ee2de991b3f2\"},\"version\":51}}},\"signatures\":[{\"keyid\":\"9e41a9d62d94c6a1c8a304f62c5bd72d84a9f286f27e8327cedeacb09e5156cc\",\"sig\":\"6fddda43346e8acb71a44d7bd0da58d4b4f5896f203db278844cb981c4c5aadf72031b65166807e8ce17eaf40760df0284684b7bcb04195c7fbf08be367d110a\"}]}', NULL);

-- --------------------------------------------------------

--
-- Table structure for table `cuod6_ucm_base`
--

CREATE TABLE `cuod6_ucm_base` (
  `ucm_id` int(10) UNSIGNED NOT NULL,
  `ucm_item_id` int(11) NOT NULL,
  `ucm_type_id` int(11) NOT NULL,
  `ucm_language_id` int(11) NOT NULL
) ENGINE=InnoDB DEFAULT CHARSET=utf8mb4 COLLATE=utf8mb4_unicode_ci;

-- --------------------------------------------------------

--
-- Table structure for table `cuod6_ucm_content`
--

CREATE TABLE `cuod6_ucm_content` (
  `core_content_id` int(10) UNSIGNED NOT NULL,
  `core_type_alias` varchar(400) NOT NULL DEFAULT '' COMMENT 'FK to the content types table',
  `core_title` varchar(400) NOT NULL DEFAULT '',
  `core_alias` varchar(400) CHARACTER SET utf8mb4 COLLATE utf8mb4_bin NOT NULL DEFAULT '',
  `core_body` mediumtext DEFAULT NULL,
  `core_state` tinyint(4) NOT NULL DEFAULT 0,
  `core_checked_out_time` datetime DEFAULT NULL,
  `core_checked_out_user_id` int(10) UNSIGNED DEFAULT NULL,
  `core_access` int(10) UNSIGNED NOT NULL DEFAULT 0,
  `core_params` text DEFAULT NULL,
  `core_featured` tinyint(3) UNSIGNED NOT NULL DEFAULT 0,
  `core_metadata` varchar(2048) NOT NULL DEFAULT '' COMMENT 'JSON encoded metadata properties.',
  `core_created_user_id` int(10) UNSIGNED NOT NULL DEFAULT 0,
  `core_created_by_alias` varchar(255) NOT NULL DEFAULT '',
  `core_created_time` datetime NOT NULL,
  `core_modified_user_id` int(10) UNSIGNED NOT NULL DEFAULT 0 COMMENT 'Most recent user that modified',
  `core_modified_time` datetime NOT NULL,
  `core_language` char(7) NOT NULL DEFAULT '',
  `core_publish_up` datetime DEFAULT NULL,
  `core_publish_down` datetime DEFAULT NULL,
  `core_content_item_id` int(10) UNSIGNED NOT NULL DEFAULT 0 COMMENT 'ID from the individual type table',
  `asset_id` int(10) UNSIGNED NOT NULL DEFAULT 0 COMMENT 'FK to the #__assets table.',
  `core_images` text DEFAULT NULL,
  `core_urls` text DEFAULT NULL,
  `core_hits` int(10) UNSIGNED NOT NULL DEFAULT 0,
  `core_version` int(10) UNSIGNED NOT NULL DEFAULT 1,
  `core_ordering` int(11) NOT NULL DEFAULT 0,
  `core_metakey` text DEFAULT NULL,
  `core_metadesc` text DEFAULT NULL,
  `core_catid` int(10) UNSIGNED NOT NULL DEFAULT 0,
  `core_type_id` int(10) UNSIGNED NOT NULL DEFAULT 0
) ENGINE=InnoDB DEFAULT CHARSET=utf8mb4 COLLATE=utf8mb4_unicode_ci COMMENT='Contains core content data in name spaced fields';

-- --------------------------------------------------------

--
-- Table structure for table `cuod6_updates`
--

CREATE TABLE `cuod6_updates` (
  `update_id` int(11) NOT NULL,
  `update_site_id` int(11) DEFAULT 0,
  `extension_id` int(11) DEFAULT 0,
  `name` varchar(100) DEFAULT '',
  `description` text NOT NULL,
  `element` varchar(100) DEFAULT '',
  `type` varchar(20) DEFAULT '',
  `folder` varchar(20) DEFAULT '',
  `client_id` tinyint(4) DEFAULT 0,
  `version` varchar(32) DEFAULT '',
  `data` text NOT NULL,
  `detailsurl` text NOT NULL,
  `infourl` text NOT NULL,
  `changelogurl` text DEFAULT NULL,
  `extra_query` varchar(1000) DEFAULT ''
) ENGINE=InnoDB DEFAULT CHARSET=utf8mb4 COLLATE=utf8mb4_unicode_ci COMMENT='Available Updates';

--
-- Dumping data for table `cuod6_updates`
--

INSERT INTO `cuod6_updates` (`update_id`, `update_site_id`, `extension_id`, `name`, `description`, `element`, `type`, `folder`, `client_id`, `version`, `data`, `detailsurl`, `infourl`, `changelogurl`, `extra_query`) VALUES
(3292, 2, 0, 'Afrikaans', '', 'pkg_af-ZA', 'package', '', 0, '5.0.2.1', '', 'https://update.joomla.org/language/details5/af-ZA_details.xml', '', '', ''),
(3293, 2, 0, 'Belarusian', '', 'pkg_be-BY', 'package', '', 0, '5.3.0.1', '', 'https://update.joomla.org/language/details5/be-BY_details.xml', '', '', ''),
(3294, 2, 0, 'Bulgarian', '', 'pkg_bg-BG', 'package', '', 0, '5.3.1.2', '', 'https://update.joomla.org/language/details5/bg-BG_details.xml', '', '', ''),
(3295, 2, 0, 'Catalan', '', 'pkg_ca-ES', 'package', '', 0, '5.3.0.1', '', 'https://update.joomla.org/language/details5/ca-ES_details.xml', '', '', ''),
(3296, 2, 0, 'Chinese, Simplified', '', 'pkg_zh-CN', 'package', '', 0, '5.1.2.1', '', 'https://update.joomla.org/language/details5/zh-CN_details.xml', '', '', ''),
(3297, 2, 0, 'Chinese, Traditional', '', 'pkg_zh-TW', 'package', '', 0, '5.0.3.1', '', 'https://update.joomla.org/language/details5/zh-TW_details.xml', '', '', ''),
(3298, 2, 0, 'Croatian', '', 'pkg_hr-HR', 'package', '', 0, '5.2.1.1', '', 'https://update.joomla.org/language/details5/hr-HR_details.xml', '', '', ''),
(3299, 2, 0, 'Czech', '', 'pkg_cs-CZ', 'package', '', 0, '5.3.1.1', '', 'https://update.joomla.org/language/details5/cs-CZ_details.xml', '', '', ''),
(3300, 2, 0, 'Danish', '', 'pkg_da-DK', 'package', '', 0, '5.3.0.1', '', 'https://update.joomla.org/language/details5/da-DK_details.xml', '', '', ''),
(3301, 2, 0, 'Dutch', '', 'pkg_nl-NL', 'package', '', 0, '5.3.0.1', '', 'https://update.joomla.org/language/details5/nl-NL_details.xml', '', '', ''),
(3302, 2, 0, 'English, Australia', '', 'pkg_en-AU', 'package', '', 0, '5.3.0.1', '', 'https://update.joomla.org/language/details5/en-AU_details.xml', '', '', ''),
(3303, 2, 0, 'English, Canada', '', 'pkg_en-CA', 'package', '', 0, '5.3.0.1', '', 'https://update.joomla.org/language/details5/en-CA_details.xml', '', '', ''),
(3304, 2, 0, 'English, New Zealand', '', 'pkg_en-NZ', 'package', '', 0, '5.3.0.1', '', 'https://update.joomla.org/language/details5/en-NZ_details.xml', '', '', ''),
(3305, 2, 0, 'English, USA', '', 'pkg_en-US', 'package', '', 0, '5.3.0.1', '', 'https://update.joomla.org/language/details5/en-US_details.xml', '', '', ''),
(3306, 2, 0, 'Estonian', '', 'pkg_et-EE', 'package', '', 0, '5.2.5.1', '', 'https://update.joomla.org/language/details5/et-EE_details.xml', '', '', ''),
(3307, 2, 0, 'Finnish', '', 'pkg_fi-FI', 'package', '', 0, '5.3.0.1', '', 'https://update.joomla.org/language/details5/fi-FI_details.xml', '', '', ''),
(3308, 2, 0, 'Flemish', '', 'pkg_nl-BE', 'package', '', 0, '5.3.0.1', '', 'https://update.joomla.org/language/details5/nl-BE_details.xml', '', '', ''),
(3309, 2, 0, 'French', '', 'pkg_fr-FR', 'package', '', 0, '5.3.0.1', '', 'https://update.joomla.org/language/details5/fr-FR_details.xml', '', '', ''),
(3310, 2, 0, 'French, Canada', '', 'pkg_fr-CA', 'package', '', 0, '5.3.0.1', '', 'https://update.joomla.org/language/details5/fr-CA_details.xml', '', '', ''),
(3311, 2, 0, 'Georgian', '', 'pkg_ka-GE', 'package', '', 0, '5.3.0.1', '', 'https://update.joomla.org/language/details5/ka-GE_details.xml', '', '', ''),
(3312, 2, 0, 'German', '', 'pkg_de-DE', 'package', '', 0, '5.3.0.1', '', 'https://update.joomla.org/language/details5/de-DE_details.xml', '', '', ''),
(3313, 2, 0, 'German, Austria', '', 'pkg_de-AT', 'package', '', 0, '5.3.0.1', '', 'https://update.joomla.org/language/details5/de-AT_details.xml', '', '', ''),
(3314, 2, 0, 'German, Liechtenstein', '', 'pkg_de-LI', 'package', '', 0, '5.3.0.1', '', 'https://update.joomla.org/language/details5/de-LI_details.xml', '', '', ''),
(3315, 2, 0, 'German, Luxembourg', '', 'pkg_de-LU', 'package', '', 0, '5.3.0.1', '', 'https://update.joomla.org/language/details5/de-LU_details.xml', '', '', ''),
(3316, 2, 0, 'German, Switzerland', '', 'pkg_de-CH', 'package', '', 0, '5.3.0.1', '', 'https://update.joomla.org/language/details5/de-CH_details.xml', '', '', ''),
(3317, 2, 0, 'Greek', '', 'pkg_el-GR', 'package', '', 0, '5.3.0.1', '', 'https://update.joomla.org/language/details5/el-GR_details.xml', '', '', ''),
(3318, 2, 0, 'Hungarian', '', 'pkg_hu-HU', 'package', '', 0, '5.2.4.1', '', 'https://update.joomla.org/language/details5/hu-HU_details.xml', '', '', ''),
(3319, 2, 0, 'Italian', '', 'pkg_it-IT', 'package', '', 0, '5.3.0.1', '', 'https://update.joomla.org/language/details5/it-IT_details.xml', '', '', ''),
(3320, 2, 0, 'Japanese', '', 'pkg_ja-JP', 'package', '', 0, '5.3.0.1', '', 'https://update.joomla.org/language/details5/ja-JP_details.xml', '', '', ''),
(3321, 2, 0, 'Kazakh', '', 'pkg_kk-KZ', 'package', '', 0, '5.0.0.4', '', 'https://update.joomla.org/language/details5/kk-KZ_details.xml', '', '', ''),
(3322, 2, 0, 'Korean', '', 'pkg_ko-KR', 'package', '', 0, '5.0.2.1', '', 'https://update.joomla.org/language/details5/ko-KR_details.xml', '', '', ''),
(3323, 2, 0, 'Latvian', '', 'pkg_lv-LV', 'package', '', 0, '5.2.4.1', '', 'https://update.joomla.org/language/details5/lv-LV_details.xml', '', '', ''),
(3324, 2, 0, 'Lithuanian', '', 'pkg_lt-LT', 'package', '', 0, '5.3.0.1', '', 'https://update.joomla.org/language/details5/lt-LT_details.xml', '', '', ''),
(3325, 2, 0, 'Norwegian Bokmål', '', 'pkg_nb-NO', 'package', '', 0, '5.2.3.1', '', 'https://update.joomla.org/language/details5/nb-NO_details.xml', '', '', ''),
(3326, 2, 0, 'Pashto Afghanistan', '', 'pkg_ps-AF', 'package', '', 0, '5.0.1.1', '', 'https://update.joomla.org/language/details5/ps-AF_details.xml', '', '', ''),
(3327, 2, 0, 'Persian Farsi', '', 'pkg_fa-IR', 'package', '', 0, '5.3.0.1', '', 'https://update.joomla.org/language/details5/fa-IR_details.xml', '', '', ''),
(3328, 2, 0, 'Polish', '', 'pkg_pl-PL', 'package', '', 0, '5.2.4.1', '', 'https://update.joomla.org/language/details5/pl-PL_details.xml', '', '', ''),
(3329, 2, 0, 'Portuguese, Brazil', '', 'pkg_pt-BR', 'package', '', 0, '5.3.0.1', '', 'https://update.joomla.org/language/details5/pt-BR_details.xml', '', '', ''),
(3330, 2, 0, 'Portuguese, Portugal', '', 'pkg_pt-PT', 'package', '', 0, '5.2.2.1', '', 'https://update.joomla.org/language/details5/pt-PT_details.xml', '', '', ''),
(3331, 2, 0, 'Romanian', '', 'pkg_ro-RO', 'package', '', 0, '5.2.0.2', '', 'https://update.joomla.org/language/details5/ro-RO_details.xml', '', '', ''),
(3332, 2, 0, 'Russian', '', 'pkg_ru-RU', 'package', '', 0, '5.3.0.1', '', 'https://update.joomla.org/language/details5/ru-RU_details.xml', '', '', ''),
(3333, 2, 0, 'Serbian, Cyrillic', '', 'pkg_sr-RS', 'package', '', 0, '5.3.0.1', '', 'https://update.joomla.org/language/details5/sr-RS_details.xml', '', '', ''),
(3334, 2, 0, 'Serbian, Latin', '', 'pkg_sr-YU', 'package', '', 0, '5.2.3.1', '', 'https://update.joomla.org/language/details5/sr-YU_details.xml', '', '', ''),
(3335, 2, 0, 'Slovak', '', 'pkg_sk-SK', 'package', '', 0, '5.2.6.1', '', 'https://update.joomla.org/language/details5/sk-SK_details.xml', '', '', ''),
(3336, 2, 0, 'Slovenian', '', 'pkg_sl-SI', 'package', '', 0, '5.3.0.1', '', 'https://update.joomla.org/language/details5/sl-SI_details.xml', '', '', ''),
(3337, 2, 0, 'Spanish', '', 'pkg_es-ES', 'package', '', 0, '5.3.0.1', '', 'https://update.joomla.org/language/details5/es-ES_details.xml', '', '', ''),
(3338, 2, 0, 'Swedish', '', 'pkg_sv-SE', 'package', '', 0, '5.3.0.2', '', 'https://update.joomla.org/language/details5/sv-SE_details.xml', '', '', ''),
(3339, 2, 0, 'Tamil, India', '', 'pkg_ta-IN', 'package', '', 0, '5.3.0.1', '', 'https://update.joomla.org/language/details5/ta-IN_details.xml', '', '', ''),
(3340, 2, 0, 'Thai', '', 'pkg_th-TH', 'package', '', 0, '5.3.0.1', '', 'https://update.joomla.org/language/details5/th-TH_details.xml', '', '', ''),
(3341, 2, 0, 'Turkish', '', 'pkg_tr-TR', 'package', '', 0, '5.3.0.1', '', 'https://update.joomla.org/language/details5/tr-TR_details.xml', '', '', ''),
(3342, 2, 0, 'Ukrainian', '', 'pkg_uk-UA', 'package', '', 0, '5.1.3.1', '', 'https://update.joomla.org/language/details5/uk-UA_details.xml', '', '', ''),
(3343, 2, 0, 'Urdu, Pakistan', '', 'pkg_ur-PK', 'package', '', 0, '5.1.2.1', '', 'https://update.joomla.org/language/details5/ur-PK_details.xml', '', '', ''),
(3344, 2, 0, 'Welsh', '', 'pkg_cy-GB', 'package', '', 0, '5.3.0.2', '', 'https://update.joomla.org/language/details5/cy-GB_details.xml', '', '', ''),
(3345, 20, 254, 'ConstantContact 3.1.2', '', 'rsfpconstantcontact', 'plugin', 'system', 0, '3.1.2', '', 'https://www.rsjoomla.com/updates/com_rsform/Plugins/plg_constantcontact.xml', 'https://www.rsjoomla.com/support/documentation/rsform-pro/plugins-and-modules/rsformpro-constant-contact.html#changelog', NULL, ''),
(3346, 22, 255, 'Advanced Form Fields 3.1.9', '', 'rsfpadvancedformfields', 'plugin', 'system', 0, '3.1.9', '', 'https://www.rsjoomla.com/updates/plg_rsform_plugins/plg_rsfpadvancedformfields/plg_rsfpadvancedformfields.xml', 'https://www.rsjoomla.com/support/documentation/rsform-pro/plugins-and-modules/plugin-advanced-form-fields.html#changelog', NULL, ''),
(3347, 24, 246, 'RSForm! Pro 3.3.13', '', 'com_rsform', 'component', '', 1, '3.3.13', '', 'https://www.rsjoomla.com/updates/com_rsform/Component/com_rsform.xml', 'https://www.rsjoomla.com/support/documentation/rsform-pro/changelog/rsform-pro-changelog.html', NULL, ''),
(3348, 25, 257, 'EasyBlog', 'EasyBlog is a Joomla! blog extension that simplifies your day to day blogging experience with Joomla. Coupled with a powerful multiple bloggers platform.', 'com_easyblog', 'component', '', 1, '6.0.15', '', 'https://stackideas.com/jupdates/manifest/easyblog?apikey=4322849a60a54bb102375fe19817add0', 'https://stackideas.com/changelog/easyblog', NULL, ''),
(3349, 1, 240, 'Joomla! 5.3.0', 'Joomla! 5.3.0 Release', 'joomla', 'file', '', 0, '5.3.0', '', 'https://update.joomla.org/cms/', 'https://www.joomla.org/announcements/release-news/5927-joomla-5-3-is-here.html', NULL, '');

-- --------------------------------------------------------

--
-- Table structure for table `cuod6_update_sites`
--

CREATE TABLE `cuod6_update_sites` (
  `update_site_id` int(11) NOT NULL,
  `name` varchar(100) DEFAULT '',
  `type` varchar(20) DEFAULT '',
  `location` text NOT NULL,
  `enabled` int(11) DEFAULT 0,
  `last_check_timestamp` bigint(20) DEFAULT 0,
  `extra_query` varchar(1000) DEFAULT '',
  `checked_out` int(10) UNSIGNED DEFAULT NULL,
  `checked_out_time` datetime DEFAULT NULL
) ENGINE=InnoDB DEFAULT CHARSET=utf8mb4 COLLATE=utf8mb4_unicode_ci COMMENT='Update Sites';

--
-- Dumping data for table `cuod6_update_sites`
--

INSERT INTO `cuod6_update_sites` (`update_site_id`, `name`, `type`, `location`, `enabled`, `last_check_timestamp`, `extra_query`, `checked_out`, `checked_out_time`) VALUES
(1, 'Joomla! Core', 'tuf', 'https://update.joomla.org/cms/', 1, 1748264394, '', NULL, NULL),
(2, 'Accredited Joomla! Translations', 'collection', 'https://update.joomla.org/language/translationlist_5.xml', 1, 1748069526, '', NULL, NULL),
(3, 'Joomla! Update Component', 'extension', 'https://update.joomla.org/core/extensions/com_joomlaupdate.xml', 1, 1748069526, '', NULL, NULL),
(15, 'RSForm! Pro - Module', 'extension', 'https://www.rsjoomla.com/updates/com_rsform/Modules/mod_rsform.xml', 1, 1748069526, '', NULL, NULL),
(16, 'RSForm! Pro - Content Plugin', 'extension', 'https://www.rsjoomla.com/updates/com_rsform/Plugins/plg_content.xml', 1, 1748069526, '', NULL, NULL),
(17, 'RSForm! Pro - System Plugin', 'extension', 'https://www.rsjoomla.com/updates/com_rsform/Plugins/plg_rsform.xml', 0, 1746163884, '', NULL, NULL),
(18, 'RSForm! Pro - hCaptcha Plugin', 'extension', 'https://www.rsjoomla.com/updates/com_rsform/Plugins/plg_hcaptcha.xml', 1, 1748069527, '', NULL, NULL),
(19, 'StackIdeas Modules and Plugins', 'extension', 'https://stackideas.com/joomla4compat.xml', 1, 1748069527, '', NULL, NULL),
(20, 'RSForm! Pro - Constant Contact Plugin', 'extension', 'https://www.rsjoomla.com/updates/com_rsform/Plugins/plg_constantcontact.xml', 1, 1748069527, '', NULL, NULL),
(21, 'System - RSForm! Pro Delete Submissions', 'extension', 'https://www.rsjoomla.com/updates/com_rsform/Other/plg_rsformdeletesubmissions.xml', 1, 1748069528, '', NULL, NULL),
(22, 'RSForm! Pro - Advanced Form Fields', 'extension', 'https://www.rsjoomla.com/updates/plg_rsform_plugins/plg_rsfpadvancedformfields/plg_rsfpadvancedformfields.xml', 1, 1748069528, '', NULL, NULL),
(23, 'Installer - RSForm! Pro', 'extension', 'https://www.rsjoomla.com/updates/com_rsform/Other/plg_installer.xml', 1, 1748069528, '', NULL, NULL),
(24, 'RSForm! Pro', 'extension', 'https://www.rsjoomla.com/updates/com_rsform/Component/com_rsform.xml', 1, 1748069529, '', NULL, NULL),
(25, 'EasyBlog Update Site', 'extension', 'https://stackideas.com/jupdates/manifest/easyblog?apikey=4322849a60a54bb102375fe19817add0', 1, 1748069529, '', NULL, NULL),
(26, 'StackIdeas Toolbar Update Site', 'extension', 'https://stackideas.com/apps/updater/manifest?id=3466', 1, 1748069529, '', NULL, NULL);

-- --------------------------------------------------------

--
-- Table structure for table `cuod6_update_sites_extensions`
--

CREATE TABLE `cuod6_update_sites_extensions` (
  `update_site_id` int(11) NOT NULL DEFAULT 0,
  `extension_id` int(11) NOT NULL DEFAULT 0
) ENGINE=InnoDB DEFAULT CHARSET=utf8mb4 COLLATE=utf8mb4_unicode_ci COMMENT='Links extensions to update sites';

--
-- Dumping data for table `cuod6_update_sites_extensions`
--

INSERT INTO `cuod6_update_sites_extensions` (`update_site_id`, `extension_id`) VALUES
(1, 240),
(2, 241),
(3, 24),
(15, 251),
(16, 252),
(17, 253),
(18, 256),
(19, 258),
(19, 260),
(19, 262),
(19, 263),
(19, 264),
(19, 265),
(19, 266),
(19, 267),
(19, 268),
(19, 269),
(19, 270),
(19, 271),
(19, 272),
(19, 273),
(19, 274),
(19, 275),
(19, 276),
(19, 277),
(19, 278),
(19, 279),
(19, 280),
(19, 281),
(19, 282),
(19, 283),
(19, 284),
(19, 285),
(19, 286),
(19, 287),
(19, 288),
(19, 289),
(19, 290),
(19, 291),
(19, 292),
(19, 293),
(19, 294),
(19, 295),
(19, 296),
(19, 297),
(19, 298),
(19, 299),
(20, 254),
(21, 248),
(22, 255),
(23, 247),
(24, 246),
(25, 257),
(26, 262);

-- --------------------------------------------------------

--
-- Table structure for table `cuod6_usergroups`
--

CREATE TABLE `cuod6_usergroups` (
  `id` int(10) UNSIGNED NOT NULL COMMENT 'Primary Key',
  `parent_id` int(10) UNSIGNED NOT NULL DEFAULT 0 COMMENT 'Adjacency List Reference Id',
  `lft` int(11) NOT NULL DEFAULT 0 COMMENT 'Nested set lft.',
  `rgt` int(11) NOT NULL DEFAULT 0 COMMENT 'Nested set rgt.',
  `title` varchar(100) NOT NULL DEFAULT ''
) ENGINE=InnoDB DEFAULT CHARSET=utf8mb4 COLLATE=utf8mb4_unicode_ci;

--
-- Dumping data for table `cuod6_usergroups`
--

INSERT INTO `cuod6_usergroups` (`id`, `parent_id`, `lft`, `rgt`, `title`) VALUES
(1, 0, 1, 18, 'Public'),
(2, 1, 8, 15, 'Registered'),
(3, 2, 9, 14, 'Author'),
(4, 3, 10, 13, 'Editor'),
(5, 4, 11, 12, 'Publisher'),
(6, 1, 4, 7, 'Manager'),
(7, 6, 5, 6, 'Administrator'),
(8, 1, 16, 17, 'Super Users'),
(9, 1, 2, 3, 'Guest');

-- --------------------------------------------------------

--
-- Table structure for table `cuod6_users`
--

CREATE TABLE `cuod6_users` (
  `id` int(11) NOT NULL,
  `name` varchar(400) NOT NULL DEFAULT '',
  `username` varchar(150) NOT NULL DEFAULT '',
  `email` varchar(100) NOT NULL DEFAULT '',
  `password` varchar(100) NOT NULL DEFAULT '',
  `block` tinyint(4) NOT NULL DEFAULT 0,
  `sendEmail` tinyint(4) DEFAULT 0,
  `registerDate` datetime NOT NULL,
  `lastvisitDate` datetime DEFAULT NULL,
  `activation` varchar(100) NOT NULL DEFAULT '',
  `params` text NOT NULL,
  `lastResetTime` datetime DEFAULT NULL COMMENT 'Date of last password reset',
  `resetCount` int(11) NOT NULL DEFAULT 0 COMMENT 'Count of password resets since lastResetTime',
  `otpKey` varchar(1000) NOT NULL DEFAULT '' COMMENT 'Two factor authentication encrypted keys',
  `otep` varchar(1000) NOT NULL DEFAULT '' COMMENT 'Backup Codes',
  `requireReset` tinyint(4) NOT NULL DEFAULT 0 COMMENT 'Require user to reset password on next login',
  `authProvider` varchar(100) NOT NULL DEFAULT '' COMMENT 'Name of used authentication plugin'
) ENGINE=InnoDB DEFAULT CHARSET=utf8mb4 COLLATE=utf8mb4_unicode_ci;

--
-- Dumping data for table `cuod6_users`
--

INSERT INTO `cuod6_users` (`id`, `name`, `username`, `email`, `password`, `block`, `sendEmail`, `registerDate`, `lastvisitDate`, `activation`, `params`, `lastResetTime`, `resetCount`, `otpKey`, `otep`, `requireReset`, `authProvider`) VALUES
(102, 'admin', 'computerncadmin', 'team@blackdog.com', '$2y$10$y9os6jrYJ3Bof.It/ukVjO4GOr3dWUEcOk.g9q5DK9L4.BFe8AmP6', 0, 1, '2025-03-05 08:18:36', '2025-05-24 06:52:03', '0', '', NULL, 0, '', '', 0, '');

-- --------------------------------------------------------

--
-- Table structure for table `cuod6_user_keys`
--

CREATE TABLE `cuod6_user_keys` (
  `id` int(10) UNSIGNED NOT NULL,
  `user_id` varchar(150) NOT NULL,
  `token` varchar(255) NOT NULL,
  `series` varchar(191) NOT NULL,
  `time` varchar(200) NOT NULL,
  `uastring` varchar(255) NOT NULL
) ENGINE=InnoDB DEFAULT CHARSET=utf8mb4 COLLATE=utf8mb4_unicode_ci;

-- --------------------------------------------------------

--
-- Table structure for table `cuod6_user_mfa`
--

CREATE TABLE `cuod6_user_mfa` (
  `id` int(11) NOT NULL,
  `user_id` int(10) UNSIGNED NOT NULL,
  `title` varchar(255) NOT NULL DEFAULT '',
  `method` varchar(100) NOT NULL,
  `default` tinyint(4) NOT NULL DEFAULT 0,
  `options` mediumtext NOT NULL,
  `created_on` datetime NOT NULL,
  `last_used` datetime DEFAULT NULL,
  `tries` int(11) NOT NULL DEFAULT 0,
  `last_try` datetime DEFAULT NULL
) ENGINE=InnoDB DEFAULT CHARSET=utf8mb4 COLLATE=utf8mb4_unicode_ci COMMENT='Multi-factor Authentication settings';

-- --------------------------------------------------------

--
-- Table structure for table `cuod6_user_notes`
--

CREATE TABLE `cuod6_user_notes` (
  `id` int(10) UNSIGNED NOT NULL,
  `user_id` int(10) UNSIGNED NOT NULL DEFAULT 0,
  `catid` int(10) UNSIGNED NOT NULL DEFAULT 0,
  `subject` varchar(100) NOT NULL DEFAULT '',
  `body` text NOT NULL,
  `state` tinyint(4) NOT NULL DEFAULT 0,
  `checked_out` int(10) UNSIGNED DEFAULT NULL,
  `checked_out_time` datetime DEFAULT NULL,
  `created_user_id` int(10) UNSIGNED NOT NULL DEFAULT 0,
  `created_time` datetime NOT NULL,
  `modified_user_id` int(10) UNSIGNED NOT NULL DEFAULT 0,
  `modified_time` datetime NOT NULL,
  `review_time` datetime DEFAULT NULL,
  `publish_up` datetime DEFAULT NULL,
  `publish_down` datetime DEFAULT NULL
) ENGINE=InnoDB DEFAULT CHARSET=utf8mb4 COLLATE=utf8mb4_unicode_ci;

-- --------------------------------------------------------

--
-- Table structure for table `cuod6_user_profiles`
--

CREATE TABLE `cuod6_user_profiles` (
  `user_id` int(11) NOT NULL,
  `profile_key` varchar(100) NOT NULL,
  `profile_value` text NOT NULL,
  `ordering` int(11) NOT NULL DEFAULT 0
) ENGINE=InnoDB DEFAULT CHARSET=utf8mb4 COLLATE=utf8mb4_unicode_ci COMMENT='Simple user profile storage table';

--
-- Dumping data for table `cuod6_user_profiles`
--

INSERT INTO `cuod6_user_profiles` (`user_id`, `profile_key`, `profile_value`, `ordering`) VALUES
(102, 'guidedtour.id.12', '{\"state\":\"completed\"}', 0);

-- --------------------------------------------------------

--
-- Table structure for table `cuod6_user_usergroup_map`
--

CREATE TABLE `cuod6_user_usergroup_map` (
  `user_id` int(10) UNSIGNED NOT NULL DEFAULT 0 COMMENT 'Foreign Key to #__users.id',
  `group_id` int(10) UNSIGNED NOT NULL DEFAULT 0 COMMENT 'Foreign Key to #__usergroups.id'
) ENGINE=InnoDB DEFAULT CHARSET=utf8mb4 COLLATE=utf8mb4_unicode_ci;

--
-- Dumping data for table `cuod6_user_usergroup_map`
--

INSERT INTO `cuod6_user_usergroup_map` (`user_id`, `group_id`) VALUES
(102, 8);

-- --------------------------------------------------------

--
-- Table structure for table `cuod6_viewlevels`
--

CREATE TABLE `cuod6_viewlevels` (
  `id` int(10) UNSIGNED NOT NULL COMMENT 'Primary Key',
  `title` varchar(100) NOT NULL DEFAULT '',
  `ordering` int(11) NOT NULL DEFAULT 0,
  `rules` varchar(5120) NOT NULL COMMENT 'JSON encoded access control.'
) ENGINE=InnoDB DEFAULT CHARSET=utf8mb4 COLLATE=utf8mb4_unicode_ci;

--
-- Dumping data for table `cuod6_viewlevels`
--

INSERT INTO `cuod6_viewlevels` (`id`, `title`, `ordering`, `rules`) VALUES
(1, 'Public', 0, '[1]'),
(2, 'Registered', 2, '[6,2,8]'),
(3, 'Special', 3, '[6,3,8]'),
(5, 'Guest', 1, '[9]'),
(6, 'Super Users', 4, '[8]');

-- --------------------------------------------------------

--
-- Table structure for table `cuod6_webauthn_credentials`
--

CREATE TABLE `cuod6_webauthn_credentials` (
  `id` varchar(1000) NOT NULL COMMENT 'Credential ID',
  `user_id` varchar(128) NOT NULL COMMENT 'User handle',
  `label` varchar(190) NOT NULL COMMENT 'Human readable label',
  `credential` mediumtext NOT NULL COMMENT 'Credential source data, JSON format'
) ENGINE=InnoDB DEFAULT CHARSET=utf8mb4 COLLATE=utf8mb4_unicode_ci;

-- --------------------------------------------------------

--
-- Table structure for table `cuod6_workflows`
--

CREATE TABLE `cuod6_workflows` (
  `id` int(11) NOT NULL,
  `asset_id` int(11) DEFAULT 0,
  `published` tinyint(4) NOT NULL DEFAULT 0,
  `title` varchar(255) NOT NULL,
  `description` text NOT NULL,
  `extension` varchar(50) NOT NULL,
  `default` tinyint(4) NOT NULL DEFAULT 0,
  `ordering` int(11) NOT NULL DEFAULT 0,
  `created` datetime NOT NULL,
  `created_by` int(11) NOT NULL DEFAULT 0,
  `modified` datetime NOT NULL,
  `modified_by` int(11) NOT NULL DEFAULT 0,
  `checked_out_time` datetime DEFAULT NULL,
  `checked_out` int(10) UNSIGNED DEFAULT NULL
) ENGINE=InnoDB DEFAULT CHARSET=utf8mb4 COLLATE=utf8mb4_unicode_ci;

--
-- Dumping data for table `cuod6_workflows`
--

INSERT INTO `cuod6_workflows` (`id`, `asset_id`, `published`, `title`, `description`, `extension`, `default`, `ordering`, `created`, `created_by`, `modified`, `modified_by`, `checked_out_time`, `checked_out`) VALUES
(1, 56, 1, 'COM_WORKFLOW_BASIC_WORKFLOW', '', 'com_content.article', 1, 1, '2025-03-05 08:18:30', 102, '2025-03-05 08:18:30', 102, NULL, NULL);

-- --------------------------------------------------------

--
-- Table structure for table `cuod6_workflow_associations`
--

CREATE TABLE `cuod6_workflow_associations` (
  `item_id` int(11) NOT NULL DEFAULT 0 COMMENT 'Extension table id value',
  `stage_id` int(11) NOT NULL COMMENT 'Foreign Key to #__workflow_stages.id',
  `extension` varchar(50) NOT NULL
) ENGINE=InnoDB DEFAULT CHARSET=utf8mb4 COLLATE=utf8mb4_unicode_ci;

--
-- Dumping data for table `cuod6_workflow_associations`
--

INSERT INTO `cuod6_workflow_associations` (`item_id`, `stage_id`, `extension`) VALUES
(1, 1, 'com_content.article'),
(2, 1, 'com_content.article'),
(3, 1, 'com_content.article'),
(4, 1, 'com_content.article'),
(5, 1, 'com_content.article'),
(6, 1, 'com_content.article'),
(7, 1, 'com_content.article'),
(8, 1, 'com_content.article'),
(9, 1, 'com_content.article'),
(10, 1, 'com_content.article'),
(11, 1, 'com_content.article'),
(12, 1, 'com_content.article'),
(13, 1, 'com_content.article'),
(14, 1, 'com_content.article'),
(15, 1, 'com_content.article'),
(16, 1, 'com_content.article'),
(17, 1, 'com_content.article'),
(18, 1, 'com_content.article'),
(19, 1, 'com_content.article'),
(20, 1, 'com_content.article'),
(21, 1, 'com_content.article'),
(22, 1, 'com_content.article'),
(23, 1, 'com_content.article'),
(24, 1, 'com_content.article'),
(25, 1, 'com_content.article'),
(26, 1, 'com_content.article'),
(27, 1, 'com_content.article');

-- --------------------------------------------------------

--
-- Table structure for table `cuod6_workflow_stages`
--

CREATE TABLE `cuod6_workflow_stages` (
  `id` int(11) NOT NULL,
  `asset_id` int(11) DEFAULT 0,
  `ordering` int(11) NOT NULL DEFAULT 0,
  `workflow_id` int(11) NOT NULL,
  `published` tinyint(4) NOT NULL DEFAULT 0,
  `title` varchar(255) NOT NULL,
  `description` text NOT NULL,
  `default` tinyint(4) NOT NULL DEFAULT 0,
  `checked_out_time` datetime DEFAULT NULL,
  `checked_out` int(10) UNSIGNED DEFAULT NULL
) ENGINE=InnoDB DEFAULT CHARSET=utf8mb4 COLLATE=utf8mb4_unicode_ci;

--
-- Dumping data for table `cuod6_workflow_stages`
--

INSERT INTO `cuod6_workflow_stages` (`id`, `asset_id`, `ordering`, `workflow_id`, `published`, `title`, `description`, `default`, `checked_out_time`, `checked_out`) VALUES
(1, 57, 1, 1, 1, 'COM_WORKFLOW_BASIC_STAGE', '', 1, NULL, NULL);

-- --------------------------------------------------------

--
-- Table structure for table `cuod6_workflow_transitions`
--

CREATE TABLE `cuod6_workflow_transitions` (
  `id` int(11) NOT NULL,
  `asset_id` int(11) DEFAULT 0,
  `ordering` int(11) NOT NULL DEFAULT 0,
  `workflow_id` int(11) NOT NULL,
  `published` tinyint(4) NOT NULL DEFAULT 0,
  `title` varchar(255) NOT NULL,
  `description` text NOT NULL,
  `from_stage_id` int(11) NOT NULL,
  `to_stage_id` int(11) NOT NULL,
  `options` text NOT NULL,
  `checked_out_time` datetime DEFAULT NULL,
  `checked_out` int(10) UNSIGNED DEFAULT NULL
) ENGINE=InnoDB DEFAULT CHARSET=utf8mb4 COLLATE=utf8mb4_unicode_ci;

--
-- Dumping data for table `cuod6_workflow_transitions`
--

INSERT INTO `cuod6_workflow_transitions` (`id`, `asset_id`, `ordering`, `workflow_id`, `published`, `title`, `description`, `from_stage_id`, `to_stage_id`, `options`, `checked_out_time`, `checked_out`) VALUES
(1, 58, 1, 1, 1, 'UNPUBLISH', '', -1, 1, '{\"publishing\":\"0\"}', NULL, NULL),
(2, 59, 2, 1, 1, 'PUBLISH', '', -1, 1, '{\"publishing\":\"1\"}', NULL, NULL),
(3, 60, 3, 1, 1, 'TRASH', '', -1, 1, '{\"publishing\":\"-2\"}', NULL, NULL),
(4, 61, 4, 1, 1, 'ARCHIVE', '', -1, 1, '{\"publishing\":\"2\"}', NULL, NULL),
(5, 62, 5, 1, 1, 'FEATURE', '', -1, 1, '{\"featuring\":\"1\"}', NULL, NULL),
(6, 63, 6, 1, 1, 'UNFEATURE', '', -1, 1, '{\"featuring\":\"0\"}', NULL, NULL),
(7, 64, 7, 1, 1, 'PUBLISH_AND_FEATURE', '', -1, 1, '{\"publishing\":\"1\",\"featuring\":\"1\"}', NULL, NULL);

-- --------------------------------------------------------

--
-- Table structure for table `xsrs3_action_logs`
--

CREATE TABLE `xsrs3_action_logs` (
  `id` int(10) UNSIGNED NOT NULL,
  `message_language_key` varchar(255) NOT NULL DEFAULT '',
  `message` text NOT NULL,
  `log_date` datetime NOT NULL,
  `extension` varchar(50) NOT NULL DEFAULT '',
  `user_id` int(11) NOT NULL DEFAULT 0,
  `item_id` int(11) NOT NULL DEFAULT 0,
  `ip_address` varchar(40) NOT NULL DEFAULT '0.0.0.0'
) ENGINE=InnoDB DEFAULT CHARSET=utf8mb4 COLLATE=utf8mb4_unicode_ci;

--
-- Dumping data for table `xsrs3_action_logs`
--

INSERT INTO `xsrs3_action_logs` (`id`, `message_language_key`, `message`, `log_date`, `extension`, `user_id`, `item_id`, `ip_address`) VALUES
(1, 'PLG_ACTIONLOG_JOOMLA_USER_LOGGED_IN', '{\"action\":\"login\",\"userid\":503,\"username\":\"computerncadmin\",\"accountlink\":\"index.php?option=com_users&task=user.edit&id=503\",\"app\":\"PLG_ACTIONLOG_JOOMLA_APPLICATION_ADMINISTRATOR\"}', '2025-03-05 07:50:35', 'com_users', 503, 0, 'COM_ACTIONLOGS_DISABLED'),
(2, 'PLG_ACTIONLOG_JOOMLA_GUIDEDTOURS_TOURCOMPLETED', '{\"id\":12,\"title\":\"Welcome to Joomla!\",\"state\":\"completed\",\"step\":6,\"userid\":503,\"username\":\"computerncadmin\",\"accountlink\":\"index.php?option=com_users&task=user.edit&id=503\"}', '2025-03-05 07:50:46', 'com_guidedtours.state', 503, 12, 'COM_ACTIONLOGS_DISABLED'),
(3, 'PLG_ACTIONLOG_JOOMLA_EXTENSION_INSTALLED', '{\"action\":\"install\",\"type\":\"PLG_ACTIONLOG_JOOMLA_TYPE_TEMPLATE\",\"id\":245,\"name\":\"cassiopeia_blackdog\",\"extension_name\":\"cassiopeia_blackdog\",\"userid\":503,\"username\":\"computerncadmin\",\"accountlink\":\"index.php?option=com_users&task=user.edit&id=503\"}', '2025-03-05 07:51:51', 'com_templates', 503, 245, 'COM_ACTIONLOGS_DISABLED'),
(4, 'PLG_SYSTEM_ACTIONLOGS_CONTENT_UPDATED', '{\"action\":\"update\",\"type\":\"PLG_ACTIONLOG_JOOMLA_TYPE_STYLE\",\"id\":\"12\",\"title\":\"cassiopeia_blackdog - Default\",\"extension_name\":\"cassiopeia_blackdog - Default\",\"itemlink\":\"index.php?option=com_templates&task=style.edit&id=12\",\"userid\":503,\"username\":\"computerncadmin\",\"accountlink\":\"index.php?option=com_users&task=user.edit&id=503\"}', '2025-03-05 07:57:02', 'com_templates.style', 503, 12, 'COM_ACTIONLOGS_DISABLED'),
(5, 'PLG_SYSTEM_ACTIONLOGS_CONTENT_UNPUBLISHED', '{\"action\":\"unpublish\",\"type\":\"PLG_ACTIONLOG_JOOMLA_TYPE_MODULE\",\"id\":17,\"title\":\"Breadcrumbs\",\"itemlink\":\"index.php?option=com_modules&task=module.edit&id=17\",\"userid\":503,\"username\":\"computerncadmin\",\"accountlink\":\"index.php?option=com_users&task=user.edit&id=503\"}', '2025-03-05 08:08:13', 'com_modules.module', 503, 17, 'COM_ACTIONLOGS_DISABLED'),
(6, 'PLG_SYSTEM_ACTIONLOGS_CONTENT_UNPUBLISHED', '{\"action\":\"unpublish\",\"type\":\"PLG_ACTIONLOG_JOOMLA_TYPE_MODULE\",\"id\":1,\"title\":\"Main Menu\",\"itemlink\":\"index.php?option=com_modules&task=module.edit&id=1\",\"userid\":503,\"username\":\"computerncadmin\",\"accountlink\":\"index.php?option=com_users&task=user.edit&id=503\"}', '2025-03-05 08:08:13', 'com_modules.module', 503, 1, 'COM_ACTIONLOGS_DISABLED'),
(7, 'PLG_SYSTEM_ACTIONLOGS_CONTENT_UNPUBLISHED', '{\"action\":\"unpublish\",\"type\":\"PLG_ACTIONLOG_JOOMLA_TYPE_MODULE\",\"id\":16,\"title\":\"Login Form\",\"itemlink\":\"index.php?option=com_modules&task=module.edit&id=16\",\"userid\":503,\"username\":\"computerncadmin\",\"accountlink\":\"index.php?option=com_users&task=user.edit&id=503\"}', '2025-03-05 08:08:13', 'com_modules.module', 503, 16, 'COM_ACTIONLOGS_DISABLED'),
(8, 'PLG_SYSTEM_ACTIONLOGS_CONTENT_ADDED', '{\"action\":\"add\",\"type\":\"PLG_ACTIONLOG_JOOMLA_TYPE_MODULE\",\"id\":110,\"title\":\"top button\",\"extension_name\":\"top button\",\"itemlink\":\"index.php?option=com_modules&task=module.edit&id=110\",\"userid\":503,\"username\":\"computerncadmin\",\"accountlink\":\"index.php?option=com_users&task=user.edit&id=503\"}', '2025-03-05 08:09:26', 'com_modules.module', 503, 110, 'COM_ACTIONLOGS_DISABLED'),
(9, 'PLG_ACTIONLOG_JOOMLA_USER_CHECKIN', '{\"action\":\"checkin\",\"type\":\"PLG_ACTIONLOG_JOOMLA_TYPE_USER\",\"id\":503,\"title\":\"computerncadmin\",\"itemlink\":\"index.php?option=com_users&task=user.edit&id=503\",\"userid\":503,\"username\":\"computerncadmin\",\"accountlink\":\"index.php?option=com_users&task=user.edit&id=503\",\"table\":\"#__modules\"}', '2025-03-05 08:12:21', 'com_checkin', 503, 503, 'COM_ACTIONLOGS_DISABLED'),
(10, 'PLG_ACTIONLOG_JOOMLA_APPLICATION_CONFIG_UPDATED', '{\"action\":\"update\",\"type\":\"PLG_ACTIONLOG_JOOMLA_TYPE_APPLICATION_CONFIG\",\"extension_name\":\"com_config.application\",\"itemlink\":\"index.php?option=com_config\",\"userid\":503,\"username\":\"computerncadmin\",\"accountlink\":\"index.php?option=com_users&task=user.edit&id=503\"}', '2025-03-05 08:12:41', 'com_config.application', 503, 0, 'COM_ACTIONLOGS_DISABLED');

-- --------------------------------------------------------

--
-- Table structure for table `xsrs3_action_logs_extensions`
--

CREATE TABLE `xsrs3_action_logs_extensions` (
  `id` int(10) UNSIGNED NOT NULL,
  `extension` varchar(255) NOT NULL DEFAULT ''
) ENGINE=InnoDB DEFAULT CHARSET=utf8mb4 COLLATE=utf8mb4_unicode_ci;

--
-- Dumping data for table `xsrs3_action_logs_extensions`
--

INSERT INTO `xsrs3_action_logs_extensions` (`id`, `extension`) VALUES
(1, 'com_banners'),
(2, 'com_cache'),
(3, 'com_categories'),
(4, 'com_config'),
(5, 'com_contact'),
(6, 'com_content'),
(7, 'com_installer'),
(8, 'com_media'),
(9, 'com_menus'),
(10, 'com_messages'),
(11, 'com_modules'),
(12, 'com_newsfeeds'),
(13, 'com_plugins'),
(14, 'com_redirect'),
(15, 'com_tags'),
(16, 'com_templates'),
(17, 'com_users'),
(18, 'com_checkin'),
(19, 'com_scheduler'),
(20, 'com_fields'),
(21, 'com_guidedtours');

-- --------------------------------------------------------

--
-- Table structure for table `xsrs3_action_logs_users`
--

CREATE TABLE `xsrs3_action_logs_users` (
  `user_id` int(10) UNSIGNED NOT NULL,
  `notify` tinyint(3) UNSIGNED NOT NULL,
  `extensions` text NOT NULL
) ENGINE=InnoDB DEFAULT CHARSET=utf8mb4 COLLATE=utf8mb4_unicode_ci;

-- --------------------------------------------------------

--
-- Table structure for table `xsrs3_action_log_config`
--

CREATE TABLE `xsrs3_action_log_config` (
  `id` int(10) UNSIGNED NOT NULL,
  `type_title` varchar(255) NOT NULL DEFAULT '',
  `type_alias` varchar(255) NOT NULL DEFAULT '',
  `id_holder` varchar(255) DEFAULT NULL,
  `title_holder` varchar(255) DEFAULT NULL,
  `table_name` varchar(255) DEFAULT NULL,
  `text_prefix` varchar(255) DEFAULT NULL
) ENGINE=InnoDB DEFAULT CHARSET=utf8mb4 COLLATE=utf8mb4_unicode_ci;

--
-- Dumping data for table `xsrs3_action_log_config`
--

INSERT INTO `xsrs3_action_log_config` (`id`, `type_title`, `type_alias`, `id_holder`, `title_holder`, `table_name`, `text_prefix`) VALUES
(1, 'article', 'com_content.article', 'id', 'title', '#__content', 'PLG_ACTIONLOG_JOOMLA'),
(2, 'article', 'com_content.form', 'id', 'title', '#__content', 'PLG_ACTIONLOG_JOOMLA'),
(3, 'banner', 'com_banners.banner', 'id', 'name', '#__banners', 'PLG_ACTIONLOG_JOOMLA'),
(4, 'user_note', 'com_users.note', 'id', 'subject', '#__user_notes', 'PLG_ACTIONLOG_JOOMLA'),
(5, 'media', 'com_media.file', '', 'name', '', 'PLG_ACTIONLOG_JOOMLA'),
(6, 'category', 'com_categories.category', 'id', 'title', '#__categories', 'PLG_ACTIONLOG_JOOMLA'),
(7, 'menu', 'com_menus.menu', 'id', 'title', '#__menu_types', 'PLG_ACTIONLOG_JOOMLA'),
(8, 'menu_item', 'com_menus.item', 'id', 'title', '#__menu', 'PLG_ACTIONLOG_JOOMLA'),
(9, 'newsfeed', 'com_newsfeeds.newsfeed', 'id', 'name', '#__newsfeeds', 'PLG_ACTIONLOG_JOOMLA'),
(10, 'link', 'com_redirect.link', 'id', 'old_url', '#__redirect_links', 'PLG_ACTIONLOG_JOOMLA'),
(11, 'tag', 'com_tags.tag', 'id', 'title', '#__tags', 'PLG_ACTIONLOG_JOOMLA'),
(12, 'style', 'com_templates.style', 'id', 'title', '#__template_styles', 'PLG_ACTIONLOG_JOOMLA'),
(13, 'plugin', 'com_plugins.plugin', 'extension_id', 'name', '#__extensions', 'PLG_ACTIONLOG_JOOMLA'),
(14, 'component_config', 'com_config.component', 'extension_id', 'name', '', 'PLG_ACTIONLOG_JOOMLA'),
(15, 'contact', 'com_contact.contact', 'id', 'name', '#__contact_details', 'PLG_ACTIONLOG_JOOMLA'),
(16, 'module', 'com_modules.module', 'id', 'title', '#__modules', 'PLG_ACTIONLOG_JOOMLA'),
(17, 'access_level', 'com_users.level', 'id', 'title', '#__viewlevels', 'PLG_ACTIONLOG_JOOMLA'),
(18, 'banner_client', 'com_banners.client', 'id', 'name', '#__banner_clients', 'PLG_ACTIONLOG_JOOMLA'),
(19, 'application_config', 'com_config.application', '', 'name', '', 'PLG_ACTIONLOG_JOOMLA'),
(20, 'task', 'com_scheduler.task', 'id', 'title', '#__scheduler_tasks', 'PLG_ACTIONLOG_JOOMLA'),
(21, 'field', 'com_fields.field', 'id', 'title', '#__fields', 'PLG_ACTIONLOG_JOOMLA'),
(22, 'guidedtour', 'com_guidedtours.state', 'id', 'title', '#__guidedtours', 'PLG_ACTIONLOG_JOOMLA');

-- --------------------------------------------------------

--
-- Table structure for table `xsrs3_assets`
--

CREATE TABLE `xsrs3_assets` (
  `id` int(10) UNSIGNED NOT NULL COMMENT 'Primary Key',
  `parent_id` int(11) NOT NULL DEFAULT 0 COMMENT 'Nested set parent.',
  `lft` int(11) NOT NULL DEFAULT 0 COMMENT 'Nested set lft.',
  `rgt` int(11) NOT NULL DEFAULT 0 COMMENT 'Nested set rgt.',
  `level` int(10) UNSIGNED NOT NULL COMMENT 'The cached level in the nested tree.',
  `name` varchar(50) NOT NULL COMMENT 'The unique name for the asset.',
  `title` varchar(100) NOT NULL COMMENT 'The descriptive title for the asset.',
  `rules` varchar(5120) NOT NULL COMMENT 'JSON encoded access control.'
) ENGINE=InnoDB DEFAULT CHARSET=utf8mb4 COLLATE=utf8mb4_unicode_ci;

--
-- Dumping data for table `xsrs3_assets`
--

INSERT INTO `xsrs3_assets` (`id`, `parent_id`, `lft`, `rgt`, `level`, `name`, `title`, `rules`) VALUES
(1, 0, 0, 185, 0, 'root.1', 'Root Asset', '{\"core.login.site\":{\"6\":1,\"2\":1},\"core.login.admin\":{\"6\":1},\"core.login.api\":{\"8\":1},\"core.login.offline\":{\"6\":1},\"core.admin\":{\"8\":1},\"core.manage\":{\"7\":1},\"core.create\":{\"6\":1,\"3\":1},\"core.delete\":{\"6\":1},\"core.edit\":{\"6\":1,\"4\":1},\"core.edit.state\":{\"6\":1,\"5\":1},\"core.edit.own\":{\"6\":1,\"3\":1}}'),
(2, 1, 1, 2, 1, 'com_admin', 'com_admin', '{}'),
(3, 1, 3, 6, 1, 'com_banners', 'com_banners', '{\"core.admin\":{\"7\":1},\"core.manage\":{\"6\":1}}'),
(4, 1, 7, 8, 1, 'com_cache', 'com_cache', '{\"core.admin\":{\"7\":1},\"core.manage\":{\"7\":1}}'),
(5, 1, 9, 10, 1, 'com_checkin', 'com_checkin', '{\"core.admin\":{\"7\":1},\"core.manage\":{\"7\":1}}'),
(6, 1, 11, 12, 1, 'com_config', 'com_config', '{}'),
(7, 1, 13, 16, 1, 'com_contact', 'com_contact', '{\"core.admin\":{\"7\":1},\"core.manage\":{\"6\":1}}'),
(8, 1, 17, 38, 1, 'com_content', 'com_content', '{\"core.admin\":{\"7\":1},\"core.manage\":{\"6\":1},\"core.create\":{\"3\":1},\"core.edit\":{\"4\":1},\"core.edit.state\":{\"5\":1},\"core.execute.transition\":{\"6\":1,\"5\":1}}'),
(9, 1, 39, 40, 1, 'com_cpanel', 'com_cpanel', '{}'),
(10, 1, 41, 42, 1, 'com_installer', 'com_installer', '{\"core.manage\":{\"7\":0},\"core.delete\":{\"7\":0},\"core.edit.state\":{\"7\":0}}'),
(11, 1, 43, 46, 1, 'com_languages', 'com_languages', '{\"core.admin\":{\"7\":1}}'),
(12, 11, 44, 45, 2, 'com_languages.language.1', 'English (en-GB)', '{}'),
(13, 1, 47, 48, 1, 'com_login', 'com_login', '{}'),
(14, 1, 49, 50, 1, 'com_mails', 'com_mails', '{}'),
(15, 1, 51, 52, 1, 'com_media', 'com_media', '{\"core.admin\":{\"7\":1},\"core.manage\":{\"6\":1},\"core.create\":{\"3\":1},\"core.delete\":{\"5\":1}}'),
(16, 1, 53, 56, 1, 'com_menus', 'com_menus', '{\"core.admin\":{\"7\":1}}'),
(17, 1, 57, 58, 1, 'com_messages', 'com_messages', '{\"core.admin\":{\"7\":1},\"core.manage\":{\"7\":1}}'),
(18, 1, 59, 134, 1, 'com_modules', 'com_modules', '{\"core.admin\":{\"7\":1}}'),
(19, 1, 135, 138, 1, 'com_newsfeeds', 'com_newsfeeds', '{\"core.admin\":{\"7\":1},\"core.manage\":{\"6\":1}}'),
(20, 1, 139, 140, 1, 'com_plugins', 'com_plugins', '{\"core.admin\":{\"7\":1}}'),
(21, 1, 141, 142, 1, 'com_redirect', 'com_redirect', '{\"core.admin\":{\"7\":1}}'),
(23, 1, 143, 144, 1, 'com_templates', 'com_templates', '{\"core.admin\":{\"7\":1}}'),
(24, 1, 149, 152, 1, 'com_users', 'com_users', '{\"core.admin\":{\"7\":1}}'),
(26, 1, 153, 154, 1, 'com_wrapper', 'com_wrapper', '{}'),
(27, 8, 18, 19, 2, 'com_content.category.2', 'Uncategorised', '{}'),
(28, 3, 4, 5, 2, 'com_banners.category.3', 'Uncategorised', '{}'),
(29, 7, 14, 15, 2, 'com_contact.category.4', 'Uncategorised', '{}'),
(30, 19, 136, 137, 2, 'com_newsfeeds.category.5', 'Uncategorised', '{}'),
(32, 24, 150, 151, 2, 'com_users.category.7', 'Uncategorised', '{}'),
(33, 1, 155, 156, 1, 'com_finder', 'com_finder', '{\"core.admin\":{\"7\":1},\"core.manage\":{\"6\":1}}'),
(34, 1, 157, 158, 1, 'com_joomlaupdate', 'com_joomlaupdate', '{}'),
(35, 1, 159, 160, 1, 'com_tags', 'com_tags', '{}'),
(36, 1, 161, 162, 1, 'com_contenthistory', 'com_contenthistory', '{}'),
(37, 1, 163, 164, 1, 'com_ajax', 'com_ajax', '{}'),
(38, 1, 165, 166, 1, 'com_postinstall', 'com_postinstall', '{}'),
(39, 18, 60, 61, 2, 'com_modules.module.1', 'Main Menu', '{}'),
(40, 18, 62, 63, 2, 'com_modules.module.2', 'Login', '{}'),
(41, 18, 64, 65, 2, 'com_modules.module.3', 'Popular Articles', '{}'),
(42, 18, 66, 67, 2, 'com_modules.module.4', 'Recently Added Articles', '{}'),
(43, 18, 68, 69, 2, 'com_modules.module.8', 'Toolbar', '{}'),
(44, 18, 70, 71, 2, 'com_modules.module.9', 'Notifications', '{}'),
(45, 18, 72, 73, 2, 'com_modules.module.10', 'Logged-in Users', '{}'),
(46, 18, 74, 75, 2, 'com_modules.module.12', 'Admin Menu', '{}'),
(49, 18, 80, 81, 2, 'com_modules.module.15', 'Title', '{}'),
(50, 18, 82, 83, 2, 'com_modules.module.16', 'Login Form', '{}'),
(51, 18, 84, 85, 2, 'com_modules.module.17', 'Breadcrumbs', '{}'),
(52, 18, 86, 87, 2, 'com_modules.module.79', 'Multilanguage status', '{}'),
(53, 18, 90, 91, 2, 'com_modules.module.86', 'Joomla Version', '{}'),
(54, 16, 54, 55, 2, 'com_menus.menu.1', 'Main Menu', '{}'),
(55, 18, 94, 95, 2, 'com_modules.module.87', 'Sample Data', '{}'),
(56, 8, 20, 37, 2, 'com_content.workflow.1', 'COM_WORKFLOW_BASIC_WORKFLOW', '{}'),
(57, 56, 21, 22, 3, 'com_content.stage.1', 'COM_WORKFLOW_BASIC_STAGE', '{}'),
(58, 56, 23, 24, 3, 'com_content.transition.1', 'UNPUBLISH', '{}'),
(59, 56, 25, 26, 3, 'com_content.transition.2', 'PUBLISH', '{}'),
(60, 56, 27, 28, 3, 'com_content.transition.3', 'TRASH', '{}'),
(61, 56, 29, 30, 3, 'com_content.transition.4', 'ARCHIVE', '{}'),
(62, 56, 31, 32, 3, 'com_content.transition.5', 'FEATURE', '{}'),
(63, 56, 33, 34, 3, 'com_content.transition.6', 'UNFEATURE', '{}'),
(64, 56, 35, 36, 3, 'com_content.transition.7', 'PUBLISH_AND_FEATURE', '{}'),
(65, 1, 145, 146, 1, 'com_privacy', 'com_privacy', '{}'),
(66, 1, 147, 148, 1, 'com_actionlogs', 'com_actionlogs', '{}'),
(67, 18, 76, 77, 2, 'com_modules.module.88', 'Latest Actions', '{}'),
(68, 18, 78, 79, 2, 'com_modules.module.89', 'Privacy Dashboard', '{}'),
(70, 18, 88, 89, 2, 'com_modules.module.103', 'Site', '{}'),
(71, 18, 92, 93, 2, 'com_modules.module.104', 'System', '{}'),
(72, 18, 96, 97, 2, 'com_modules.module.91', 'System Dashboard', '{}'),
(73, 18, 98, 99, 2, 'com_modules.module.92', 'Content Dashboard', '{}'),
(74, 18, 100, 101, 2, 'com_modules.module.93', 'Menus Dashboard', '{}'),
(75, 18, 102, 103, 2, 'com_modules.module.94', 'Components Dashboard', '{}'),
(76, 18, 104, 105, 2, 'com_modules.module.95', 'Users Dashboard', '{}'),
(77, 18, 106, 107, 2, 'com_modules.module.99', 'Frontend Link', '{}'),
(78, 18, 108, 109, 2, 'com_modules.module.100', 'Messages', '{}'),
(79, 18, 110, 111, 2, 'com_modules.module.101', 'Post Install Messages', '{}'),
(80, 18, 112, 113, 2, 'com_modules.module.102', 'User Status', '{}'),
(82, 18, 114, 115, 2, 'com_modules.module.105', '3rd Party', '{}'),
(83, 18, 116, 117, 2, 'com_modules.module.106', 'Help Dashboard', '{}'),
(84, 18, 118, 119, 2, 'com_modules.module.107', 'Privacy Requests', '{}'),
(85, 18, 120, 121, 2, 'com_modules.module.108', 'Privacy Status', '{}'),
(86, 18, 122, 123, 2, 'com_modules.module.96', 'Popular Articles', '{}'),
(87, 18, 124, 125, 2, 'com_modules.module.97', 'Recently Added Articles', '{}'),
(88, 18, 126, 127, 2, 'com_modules.module.98', 'Logged-in Users', '{}'),
(89, 18, 128, 129, 2, 'com_modules.module.90', 'Login Support', '{}'),
(90, 1, 167, 168, 1, 'com_scheduler', 'com_scheduler', '{}'),
(91, 1, 169, 170, 1, 'com_associations', 'com_associations', '{}'),
(92, 1, 171, 172, 1, 'com_categories', 'com_categories', '{}'),
(93, 1, 173, 174, 1, 'com_fields', 'com_fields', '{}'),
(94, 1, 175, 176, 1, 'com_workflow', 'com_workflow', '{}'),
(95, 1, 177, 178, 1, 'com_guidedtours', 'com_guidedtours', '{}'),
(96, 18, 130, 131, 2, 'com_modules.module.109', 'Guided Tours', '{}'),
(97, 1, 179, 180, 1, 'com_scheduler.task.1', 'com_scheduler.task.1', '{}'),
(98, 1, 181, 182, 1, 'com_scheduler.task.2', 'com_scheduler.task.2', '{}'),
(99, 1, 183, 184, 1, 'com_scheduler.task.3', 'com_scheduler.task.3', '{}'),
(100, 18, 132, 133, 2, 'com_modules.module.110', 'top button', '{}');

-- --------------------------------------------------------

--
-- Table structure for table `xsrs3_associations`
--

CREATE TABLE `xsrs3_associations` (
  `id` int(11) NOT NULL COMMENT 'A reference to the associated item.',
  `context` varchar(50) NOT NULL COMMENT 'The context of the associated item.',
  `key` char(32) NOT NULL COMMENT 'The key for the association computed from an md5 on associated ids.'
) ENGINE=InnoDB DEFAULT CHARSET=utf8mb4 COLLATE=utf8mb4_unicode_ci;

-- --------------------------------------------------------

--
-- Table structure for table `xsrs3_banners`
--

CREATE TABLE `xsrs3_banners` (
  `id` int(11) NOT NULL,
  `cid` int(11) NOT NULL DEFAULT 0,
  `type` int(11) NOT NULL DEFAULT 0,
  `name` varchar(255) NOT NULL DEFAULT '',
  `alias` varchar(400) CHARACTER SET utf8mb4 COLLATE utf8mb4_bin NOT NULL DEFAULT '',
  `imptotal` int(11) NOT NULL DEFAULT 0,
  `impmade` int(11) NOT NULL DEFAULT 0,
  `clicks` int(11) NOT NULL DEFAULT 0,
  `clickurl` varchar(2048) NOT NULL DEFAULT '',
  `state` tinyint(4) NOT NULL DEFAULT 0,
  `catid` int(10) UNSIGNED NOT NULL DEFAULT 0,
  `description` text NOT NULL,
  `custombannercode` varchar(2048) NOT NULL,
  `sticky` tinyint(3) UNSIGNED NOT NULL DEFAULT 0,
  `ordering` int(11) NOT NULL DEFAULT 0,
  `metakey` text DEFAULT NULL,
  `params` text NOT NULL,
  `own_prefix` tinyint(4) NOT NULL DEFAULT 0,
  `metakey_prefix` varchar(400) NOT NULL DEFAULT '',
  `purchase_type` tinyint(4) NOT NULL DEFAULT -1,
  `track_clicks` tinyint(4) NOT NULL DEFAULT -1,
  `track_impressions` tinyint(4) NOT NULL DEFAULT -1,
  `checked_out` int(10) UNSIGNED DEFAULT NULL,
  `checked_out_time` datetime DEFAULT NULL,
  `publish_up` datetime DEFAULT NULL,
  `publish_down` datetime DEFAULT NULL,
  `reset` datetime DEFAULT NULL,
  `created` datetime NOT NULL,
  `language` char(7) NOT NULL DEFAULT '',
  `created_by` int(10) UNSIGNED NOT NULL DEFAULT 0,
  `created_by_alias` varchar(255) NOT NULL DEFAULT '',
  `modified` datetime NOT NULL,
  `modified_by` int(10) UNSIGNED NOT NULL DEFAULT 0,
  `version` int(10) UNSIGNED NOT NULL DEFAULT 1
) ENGINE=InnoDB DEFAULT CHARSET=utf8mb4 COLLATE=utf8mb4_unicode_ci;

-- --------------------------------------------------------

--
-- Table structure for table `xsrs3_banner_clients`
--

CREATE TABLE `xsrs3_banner_clients` (
  `id` int(11) NOT NULL,
  `name` varchar(255) NOT NULL DEFAULT '',
  `contact` varchar(255) NOT NULL DEFAULT '',
  `email` varchar(255) NOT NULL DEFAULT '',
  `extrainfo` text NOT NULL,
  `state` tinyint(4) NOT NULL DEFAULT 0,
  `checked_out` int(10) UNSIGNED DEFAULT NULL,
  `checked_out_time` datetime DEFAULT NULL,
  `metakey` text DEFAULT NULL,
  `own_prefix` tinyint(4) NOT NULL DEFAULT 0,
  `metakey_prefix` varchar(400) NOT NULL DEFAULT '',
  `purchase_type` tinyint(4) NOT NULL DEFAULT -1,
  `track_clicks` tinyint(4) NOT NULL DEFAULT -1,
  `track_impressions` tinyint(4) NOT NULL DEFAULT -1
) ENGINE=InnoDB DEFAULT CHARSET=utf8mb4 COLLATE=utf8mb4_unicode_ci;

-- --------------------------------------------------------

--
-- Table structure for table `xsrs3_banner_tracks`
--

CREATE TABLE `xsrs3_banner_tracks` (
  `track_date` datetime NOT NULL,
  `track_type` int(10) UNSIGNED NOT NULL,
  `banner_id` int(10) UNSIGNED NOT NULL,
  `count` int(10) UNSIGNED NOT NULL DEFAULT 0
) ENGINE=InnoDB DEFAULT CHARSET=utf8mb4 COLLATE=utf8mb4_unicode_ci;

-- --------------------------------------------------------

--
-- Table structure for table `xsrs3_categories`
--

CREATE TABLE `xsrs3_categories` (
  `id` int(11) NOT NULL,
  `asset_id` int(10) UNSIGNED NOT NULL DEFAULT 0 COMMENT 'FK to the #__assets table.',
  `parent_id` int(10) UNSIGNED NOT NULL DEFAULT 0,
  `lft` int(11) NOT NULL DEFAULT 0,
  `rgt` int(11) NOT NULL DEFAULT 0,
  `level` int(10) UNSIGNED NOT NULL DEFAULT 0,
  `path` varchar(400) NOT NULL DEFAULT '',
  `extension` varchar(50) NOT NULL DEFAULT '',
  `title` varchar(255) NOT NULL DEFAULT '',
  `alias` varchar(400) CHARACTER SET utf8mb4 COLLATE utf8mb4_bin NOT NULL DEFAULT '',
  `note` varchar(255) NOT NULL DEFAULT '',
  `description` mediumtext DEFAULT NULL,
  `published` tinyint(4) NOT NULL DEFAULT 0,
  `checked_out` int(10) UNSIGNED DEFAULT NULL,
  `checked_out_time` datetime DEFAULT NULL,
  `access` int(10) UNSIGNED NOT NULL DEFAULT 0,
  `params` text DEFAULT NULL,
  `metadesc` varchar(1024) NOT NULL DEFAULT '' COMMENT 'The meta description for the page.',
  `metakey` varchar(1024) NOT NULL DEFAULT '' COMMENT 'The keywords for the page.',
  `metadata` varchar(2048) NOT NULL DEFAULT '' COMMENT 'JSON encoded metadata properties.',
  `created_user_id` int(10) UNSIGNED NOT NULL DEFAULT 0,
  `created_time` datetime NOT NULL,
  `modified_user_id` int(10) UNSIGNED NOT NULL DEFAULT 0,
  `modified_time` datetime NOT NULL,
  `hits` int(10) UNSIGNED NOT NULL DEFAULT 0,
  `language` char(7) NOT NULL DEFAULT '',
  `version` int(10) UNSIGNED NOT NULL DEFAULT 1
) ENGINE=InnoDB DEFAULT CHARSET=utf8mb4 COLLATE=utf8mb4_unicode_ci;

--
-- Dumping data for table `xsrs3_categories`
--

INSERT INTO `xsrs3_categories` (`id`, `asset_id`, `parent_id`, `lft`, `rgt`, `level`, `path`, `extension`, `title`, `alias`, `note`, `description`, `published`, `checked_out`, `checked_out_time`, `access`, `params`, `metadesc`, `metakey`, `metadata`, `created_user_id`, `created_time`, `modified_user_id`, `modified_time`, `hits`, `language`, `version`) VALUES
(1, 0, 0, 0, 11, 0, '', 'system', 'ROOT', 'root', '', '', 1, NULL, NULL, 1, '{}', '', '', '{}', 503, '2025-03-05 07:49:45', 503, '2025-03-05 07:49:45', 0, '*', 1),
(2, 27, 1, 1, 2, 1, 'uncategorised', 'com_content', 'Uncategorised', 'uncategorised', '', '', 1, NULL, NULL, 1, '{\"category_layout\":\"\",\"image\":\"\",\"workflow_id\":\"use_default\"}', '', '', '{\"author\":\"\",\"robots\":\"\"}', 503, '2025-03-05 07:49:45', 503, '2025-03-05 07:49:45', 0, '*', 1),
(3, 28, 1, 3, 4, 1, 'uncategorised', 'com_banners', 'Uncategorised', 'uncategorised', '', '', 1, NULL, NULL, 1, '{\"category_layout\":\"\",\"image\":\"\"}', '', '', '{\"author\":\"\",\"robots\":\"\"}', 503, '2025-03-05 07:49:45', 503, '2025-03-05 07:49:45', 0, '*', 1),
(4, 29, 1, 5, 6, 1, 'uncategorised', 'com_contact', 'Uncategorised', 'uncategorised', '', '', 1, NULL, NULL, 1, '{\"category_layout\":\"\",\"image\":\"\"}', '', '', '{\"author\":\"\",\"robots\":\"\"}', 503, '2025-03-05 07:49:45', 503, '2025-03-05 07:49:45', 0, '*', 1),
(5, 30, 1, 7, 8, 1, 'uncategorised', 'com_newsfeeds', 'Uncategorised', 'uncategorised', '', '', 1, NULL, NULL, 1, '{\"category_layout\":\"\",\"image\":\"\"}', '', '', '{\"author\":\"\",\"robots\":\"\"}', 503, '2025-03-05 07:49:45', 503, '2025-03-05 07:49:45', 0, '*', 1),
(7, 32, 1, 9, 10, 1, 'uncategorised', 'com_users', 'Uncategorised', 'uncategorised', '', '', 1, NULL, NULL, 1, '{\"category_layout\":\"\",\"image\":\"\"}', '', '', '{\"author\":\"\",\"robots\":\"\"}', 503, '2025-03-05 07:49:45', 503, '2025-03-05 07:49:45', 0, '*', 1);

-- --------------------------------------------------------

--
-- Table structure for table `xsrs3_contact_details`
--

CREATE TABLE `xsrs3_contact_details` (
  `id` int(11) NOT NULL,
  `name` varchar(255) NOT NULL,
  `alias` varchar(400) CHARACTER SET utf8mb4 COLLATE utf8mb4_bin NOT NULL,
  `con_position` varchar(255) DEFAULT NULL,
  `address` text DEFAULT NULL,
  `suburb` varchar(100) DEFAULT NULL,
  `state` varchar(100) DEFAULT NULL,
  `country` varchar(100) DEFAULT NULL,
  `postcode` varchar(100) DEFAULT NULL,
  `telephone` varchar(255) DEFAULT NULL,
  `fax` varchar(255) DEFAULT NULL,
  `misc` mediumtext DEFAULT NULL,
  `image` varchar(255) DEFAULT NULL,
  `email_to` varchar(255) DEFAULT NULL,
  `default_con` tinyint(3) UNSIGNED NOT NULL DEFAULT 0,
  `published` tinyint(4) NOT NULL DEFAULT 0,
  `checked_out` int(10) UNSIGNED DEFAULT NULL,
  `checked_out_time` datetime DEFAULT NULL,
  `ordering` int(11) NOT NULL DEFAULT 0,
  `params` text NOT NULL,
  `user_id` int(11) NOT NULL DEFAULT 0,
  `catid` int(11) NOT NULL DEFAULT 0,
  `access` int(10) UNSIGNED NOT NULL DEFAULT 0,
  `mobile` varchar(255) NOT NULL DEFAULT '',
  `webpage` varchar(255) NOT NULL DEFAULT '',
  `sortname1` varchar(255) NOT NULL DEFAULT '',
  `sortname2` varchar(255) NOT NULL DEFAULT '',
  `sortname3` varchar(255) NOT NULL DEFAULT '',
  `language` varchar(7) NOT NULL,
  `created` datetime NOT NULL,
  `created_by` int(10) UNSIGNED NOT NULL DEFAULT 0,
  `created_by_alias` varchar(255) NOT NULL DEFAULT '',
  `modified` datetime NOT NULL,
  `modified_by` int(10) UNSIGNED NOT NULL DEFAULT 0,
  `metakey` text DEFAULT NULL,
  `metadesc` text NOT NULL,
  `metadata` text NOT NULL,
  `featured` tinyint(3) UNSIGNED NOT NULL DEFAULT 0 COMMENT 'Set if contact is featured.',
  `publish_up` datetime DEFAULT NULL,
  `publish_down` datetime DEFAULT NULL,
  `version` int(10) UNSIGNED NOT NULL DEFAULT 1,
  `hits` int(10) UNSIGNED NOT NULL DEFAULT 0
) ENGINE=InnoDB DEFAULT CHARSET=utf8mb4 COLLATE=utf8mb4_unicode_ci;

-- --------------------------------------------------------

--
-- Table structure for table `xsrs3_content`
--

CREATE TABLE `xsrs3_content` (
  `id` int(10) UNSIGNED NOT NULL,
  `asset_id` int(10) UNSIGNED NOT NULL DEFAULT 0 COMMENT 'FK to the #__assets table.',
  `title` varchar(255) NOT NULL DEFAULT '',
  `alias` varchar(400) CHARACTER SET utf8mb4 COLLATE utf8mb4_bin NOT NULL DEFAULT '',
  `introtext` mediumtext NOT NULL,
  `fulltext` mediumtext NOT NULL,
  `state` tinyint(4) NOT NULL DEFAULT 0,
  `catid` int(10) UNSIGNED NOT NULL DEFAULT 0,
  `created` datetime NOT NULL,
  `created_by` int(10) UNSIGNED NOT NULL DEFAULT 0,
  `created_by_alias` varchar(255) NOT NULL DEFAULT '',
  `modified` datetime NOT NULL,
  `modified_by` int(10) UNSIGNED NOT NULL DEFAULT 0,
  `checked_out` int(10) UNSIGNED DEFAULT NULL,
  `checked_out_time` datetime DEFAULT NULL,
  `publish_up` datetime DEFAULT NULL,
  `publish_down` datetime DEFAULT NULL,
  `images` text NOT NULL,
  `urls` text NOT NULL,
  `attribs` varchar(5120) NOT NULL,
  `version` int(10) UNSIGNED NOT NULL DEFAULT 1,
  `ordering` int(11) NOT NULL DEFAULT 0,
  `metakey` text DEFAULT NULL,
  `metadesc` text NOT NULL,
  `access` int(10) UNSIGNED NOT NULL DEFAULT 0,
  `hits` int(10) UNSIGNED NOT NULL DEFAULT 0,
  `metadata` text NOT NULL,
  `featured` tinyint(3) UNSIGNED NOT NULL DEFAULT 0 COMMENT 'Set if article is featured.',
  `language` char(7) NOT NULL COMMENT 'The language code for the article.',
  `note` varchar(255) NOT NULL DEFAULT ''
) ENGINE=InnoDB DEFAULT CHARSET=utf8mb4 COLLATE=utf8mb4_unicode_ci;

-- --------------------------------------------------------

--
-- Table structure for table `xsrs3_contentitem_tag_map`
--

CREATE TABLE `xsrs3_contentitem_tag_map` (
  `type_alias` varchar(255) NOT NULL DEFAULT '',
  `core_content_id` int(10) UNSIGNED NOT NULL COMMENT 'PK from the core content table',
  `content_item_id` int(11) NOT NULL COMMENT 'PK from the content type table',
  `tag_id` int(10) UNSIGNED NOT NULL COMMENT 'PK from the tag table',
  `tag_date` timestamp NOT NULL DEFAULT current_timestamp() ON UPDATE current_timestamp() COMMENT 'Date of most recent save for this tag-item',
  `type_id` mediumint(9) NOT NULL COMMENT 'PK from the content_type table'
) ENGINE=InnoDB DEFAULT CHARSET=utf8mb4 COLLATE=utf8mb4_unicode_ci COMMENT='Maps items from content tables to tags';

-- --------------------------------------------------------

--
-- Table structure for table `xsrs3_content_frontpage`
--

CREATE TABLE `xsrs3_content_frontpage` (
  `content_id` int(11) NOT NULL DEFAULT 0,
  `ordering` int(11) NOT NULL DEFAULT 0,
  `featured_up` datetime DEFAULT NULL,
  `featured_down` datetime DEFAULT NULL
) ENGINE=InnoDB DEFAULT CHARSET=utf8mb4 COLLATE=utf8mb4_unicode_ci;

-- --------------------------------------------------------

--
-- Table structure for table `xsrs3_content_rating`
--

CREATE TABLE `xsrs3_content_rating` (
  `content_id` int(11) NOT NULL DEFAULT 0,
  `rating_sum` int(10) UNSIGNED NOT NULL DEFAULT 0,
  `rating_count` int(10) UNSIGNED NOT NULL DEFAULT 0,
  `lastip` varchar(50) NOT NULL DEFAULT ''
) ENGINE=InnoDB DEFAULT CHARSET=utf8mb4 COLLATE=utf8mb4_unicode_ci;

-- --------------------------------------------------------

--
-- Table structure for table `xsrs3_content_types`
--

CREATE TABLE `xsrs3_content_types` (
  `type_id` int(10) UNSIGNED NOT NULL,
  `type_title` varchar(255) NOT NULL DEFAULT '',
  `type_alias` varchar(400) NOT NULL DEFAULT '',
  `table` varchar(2048) NOT NULL DEFAULT '',
  `rules` text NOT NULL,
  `field_mappings` text NOT NULL,
  `router` varchar(255) NOT NULL DEFAULT '',
  `content_history_options` varchar(5120) DEFAULT NULL COMMENT 'JSON string for com_contenthistory options'
) ENGINE=InnoDB DEFAULT CHARSET=utf8mb4 COLLATE=utf8mb4_unicode_ci;

--
-- Dumping data for table `xsrs3_content_types`
--

INSERT INTO `xsrs3_content_types` (`type_id`, `type_title`, `type_alias`, `table`, `rules`, `field_mappings`, `router`, `content_history_options`) VALUES
(1, 'Article', 'com_content.article', '{\"special\":{\"dbtable\":\"#__content\",\"key\":\"id\",\"type\":\"ArticleTable\",\"prefix\":\"Joomla\\\\Component\\\\Content\\\\Administrator\\\\Table\\\\\",\"config\":\"array()\"},\"common\":{\"dbtable\":\"#__ucm_content\",\"key\":\"ucm_id\",\"type\":\"Corecontent\",\"prefix\":\"Joomla\\\\CMS\\\\Table\\\\\",\"config\":\"array()\"}}', '', '{\"common\":{\"core_content_item_id\":\"id\",\"core_title\":\"title\",\"core_state\":\"state\",\"core_alias\":\"alias\",\"core_created_time\":\"created\",\"core_modified_time\":\"modified\",\"core_body\":\"introtext\", \"core_hits\":\"hits\",\"core_publish_up\":\"publish_up\",\"core_publish_down\":\"publish_down\",\"core_access\":\"access\", \"core_params\":\"attribs\", \"core_featured\":\"featured\", \"core_metadata\":\"metadata\", \"core_language\":\"language\", \"core_images\":\"images\", \"core_urls\":\"urls\", \"core_version\":\"version\", \"core_ordering\":\"ordering\", \"core_metakey\":\"metakey\", \"core_metadesc\":\"metadesc\", \"core_catid\":\"catid\", \"asset_id\":\"asset_id\", \"note\":\"note\"}, \"special\":{\"fulltext\":\"fulltext\"}}', 'ContentHelperRoute::getArticleRoute', '{\"formFile\":\"administrator\\/components\\/com_content\\/forms\\/article.xml\", \"hideFields\":[\"asset_id\",\"checked_out\",\"checked_out_time\",\"version\"],\"ignoreChanges\":[\"modified_by\", \"modified\", \"checked_out\", \"checked_out_time\", \"version\", \"hits\", \"ordering\"],\"convertToInt\":[\"publish_up\", \"publish_down\", \"featured\", \"ordering\"],\"displayLookup\":[{\"sourceColumn\":\"catid\",\"targetTable\":\"#__categories\",\"targetColumn\":\"id\",\"displayColumn\":\"title\"},{\"sourceColumn\":\"created_by\",\"targetTable\":\"#__users\",\"targetColumn\":\"id\",\"displayColumn\":\"name\"},{\"sourceColumn\":\"access\",\"targetTable\":\"#__viewlevels\",\"targetColumn\":\"id\",\"displayColumn\":\"title\"},{\"sourceColumn\":\"modified_by\",\"targetTable\":\"#__users\",\"targetColumn\":\"id\",\"displayColumn\":\"name\"} ]}'),
(2, 'Contact', 'com_contact.contact', '{\"special\":{\"dbtable\":\"#__contact_details\",\"key\":\"id\",\"type\":\"ContactTable\",\"prefix\":\"Joomla\\\\Component\\\\Contact\\\\Administrator\\\\Table\\\\\",\"config\":\"array()\"},\"common\":{\"dbtable\":\"#__ucm_content\",\"key\":\"ucm_id\",\"type\":\"Corecontent\",\"prefix\":\"Joomla\\\\CMS\\\\Table\\\\\",\"config\":\"array()\"}}', '', '{\"common\":{\"core_content_item_id\":\"id\",\"core_title\":\"name\",\"core_state\":\"published\",\"core_alias\":\"alias\",\"core_created_time\":\"created\",\"core_modified_time\":\"modified\",\"core_body\":\"address\", \"core_hits\":\"hits\",\"core_publish_up\":\"publish_up\",\"core_publish_down\":\"publish_down\",\"core_access\":\"access\", \"core_params\":\"params\", \"core_featured\":\"featured\", \"core_metadata\":\"metadata\", \"core_language\":\"language\", \"core_images\":\"image\", \"core_urls\":\"webpage\", \"core_version\":\"version\", \"core_ordering\":\"ordering\", \"core_metakey\":\"metakey\", \"core_metadesc\":\"metadesc\", \"core_catid\":\"catid\", \"asset_id\":\"null\"}, \"special\":{\"con_position\":\"con_position\",\"suburb\":\"suburb\",\"state\":\"state\",\"country\":\"country\",\"postcode\":\"postcode\",\"telephone\":\"telephone\",\"fax\":\"fax\",\"misc\":\"misc\",\"email_to\":\"email_to\",\"default_con\":\"default_con\",\"user_id\":\"user_id\",\"mobile\":\"mobile\",\"sortname1\":\"sortname1\",\"sortname2\":\"sortname2\",\"sortname3\":\"sortname3\"}}', 'ContactHelperRoute::getContactRoute', '{\"formFile\":\"administrator\\/components\\/com_contact\\/forms\\/contact.xml\",\"hideFields\":[\"default_con\",\"checked_out\",\"checked_out_time\",\"version\"],\"ignoreChanges\":[\"modified_by\", \"modified\", \"checked_out\", \"checked_out_time\", \"version\", \"hits\"],\"convertToInt\":[\"publish_up\", \"publish_down\", \"featured\", \"ordering\"], \"displayLookup\":[ {\"sourceColumn\":\"created_by\",\"targetTable\":\"#__users\",\"targetColumn\":\"id\",\"displayColumn\":\"name\"},{\"sourceColumn\":\"catid\",\"targetTable\":\"#__categories\",\"targetColumn\":\"id\",\"displayColumn\":\"title\"},{\"sourceColumn\":\"modified_by\",\"targetTable\":\"#__users\",\"targetColumn\":\"id\",\"displayColumn\":\"name\"},{\"sourceColumn\":\"access\",\"targetTable\":\"#__viewlevels\",\"targetColumn\":\"id\",\"displayColumn\":\"title\"},{\"sourceColumn\":\"user_id\",\"targetTable\":\"#__users\",\"targetColumn\":\"id\",\"displayColumn\":\"name\"} ] }'),
(3, 'Newsfeed', 'com_newsfeeds.newsfeed', '{\"special\":{\"dbtable\":\"#__newsfeeds\",\"key\":\"id\",\"type\":\"NewsfeedTable\",\"prefix\":\"Joomla\\\\Component\\\\Newsfeeds\\\\Administrator\\\\Table\\\\\",\"config\":\"array()\"},\"common\":{\"dbtable\":\"#__ucm_content\",\"key\":\"ucm_id\",\"type\":\"Corecontent\",\"prefix\":\"Joomla\\\\CMS\\\\Table\\\\\",\"config\":\"array()\"}}', '', '{\"common\":{\"core_content_item_id\":\"id\",\"core_title\":\"name\",\"core_state\":\"published\",\"core_alias\":\"alias\",\"core_created_time\":\"created\",\"core_modified_time\":\"modified\",\"core_body\":\"description\", \"core_hits\":\"hits\",\"core_publish_up\":\"publish_up\",\"core_publish_down\":\"publish_down\",\"core_access\":\"access\", \"core_params\":\"params\", \"core_featured\":\"featured\", \"core_metadata\":\"metadata\", \"core_language\":\"language\", \"core_images\":\"images\", \"core_urls\":\"link\", \"core_version\":\"version\", \"core_ordering\":\"ordering\", \"core_metakey\":\"metakey\", \"core_metadesc\":\"metadesc\", \"core_catid\":\"catid\", \"asset_id\":\"null\"}, \"special\":{\"numarticles\":\"numarticles\",\"cache_time\":\"cache_time\",\"rtl\":\"rtl\"}}', 'NewsfeedsHelperRoute::getNewsfeedRoute', '{\"formFile\":\"administrator\\/components\\/com_newsfeeds\\/forms\\/newsfeed.xml\",\"hideFields\":[\"asset_id\",\"checked_out\",\"checked_out_time\",\"version\"],\"ignoreChanges\":[\"modified_by\", \"modified\", \"checked_out\", \"checked_out_time\", \"version\", \"hits\"],\"convertToInt\":[\"publish_up\", \"publish_down\", \"featured\", \"ordering\"],\"displayLookup\":[{\"sourceColumn\":\"catid\",\"targetTable\":\"#__categories\",\"targetColumn\":\"id\",\"displayColumn\":\"title\"},{\"sourceColumn\":\"created_by\",\"targetTable\":\"#__users\",\"targetColumn\":\"id\",\"displayColumn\":\"name\"},{\"sourceColumn\":\"access\",\"targetTable\":\"#__viewlevels\",\"targetColumn\":\"id\",\"displayColumn\":\"title\"},{\"sourceColumn\":\"modified_by\",\"targetTable\":\"#__users\",\"targetColumn\":\"id\",\"displayColumn\":\"name\"} ]}'),
(4, 'User', 'com_users.user', '{\"special\":{\"dbtable\":\"#__users\",\"key\":\"id\",\"type\":\"User\",\"prefix\":\"Joomla\\\\CMS\\\\Table\\\\\",\"config\":\"array()\"},\"common\":{\"dbtable\":\"#__ucm_content\",\"key\":\"ucm_id\",\"type\":\"Corecontent\",\"prefix\":\"Joomla\\\\CMS\\\\Table\\\\\",\"config\":\"array()\"}}', '', '{\"common\":{\"core_content_item_id\":\"id\",\"core_title\":\"name\",\"core_state\":\"null\",\"core_alias\":\"username\",\"core_created_time\":\"registerDate\",\"core_modified_time\":\"lastvisitDate\",\"core_body\":\"null\", \"core_hits\":\"null\",\"core_publish_up\":\"null\",\"core_publish_down\":\"null\",\"access\":\"null\", \"core_params\":\"params\", \"core_featured\":\"null\", \"core_metadata\":\"null\", \"core_language\":\"null\", \"core_images\":\"null\", \"core_urls\":\"null\", \"core_version\":\"null\", \"core_ordering\":\"null\", \"core_metakey\":\"null\", \"core_metadesc\":\"null\", \"core_catid\":\"null\", \"asset_id\":\"null\"}, \"special\":{}}', '', ''),
(5, 'Article Category', 'com_content.category', '{\"special\":{\"dbtable\":\"#__categories\",\"key\":\"id\",\"type\":\"CategoryTable\",\"prefix\":\"Joomla\\\\Component\\\\Categories\\\\Administrator\\\\Table\\\\\",\"config\":\"array()\"},\"common\":{\"dbtable\":\"#__ucm_content\",\"key\":\"ucm_id\",\"type\":\"Corecontent\",\"prefix\":\"Joomla\\\\CMS\\\\Table\\\\\",\"config\":\"array()\"}}', '', '{\"common\":{\"core_content_item_id\":\"id\",\"core_title\":\"title\",\"core_state\":\"published\",\"core_alias\":\"alias\",\"core_created_time\":\"created_time\",\"core_modified_time\":\"modified_time\",\"core_body\":\"description\", \"core_hits\":\"hits\",\"core_publish_up\":\"null\",\"core_publish_down\":\"null\",\"core_access\":\"access\", \"core_params\":\"params\", \"core_featured\":\"null\", \"core_metadata\":\"metadata\", \"core_language\":\"language\", \"core_images\":\"null\", \"core_urls\":\"null\", \"core_version\":\"version\", \"core_ordering\":\"null\", \"core_metakey\":\"metakey\", \"core_metadesc\":\"metadesc\", \"core_catid\":\"parent_id\", \"asset_id\":\"asset_id\"}, \"special\":{\"parent_id\":\"parent_id\",\"lft\":\"lft\",\"rgt\":\"rgt\",\"level\":\"level\",\"path\":\"path\",\"extension\":\"extension\",\"note\":\"note\"}}', 'ContentHelperRoute::getCategoryRoute', '{\"formFile\":\"administrator\\/components\\/com_categories\\/forms\\/category.xml\", \"hideFields\":[\"asset_id\",\"checked_out\",\"checked_out_time\",\"version\",\"lft\",\"rgt\",\"level\",\"path\",\"extension\"], \"ignoreChanges\":[\"modified_user_id\", \"modified_time\", \"checked_out\", \"checked_out_time\", \"version\", \"hits\", \"path\"],\"convertToInt\":[\"publish_up\", \"publish_down\"], \"displayLookup\":[{\"sourceColumn\":\"created_user_id\",\"targetTable\":\"#__users\",\"targetColumn\":\"id\",\"displayColumn\":\"name\"},{\"sourceColumn\":\"access\",\"targetTable\":\"#__viewlevels\",\"targetColumn\":\"id\",\"displayColumn\":\"title\"},{\"sourceColumn\":\"modified_user_id\",\"targetTable\":\"#__users\",\"targetColumn\":\"id\",\"displayColumn\":\"name\"},{\"sourceColumn\":\"parent_id\",\"targetTable\":\"#__categories\",\"targetColumn\":\"id\",\"displayColumn\":\"title\"}]}'),
(6, 'Contact Category', 'com_contact.category', '{\"special\":{\"dbtable\":\"#__categories\",\"key\":\"id\",\"type\":\"CategoryTable\",\"prefix\":\"Joomla\\\\Component\\\\Categories\\\\Administrator\\\\Table\\\\\",\"config\":\"array()\"},\"common\":{\"dbtable\":\"#__ucm_content\",\"key\":\"ucm_id\",\"type\":\"Corecontent\",\"prefix\":\"Joomla\\\\CMS\\\\Table\\\\\",\"config\":\"array()\"}}', '', '{\"common\":{\"core_content_item_id\":\"id\",\"core_title\":\"title\",\"core_state\":\"published\",\"core_alias\":\"alias\",\"core_created_time\":\"created_time\",\"core_modified_time\":\"modified_time\",\"core_body\":\"description\", \"core_hits\":\"hits\",\"core_publish_up\":\"null\",\"core_publish_down\":\"null\",\"core_access\":\"access\", \"core_params\":\"params\", \"core_featured\":\"null\", \"core_metadata\":\"metadata\", \"core_language\":\"language\", \"core_images\":\"null\", \"core_urls\":\"null\", \"core_version\":\"version\", \"core_ordering\":\"null\", \"core_metakey\":\"metakey\", \"core_metadesc\":\"metadesc\", \"core_catid\":\"parent_id\", \"asset_id\":\"asset_id\"}, \"special\":{\"parent_id\":\"parent_id\",\"lft\":\"lft\",\"rgt\":\"rgt\",\"level\":\"level\",\"path\":\"path\",\"extension\":\"extension\",\"note\":\"note\"}}', 'ContactHelperRoute::getCategoryRoute', '{\"formFile\":\"administrator\\/components\\/com_categories\\/forms\\/category.xml\", \"hideFields\":[\"asset_id\",\"checked_out\",\"checked_out_time\",\"version\",\"lft\",\"rgt\",\"level\",\"path\",\"extension\"], \"ignoreChanges\":[\"modified_user_id\", \"modified_time\", \"checked_out\", \"checked_out_time\", \"version\", \"hits\", \"path\"],\"convertToInt\":[\"publish_up\", \"publish_down\"], \"displayLookup\":[{\"sourceColumn\":\"created_user_id\",\"targetTable\":\"#__users\",\"targetColumn\":\"id\",\"displayColumn\":\"name\"},{\"sourceColumn\":\"access\",\"targetTable\":\"#__viewlevels\",\"targetColumn\":\"id\",\"displayColumn\":\"title\"},{\"sourceColumn\":\"modified_user_id\",\"targetTable\":\"#__users\",\"targetColumn\":\"id\",\"displayColumn\":\"name\"},{\"sourceColumn\":\"parent_id\",\"targetTable\":\"#__categories\",\"targetColumn\":\"id\",\"displayColumn\":\"title\"}]}'),
(7, 'Newsfeeds Category', 'com_newsfeeds.category', '{\"special\":{\"dbtable\":\"#__categories\",\"key\":\"id\",\"type\":\"CategoryTable\",\"prefix\":\"Joomla\\\\Component\\\\Categories\\\\Administrator\\\\Table\\\\\",\"config\":\"array()\"},\"common\":{\"dbtable\":\"#__ucm_content\",\"key\":\"ucm_id\",\"type\":\"Corecontent\",\"prefix\":\"Joomla\\\\CMS\\\\Table\\\\\",\"config\":\"array()\"}}', '', '{\"common\":{\"core_content_item_id\":\"id\",\"core_title\":\"title\",\"core_state\":\"published\",\"core_alias\":\"alias\",\"core_created_time\":\"created_time\",\"core_modified_time\":\"modified_time\",\"core_body\":\"description\", \"core_hits\":\"hits\",\"core_publish_up\":\"null\",\"core_publish_down\":\"null\",\"core_access\":\"access\", \"core_params\":\"params\", \"core_featured\":\"null\", \"core_metadata\":\"metadata\", \"core_language\":\"language\", \"core_images\":\"null\", \"core_urls\":\"null\", \"core_version\":\"version\", \"core_ordering\":\"null\", \"core_metakey\":\"metakey\", \"core_metadesc\":\"metadesc\", \"core_catid\":\"parent_id\", \"asset_id\":\"asset_id\"}, \"special\":{\"parent_id\":\"parent_id\",\"lft\":\"lft\",\"rgt\":\"rgt\",\"level\":\"level\",\"path\":\"path\",\"extension\":\"extension\",\"note\":\"note\"}}', 'NewsfeedsHelperRoute::getCategoryRoute', '{\"formFile\":\"administrator\\/components\\/com_categories\\/forms\\/category.xml\", \"hideFields\":[\"asset_id\",\"checked_out\",\"checked_out_time\",\"version\",\"lft\",\"rgt\",\"level\",\"path\",\"extension\"], \"ignoreChanges\":[\"modified_user_id\", \"modified_time\", \"checked_out\", \"checked_out_time\", \"version\", \"hits\", \"path\"],\"convertToInt\":[\"publish_up\", \"publish_down\"], \"displayLookup\":[{\"sourceColumn\":\"created_user_id\",\"targetTable\":\"#__users\",\"targetColumn\":\"id\",\"displayColumn\":\"name\"},{\"sourceColumn\":\"access\",\"targetTable\":\"#__viewlevels\",\"targetColumn\":\"id\",\"displayColumn\":\"title\"},{\"sourceColumn\":\"modified_user_id\",\"targetTable\":\"#__users\",\"targetColumn\":\"id\",\"displayColumn\":\"name\"},{\"sourceColumn\":\"parent_id\",\"targetTable\":\"#__categories\",\"targetColumn\":\"id\",\"displayColumn\":\"title\"}]}'),
(8, 'Tag', 'com_tags.tag', '{\"special\":{\"dbtable\":\"#__tags\",\"key\":\"tag_id\",\"type\":\"TagTable\",\"prefix\":\"Joomla\\\\Component\\\\Tags\\\\Administrator\\\\Table\\\\\",\"config\":\"array()\"},\"common\":{\"dbtable\":\"#__ucm_content\",\"key\":\"ucm_id\",\"type\":\"Corecontent\",\"prefix\":\"Joomla\\\\CMS\\\\Table\\\\\",\"config\":\"array()\"}}', '', '{\"common\":{\"core_content_item_id\":\"id\",\"core_title\":\"title\",\"core_state\":\"published\",\"core_alias\":\"alias\",\"core_created_time\":\"created_time\",\"core_modified_time\":\"modified_time\",\"core_body\":\"description\", \"core_hits\":\"hits\",\"core_publish_up\":\"null\",\"core_publish_down\":\"null\",\"core_access\":\"access\", \"core_params\":\"params\", \"core_featured\":\"featured\", \"core_metadata\":\"metadata\", \"core_language\":\"language\", \"core_images\":\"images\", \"core_urls\":\"urls\", \"core_version\":\"version\", \"core_ordering\":\"null\", \"core_metakey\":\"metakey\", \"core_metadesc\":\"metadesc\", \"core_catid\":\"null\", \"asset_id\":\"null\"}, \"special\":{\"parent_id\":\"parent_id\",\"lft\":\"lft\",\"rgt\":\"rgt\",\"level\":\"level\",\"path\":\"path\"}}', 'TagsHelperRoute::getTagRoute', '{\"formFile\":\"administrator\\/components\\/com_tags\\/forms\\/tag.xml\", \"hideFields\":[\"checked_out\",\"checked_out_time\",\"version\", \"lft\", \"rgt\", \"level\", \"path\", \"urls\", \"publish_up\", \"publish_down\"],\"ignoreChanges\":[\"modified_user_id\", \"modified_time\", \"checked_out\", \"checked_out_time\", \"version\", \"hits\", \"path\"],\"convertToInt\":[\"publish_up\", \"publish_down\"], \"displayLookup\":[{\"sourceColumn\":\"created_user_id\",\"targetTable\":\"#__users\",\"targetColumn\":\"id\",\"displayColumn\":\"name\"}, {\"sourceColumn\":\"access\",\"targetTable\":\"#__viewlevels\",\"targetColumn\":\"id\",\"displayColumn\":\"title\"}, {\"sourceColumn\":\"modified_user_id\",\"targetTable\":\"#__users\",\"targetColumn\":\"id\",\"displayColumn\":\"name\"}]}'),
(9, 'Banner', 'com_banners.banner', '{\"special\":{\"dbtable\":\"#__banners\",\"key\":\"id\",\"type\":\"BannerTable\",\"prefix\":\"Joomla\\\\Component\\\\Banners\\\\Administrator\\\\Table\\\\\",\"config\":\"array()\"},\"common\":{\"dbtable\":\"#__ucm_content\",\"key\":\"ucm_id\",\"type\":\"Corecontent\",\"prefix\":\"Joomla\\\\CMS\\\\Table\\\\\",\"config\":\"array()\"}}', '', '{\"common\":{\"core_content_item_id\":\"id\",\"core_title\":\"name\",\"core_state\":\"published\",\"core_alias\":\"alias\",\"core_created_time\":\"created\",\"core_modified_time\":\"modified\",\"core_body\":\"description\", \"core_hits\":\"null\",\"core_publish_up\":\"publish_up\",\"core_publish_down\":\"publish_down\",\"core_access\":\"access\", \"core_params\":\"params\", \"core_featured\":\"null\", \"core_metadata\":\"metadata\", \"core_language\":\"language\", \"core_images\":\"images\", \"core_urls\":\"link\", \"core_version\":\"version\", \"core_ordering\":\"ordering\", \"core_metakey\":\"metakey\", \"core_metadesc\":\"metadesc\", \"core_catid\":\"catid\", \"asset_id\":\"null\"}, \"special\":{\"imptotal\":\"imptotal\", \"impmade\":\"impmade\", \"clicks\":\"clicks\", \"clickurl\":\"clickurl\", \"custombannercode\":\"custombannercode\", \"cid\":\"cid\", \"purchase_type\":\"purchase_type\", \"track_impressions\":\"track_impressions\", \"track_clicks\":\"track_clicks\"}}', '', '{\"formFile\":\"administrator\\/components\\/com_banners\\/forms\\/banner.xml\", \"hideFields\":[\"checked_out\",\"checked_out_time\",\"version\", \"reset\"],\"ignoreChanges\":[\"modified_by\", \"modified\", \"checked_out\", \"checked_out_time\", \"version\", \"imptotal\", \"impmade\", \"reset\"], \"convertToInt\":[\"publish_up\", \"publish_down\", \"ordering\"], \"displayLookup\":[{\"sourceColumn\":\"catid\",\"targetTable\":\"#__categories\",\"targetColumn\":\"id\",\"displayColumn\":\"title\"}, {\"sourceColumn\":\"cid\",\"targetTable\":\"#__banner_clients\",\"targetColumn\":\"id\",\"displayColumn\":\"name\"}, {\"sourceColumn\":\"created_by\",\"targetTable\":\"#__users\",\"targetColumn\":\"id\",\"displayColumn\":\"name\"},{\"sourceColumn\":\"modified_by\",\"targetTable\":\"#__users\",\"targetColumn\":\"id\",\"displayColumn\":\"name\"} ]}'),
(10, 'Banners Category', 'com_banners.category', '{\"special\":{\"dbtable\":\"#__categories\",\"key\":\"id\",\"type\":\"CategoryTable\",\"prefix\":\"Joomla\\\\Component\\\\Categories\\\\Administrator\\\\Table\\\\\",\"config\":\"array()\"},\"common\":{\"dbtable\":\"#__ucm_content\",\"key\":\"ucm_id\",\"type\":\"Corecontent\",\"prefix\":\"Joomla\\\\CMS\\\\Table\\\\\",\"config\":\"array()\"}}', '', '{\"common\":{\"core_content_item_id\":\"id\",\"core_title\":\"title\",\"core_state\":\"published\",\"core_alias\":\"alias\",\"core_created_time\":\"created_time\",\"core_modified_time\":\"modified_time\",\"core_body\":\"description\", \"core_hits\":\"hits\",\"core_publish_up\":\"null\",\"core_publish_down\":\"null\",\"core_access\":\"access\", \"core_params\":\"params\", \"core_featured\":\"null\", \"core_metadata\":\"metadata\", \"core_language\":\"language\", \"core_images\":\"null\", \"core_urls\":\"null\", \"core_version\":\"version\", \"core_ordering\":\"null\", \"core_metakey\":\"metakey\", \"core_metadesc\":\"metadesc\", \"core_catid\":\"parent_id\", \"asset_id\":\"asset_id\"}, \"special\": {\"parent_id\":\"parent_id\",\"lft\":\"lft\",\"rgt\":\"rgt\",\"level\":\"level\",\"path\":\"path\",\"extension\":\"extension\",\"note\":\"note\"}}', '', '{\"formFile\":\"administrator\\/components\\/com_categories\\/forms\\/category.xml\", \"hideFields\":[\"asset_id\",\"checked_out\",\"checked_out_time\",\"version\",\"lft\",\"rgt\",\"level\",\"path\",\"extension\"], \"ignoreChanges\":[\"modified_user_id\", \"modified_time\", \"checked_out\", \"checked_out_time\", \"version\", \"hits\", \"path\"], \"convertToInt\":[\"publish_up\", \"publish_down\"], \"displayLookup\":[{\"sourceColumn\":\"created_user_id\",\"targetTable\":\"#__users\",\"targetColumn\":\"id\",\"displayColumn\":\"name\"},{\"sourceColumn\":\"access\",\"targetTable\":\"#__viewlevels\",\"targetColumn\":\"id\",\"displayColumn\":\"title\"},{\"sourceColumn\":\"modified_user_id\",\"targetTable\":\"#__users\",\"targetColumn\":\"id\",\"displayColumn\":\"name\"},{\"sourceColumn\":\"parent_id\",\"targetTable\":\"#__categories\",\"targetColumn\":\"id\",\"displayColumn\":\"title\"}]}'),
(11, 'Banner Client', 'com_banners.client', '{\"special\":{\"dbtable\":\"#__banner_clients\",\"key\":\"id\",\"type\":\"ClientTable\",\"prefix\":\"Joomla\\\\Component\\\\Banners\\\\Administrator\\\\Table\\\\\"}}', '', '', '', '{\"formFile\":\"administrator\\/components\\/com_banners\\/forms\\/client.xml\", \"hideFields\":[\"checked_out\",\"checked_out_time\"], \"ignoreChanges\":[\"checked_out\", \"checked_out_time\"], \"convertToInt\":[], \"displayLookup\":[]}'),
(12, 'User Notes', 'com_users.note', '{\"special\":{\"dbtable\":\"#__user_notes\",\"key\":\"id\",\"type\":\"NoteTable\",\"prefix\":\"Joomla\\\\Component\\\\Users\\\\Administrator\\\\Table\\\\\"}}', '', '', '', '{\"formFile\":\"administrator\\/components\\/com_users\\/forms\\/note.xml\", \"hideFields\":[\"checked_out\",\"checked_out_time\", \"publish_up\", \"publish_down\"],\"ignoreChanges\":[\"modified_user_id\", \"modified_time\", \"checked_out\", \"checked_out_time\"], \"convertToInt\":[\"publish_up\", \"publish_down\"],\"displayLookup\":[{\"sourceColumn\":\"catid\",\"targetTable\":\"#__categories\",\"targetColumn\":\"id\",\"displayColumn\":\"title\"}, {\"sourceColumn\":\"created_user_id\",\"targetTable\":\"#__users\",\"targetColumn\":\"id\",\"displayColumn\":\"name\"}, {\"sourceColumn\":\"user_id\",\"targetTable\":\"#__users\",\"targetColumn\":\"id\",\"displayColumn\":\"name\"}, {\"sourceColumn\":\"modified_user_id\",\"targetTable\":\"#__users\",\"targetColumn\":\"id\",\"displayColumn\":\"name\"}]}'),
(13, 'User Notes Category', 'com_users.category', '{\"special\":{\"dbtable\":\"#__categories\",\"key\":\"id\",\"type\":\"CategoryTable\",\"prefix\":\"Joomla\\\\Component\\\\Categories\\\\Administrator\\\\Table\\\\\",\"config\":\"array()\"},\"common\":{\"dbtable\":\"#__ucm_content\",\"key\":\"ucm_id\",\"type\":\"Corecontent\",\"prefix\":\"Joomla\\\\CMS\\\\Table\\\\\",\"config\":\"array()\"}}', '', '{\"common\":{\"core_content_item_id\":\"id\",\"core_title\":\"title\",\"core_state\":\"published\",\"core_alias\":\"alias\",\"core_created_time\":\"created_time\",\"core_modified_time\":\"modified_time\",\"core_body\":\"description\", \"core_hits\":\"hits\",\"core_publish_up\":\"null\",\"core_publish_down\":\"null\",\"core_access\":\"access\", \"core_params\":\"params\", \"core_featured\":\"null\", \"core_metadata\":\"metadata\", \"core_language\":\"language\", \"core_images\":\"null\", \"core_urls\":\"null\", \"core_version\":\"version\", \"core_ordering\":\"null\", \"core_metakey\":\"metakey\", \"core_metadesc\":\"metadesc\", \"core_catid\":\"parent_id\", \"asset_id\":\"asset_id\"}, \"special\":{\"parent_id\":\"parent_id\",\"lft\":\"lft\",\"rgt\":\"rgt\",\"level\":\"level\",\"path\":\"path\",\"extension\":\"extension\",\"note\":\"note\"}}', '', '{\"formFile\":\"administrator\\/components\\/com_categories\\/forms\\/category.xml\", \"hideFields\":[\"checked_out\",\"checked_out_time\",\"version\",\"lft\",\"rgt\",\"level\",\"path\",\"extension\"], \"ignoreChanges\":[\"modified_user_id\", \"modified_time\", \"checked_out\", \"checked_out_time\", \"version\", \"hits\", \"path\"], \"convertToInt\":[\"publish_up\", \"publish_down\"], \"displayLookup\":[{\"sourceColumn\":\"created_user_id\",\"targetTable\":\"#__users\",\"targetColumn\":\"id\",\"displayColumn\":\"name\"}, {\"sourceColumn\":\"access\",\"targetTable\":\"#__viewlevels\",\"targetColumn\":\"id\",\"displayColumn\":\"title\"},{\"sourceColumn\":\"modified_user_id\",\"targetTable\":\"#__users\",\"targetColumn\":\"id\",\"displayColumn\":\"name\"},{\"sourceColumn\":\"parent_id\",\"targetTable\":\"#__categories\",\"targetColumn\":\"id\",\"displayColumn\":\"title\"}]}');

-- --------------------------------------------------------

--
-- Table structure for table `xsrs3_extensions`
--

CREATE TABLE `xsrs3_extensions` (
  `extension_id` int(11) NOT NULL,
  `package_id` int(11) NOT NULL DEFAULT 0 COMMENT 'Parent package ID for extensions installed as a package.',
  `name` varchar(100) NOT NULL,
  `type` varchar(20) NOT NULL,
  `element` varchar(100) NOT NULL,
  `changelogurl` text DEFAULT NULL,
  `folder` varchar(100) NOT NULL,
  `client_id` tinyint(4) NOT NULL,
  `enabled` tinyint(4) NOT NULL DEFAULT 0,
  `access` int(10) UNSIGNED NOT NULL DEFAULT 1,
  `protected` tinyint(4) NOT NULL DEFAULT 0 COMMENT 'Flag to indicate if the extension is protected. Protected extensions cannot be disabled.',
  `locked` tinyint(4) NOT NULL DEFAULT 0 COMMENT 'Flag to indicate if the extension is locked. Locked extensions cannot be uninstalled.',
  `manifest_cache` text NOT NULL,
  `params` text NOT NULL,
  `custom_data` text NOT NULL,
  `checked_out` int(10) UNSIGNED DEFAULT NULL,
  `checked_out_time` datetime DEFAULT NULL,
  `ordering` int(11) DEFAULT 0,
  `state` int(11) DEFAULT 0,
  `note` varchar(255) DEFAULT NULL
) ENGINE=InnoDB DEFAULT CHARSET=utf8mb4 COLLATE=utf8mb4_unicode_ci;

--
-- Dumping data for table `xsrs3_extensions`
--

INSERT INTO `xsrs3_extensions` (`extension_id`, `package_id`, `name`, `type`, `element`, `changelogurl`, `folder`, `client_id`, `enabled`, `access`, `protected`, `locked`, `manifest_cache`, `params`, `custom_data`, `checked_out`, `checked_out_time`, `ordering`, `state`, `note`) VALUES
(1, 0, 'com_wrapper', 'component', 'com_wrapper', NULL, '', 1, 1, 1, 0, 1, '{\"name\":\"com_wrapper\",\"type\":\"component\",\"creationDate\":\"2006-04\",\"author\":\"Joomla! Project\",\"copyright\":\"(C) 2007 Open Source Matters, Inc.\\n\\t\",\"authorEmail\":\"admin@joomla.org\",\"authorUrl\":\"www.joomla.org\",\"version\":\"4.0.0\",\"description\":\"COM_WRAPPER_XML_DESCRIPTION\",\"group\":\"\",\"namespace\":\"Joomla\\\\Component\\\\Wrapper\",\"filename\":\"wrapper\"}', '', '', NULL, NULL, 0, 0, NULL),
(2, 0, 'com_admin', 'component', 'com_admin', NULL, '', 1, 1, 1, 1, 1, '{\"name\":\"com_admin\",\"type\":\"component\",\"creationDate\":\"2006-04\",\"author\":\"Joomla! Project\",\"copyright\":\"(C) 2006 Open Source Matters, Inc.\",\"authorEmail\":\"admin@joomla.org\",\"authorUrl\":\"www.joomla.org\",\"version\":\"4.0.0\",\"description\":\"COM_ADMIN_XML_DESCRIPTION\",\"group\":\"\",\"namespace\":\"Joomla\\\\Component\\\\Admin\"}', '', '', NULL, NULL, 0, 0, NULL),
(3, 0, 'com_banners', 'component', 'com_banners', NULL, '', 1, 1, 1, 0, 1, '{\"name\":\"com_banners\",\"type\":\"component\",\"creationDate\":\"2006-04\",\"author\":\"Joomla! Project\",\"copyright\":\"(C) 2006 Open Source Matters, Inc.\",\"authorEmail\":\"admin@joomla.org\",\"authorUrl\":\"www.joomla.org\",\"version\":\"4.0.0\",\"description\":\"COM_BANNERS_XML_DESCRIPTION\",\"group\":\"\",\"namespace\":\"Joomla\\\\Component\\\\Banners\",\"filename\":\"banners\"}', '{\"purchase_type\":\"3\",\"track_impressions\":\"0\",\"track_clicks\":\"0\",\"metakey_prefix\":\"\",\"save_history\":\"1\",\"history_limit\":10}', '', NULL, NULL, 0, 0, NULL),
(4, 0, 'com_cache', 'component', 'com_cache', NULL, '', 1, 1, 1, 1, 1, '{\"name\":\"com_cache\",\"type\":\"component\",\"creationDate\":\"2006-04\",\"author\":\"Joomla! Project\",\"copyright\":\"(C) 2006 Open Source Matters, Inc.\",\"authorEmail\":\"admin@joomla.org\",\"authorUrl\":\"www.joomla.org\",\"version\":\"4.0.0\",\"description\":\"COM_CACHE_XML_DESCRIPTION\",\"group\":\"\",\"namespace\":\"Joomla\\\\Component\\\\Cache\"}', '', '', NULL, NULL, 0, 0, NULL),
(5, 0, 'com_categories', 'component', 'com_categories', NULL, '', 1, 1, 1, 1, 1, '{\"name\":\"com_categories\",\"type\":\"component\",\"creationDate\":\"2007-12\",\"author\":\"Joomla! Project\",\"copyright\":\"(C) 2007 Open Source Matters, Inc.\",\"authorEmail\":\"admin@joomla.org\",\"authorUrl\":\"www.joomla.org\",\"version\":\"4.0.0\",\"description\":\"COM_CATEGORIES_XML_DESCRIPTION\",\"group\":\"\",\"namespace\":\"Joomla\\\\Component\\\\Categories\"}', '', '', NULL, NULL, 0, 0, NULL),
(6, 0, 'com_checkin', 'component', 'com_checkin', NULL, '', 1, 1, 1, 1, 1, '{\"name\":\"com_checkin\",\"type\":\"component\",\"creationDate\":\"2006-04\",\"author\":\"Joomla! Project\",\"copyright\":\"(C) 2006 Open Source Matters, Inc.\",\"authorEmail\":\"admin@joomla.org\",\"authorUrl\":\"www.joomla.org\",\"version\":\"4.0.0\",\"description\":\"COM_CHECKIN_XML_DESCRIPTION\",\"group\":\"\",\"namespace\":\"Joomla\\\\Component\\\\Checkin\"}', '', '', NULL, NULL, 0, 0, NULL),
(7, 0, 'com_contact', 'component', 'com_contact', NULL, '', 1, 1, 1, 0, 1, '{\"name\":\"com_contact\",\"type\":\"component\",\"creationDate\":\"2006-04\",\"author\":\"Joomla! Project\",\"copyright\":\"(C) 2006 Open Source Matters, Inc.\",\"authorEmail\":\"admin@joomla.org\",\"authorUrl\":\"www.joomla.org\",\"version\":\"4.0.0\",\"description\":\"COM_CONTACT_XML_DESCRIPTION\",\"group\":\"\",\"namespace\":\"Joomla\\\\Component\\\\Contact\",\"filename\":\"contact\"}', '{\"contact_layout\":\"_:default\",\"show_contact_category\":\"hide\",\"save_history\":\"1\",\"history_limit\":10,\"show_contact_list\":\"0\",\"presentation_style\":\"sliders\",\"show_tags\":\"1\",\"show_info\":\"1\",\"show_name\":\"1\",\"show_position\":\"1\",\"show_email\":\"0\",\"show_street_address\":\"1\",\"show_suburb\":\"1\",\"show_state\":\"1\",\"show_postcode\":\"1\",\"show_country\":\"1\",\"show_telephone\":\"1\",\"show_mobile\":\"1\",\"show_fax\":\"1\",\"show_webpage\":\"1\",\"show_image\":\"1\",\"show_misc\":\"1\",\"image\":\"\",\"allow_vcard\":\"0\",\"show_articles\":\"0\",\"articles_display_num\":\"10\",\"show_profile\":\"0\",\"show_user_custom_fields\":[\"-1\"],\"show_links\":\"0\",\"linka_name\":\"\",\"linkb_name\":\"\",\"linkc_name\":\"\",\"linkd_name\":\"\",\"linke_name\":\"\",\"contact_icons\":\"0\",\"icon_address\":\"\",\"icon_email\":\"\",\"icon_telephone\":\"\",\"icon_mobile\":\"\",\"icon_fax\":\"\",\"icon_misc\":\"\",\"category_layout\":\"_:default\",\"show_category_title\":\"1\",\"show_description\":\"1\",\"show_description_image\":\"0\",\"maxLevel\":\"-1\",\"show_subcat_desc\":\"1\",\"show_empty_categories\":\"0\",\"show_cat_items\":\"1\",\"show_cat_tags\":\"1\",\"show_base_description\":\"1\",\"maxLevelcat\":\"-1\",\"show_subcat_desc_cat\":\"1\",\"show_empty_categories_cat\":\"0\",\"show_cat_items_cat\":\"1\",\"filter_field\":\"0\",\"show_pagination_limit\":\"0\",\"show_headings\":\"1\",\"show_image_heading\":\"0\",\"show_position_headings\":\"1\",\"show_email_headings\":\"0\",\"show_telephone_headings\":\"1\",\"show_mobile_headings\":\"0\",\"show_fax_headings\":\"0\",\"show_suburb_headings\":\"1\",\"show_state_headings\":\"1\",\"show_country_headings\":\"1\",\"show_pagination\":\"2\",\"show_pagination_results\":\"1\",\"initial_sort\":\"ordering\",\"captcha\":\"\",\"show_email_form\":\"1\",\"show_email_copy\":\"0\",\"banned_email\":\"\",\"banned_subject\":\"\",\"banned_text\":\"\",\"validate_session\":\"1\",\"custom_reply\":\"0\",\"redirect\":\"\",\"show_feed_link\":\"1\",\"sef_ids\":1,\"custom_fields_enable\":\"1\"}', '', NULL, NULL, 0, 0, NULL),
(8, 0, 'com_cpanel', 'component', 'com_cpanel', NULL, '', 1, 1, 1, 1, 1, '{\"name\":\"com_cpanel\",\"type\":\"component\",\"creationDate\":\"2007-06\",\"author\":\"Joomla! Project\",\"copyright\":\"(C) 2007 Open Source Matters, Inc.\",\"authorEmail\":\"admin@joomla.org\",\"authorUrl\":\"www.joomla.org\",\"version\":\"4.0.0\",\"description\":\"COM_CPANEL_XML_DESCRIPTION\",\"group\":\"\",\"namespace\":\"Joomla\\\\Component\\\\Cpanel\"}', '', '', NULL, NULL, 0, 0, NULL),
(9, 0, 'com_installer', 'component', 'com_installer', NULL, '', 1, 1, 1, 1, 1, '{\"name\":\"com_installer\",\"type\":\"component\",\"creationDate\":\"2006-04\",\"author\":\"Joomla! Project\",\"copyright\":\"(C) 2006 Open Source Matters, Inc.\",\"authorEmail\":\"admin@joomla.org\",\"authorUrl\":\"www.joomla.org\",\"version\":\"4.0.0\",\"description\":\"COM_INSTALLER_XML_DESCRIPTION\",\"group\":\"\",\"namespace\":\"Joomla\\\\Component\\\\Installer\"}', '{\"cachetimeout\":\"6\",\"minimum_stability\":\"4\"}', '', NULL, NULL, 0, 0, NULL),
(10, 0, 'com_languages', 'component', 'com_languages', NULL, '', 1, 1, 1, 1, 1, '{\"name\":\"com_languages\",\"type\":\"component\",\"creationDate\":\"2006-04\",\"author\":\"Joomla! Project\",\"copyright\":\"(C) 2006 Open Source Matters, Inc.\",\"authorEmail\":\"admin@joomla.org\",\"authorUrl\":\"www.joomla.org\",\"version\":\"4.0.0\",\"description\":\"COM_LANGUAGES_XML_DESCRIPTION\",\"group\":\"\",\"namespace\":\"Joomla\\\\Component\\\\Languages\"}', '{\"administrator\":\"en-GB\",\"site\":\"en-GB\"}', '', NULL, NULL, 0, 0, NULL),
(11, 0, 'com_login', 'component', 'com_login', NULL, '', 1, 1, 1, 1, 1, '{\"name\":\"com_login\",\"type\":\"component\",\"creationDate\":\"2006-04\",\"author\":\"Joomla! Project\",\"copyright\":\"(C) 2006 Open Source Matters, Inc.\",\"authorEmail\":\"admin@joomla.org\",\"authorUrl\":\"www.joomla.org\",\"version\":\"4.0.0\",\"description\":\"COM_LOGIN_XML_DESCRIPTION\",\"group\":\"\",\"namespace\":\"Joomla\\\\Component\\\\Login\"}', '', '', NULL, NULL, 0, 0, NULL),
(12, 0, 'com_media', 'component', 'com_media', NULL, '', 1, 1, 0, 1, 1, '{\"name\":\"com_media\",\"type\":\"component\",\"creationDate\":\"2006-04\",\"author\":\"Joomla! Project\",\"copyright\":\"(C) 2006 Open Source Matters, Inc.\",\"authorEmail\":\"admin@joomla.org\",\"authorUrl\":\"www.joomla.org\",\"version\":\"3.0.0\",\"description\":\"COM_MEDIA_XML_DESCRIPTION\",\"group\":\"\",\"namespace\":\"Joomla\\\\Component\\\\Media\",\"filename\":\"media\"}', '{\"upload_maxsize\":\"10\",\"file_path\":\"images\",\"image_path\":\"images\",\"restrict_uploads\":\"1\",\"allowed_media_usergroup\":\"3\",\"restrict_uploads_extensions\":\"bmp,gif,jpg,jpeg,png,webp,avif,ico,mp3,m4a,mp4a,ogg,mp4,mp4v,mpeg,mov,odg,odp,ods,odt,pdf,ppt,txt,xcf,xls,csv\",\"check_mime\":\"1\",\"image_extensions\":\"bmp,gif,jpg,png,jpeg,webp,avif\",\"audio_extensions\":\"mp3,m4a,mp4a,ogg\",\"video_extensions\":\"mp4,mp4v,mpeg,mov,webm\",\"doc_extensions\":\"odg,odp,ods,odt,pdf,ppt,txt,xcf,xls,csv\",\"ignore_extensions\":\"\",\"upload_mime\":\"image\\/jpeg,image\\/gif,image\\/png,image\\/bmp,image\\/webp,image\\/avif,audio\\/ogg,audio\\/mpeg,audio\\/mp4,video\\/mp4,video\\/webm,video\\/mpeg,video\\/quicktime,application\\/msword,application\\/excel,application\\/pdf,application\\/powerpoint,text\\/plain,application\\/x-zip\"}', '', NULL, NULL, 0, 0, NULL),
(13, 0, 'com_menus', 'component', 'com_menus', NULL, '', 1, 1, 1, 1, 1, '{\"name\":\"com_menus\",\"type\":\"component\",\"creationDate\":\"2006-04\",\"author\":\"Joomla! Project\",\"copyright\":\"(C) 2006 Open Source Matters, Inc.\",\"authorEmail\":\"admin@joomla.org\",\"authorUrl\":\"www.joomla.org\",\"version\":\"4.0.0\",\"description\":\"COM_MENUS_XML_DESCRIPTION\",\"group\":\"\",\"namespace\":\"Joomla\\\\Component\\\\Menus\",\"filename\":\"menus\"}', '{\"page_title\":\"\",\"show_page_heading\":0,\"page_heading\":\"\",\"pageclass_sfx\":\"\"}', '', NULL, NULL, 0, 0, NULL),
(14, 0, 'com_messages', 'component', 'com_messages', NULL, '', 1, 1, 1, 1, 1, '{\"name\":\"com_messages\",\"type\":\"component\",\"creationDate\":\"2006-04\",\"author\":\"Joomla! Project\",\"copyright\":\"(C) 2006 Open Source Matters, Inc.\",\"authorEmail\":\"admin@joomla.org\",\"authorUrl\":\"www.joomla.org\",\"version\":\"4.0.0\",\"description\":\"COM_MESSAGES_XML_DESCRIPTION\",\"group\":\"\",\"namespace\":\"Joomla\\\\Component\\\\Messages\"}', '', '', NULL, NULL, 0, 0, NULL),
(15, 0, 'com_modules', 'component', 'com_modules', NULL, '', 1, 1, 1, 1, 1, '{\"name\":\"com_modules\",\"type\":\"component\",\"creationDate\":\"2006-04\",\"author\":\"Joomla! Project\",\"copyright\":\"(C) 2006 Open Source Matters, Inc.\",\"authorEmail\":\"admin@joomla.org\",\"authorUrl\":\"www.joomla.org\",\"version\":\"4.0.0\",\"description\":\"COM_MODULES_XML_DESCRIPTION\",\"group\":\"\",\"namespace\":\"Joomla\\\\Component\\\\Modules\",\"filename\":\"modules\"}', '', '', NULL, NULL, 0, 0, NULL),
(16, 0, 'com_newsfeeds', 'component', 'com_newsfeeds', NULL, '', 1, 1, 1, 0, 1, '{\"name\":\"com_newsfeeds\",\"type\":\"component\",\"creationDate\":\"2006-04\",\"author\":\"Joomla! Project\",\"copyright\":\"(C) 2006 Open Source Matters, Inc.\",\"authorEmail\":\"admin@joomla.org\",\"authorUrl\":\"www.joomla.org\",\"version\":\"4.0.0\",\"description\":\"COM_NEWSFEEDS_XML_DESCRIPTION\",\"group\":\"\",\"namespace\":\"Joomla\\\\Component\\\\Newsfeeds\",\"filename\":\"newsfeeds\"}', '{\"newsfeed_layout\":\"_:default\",\"save_history\":\"1\",\"history_limit\":5,\"show_feed_image\":\"1\",\"show_feed_description\":\"1\",\"show_item_description\":\"1\",\"feed_character_count\":\"0\",\"feed_display_order\":\"des\",\"float_first\":\"right\",\"float_second\":\"right\",\"show_tags\":\"1\",\"category_layout\":\"_:default\",\"show_category_title\":\"1\",\"show_description\":\"1\",\"show_description_image\":\"1\",\"maxLevel\":\"-1\",\"show_empty_categories\":\"0\",\"show_subcat_desc\":\"1\",\"show_cat_items\":\"1\",\"show_cat_tags\":\"1\",\"show_base_description\":\"1\",\"maxLevelcat\":\"-1\",\"show_empty_categories_cat\":\"0\",\"show_subcat_desc_cat\":\"1\",\"show_cat_items_cat\":\"1\",\"filter_field\":\"1\",\"show_pagination_limit\":\"1\",\"show_headings\":\"1\",\"show_articles\":\"0\",\"show_link\":\"1\",\"show_pagination\":\"1\",\"show_pagination_results\":\"1\",\"sef_ids\":1}', '', NULL, NULL, 0, 0, NULL),
(17, 0, 'com_plugins', 'component', 'com_plugins', NULL, '', 1, 1, 1, 1, 1, '{\"name\":\"com_plugins\",\"type\":\"component\",\"creationDate\":\"2006-04\",\"author\":\"Joomla! Project\",\"copyright\":\"(C) 2006 Open Source Matters, Inc.\",\"authorEmail\":\"admin@joomla.org\",\"authorUrl\":\"www.joomla.org\",\"version\":\"4.0.0\",\"description\":\"COM_PLUGINS_XML_DESCRIPTION\",\"group\":\"\",\"namespace\":\"Joomla\\\\Component\\\\Plugins\"}', '', '', NULL, NULL, 0, 0, NULL),
(18, 0, 'com_templates', 'component', 'com_templates', NULL, '', 1, 1, 1, 1, 1, '{\"name\":\"com_templates\",\"type\":\"component\",\"creationDate\":\"2006-04\",\"author\":\"Joomla! Project\",\"copyright\":\"(C) 2006 Open Source Matters, Inc.\",\"authorEmail\":\"admin@joomla.org\",\"authorUrl\":\"www.joomla.org\",\"version\":\"4.0.0\",\"description\":\"COM_TEMPLATES_XML_DESCRIPTION\",\"group\":\"\",\"namespace\":\"Joomla\\\\Component\\\\Templates\"}', '{\"template_positions_display\":\"0\",\"upload_limit\":\"10\",\"image_formats\":\"gif,bmp,jpg,jpeg,png,webp\",\"source_formats\":\"txt,less,ini,xml,js,php,css,scss,sass,json\",\"font_formats\":\"woff,woff2,ttf,otf\",\"compressed_formats\":\"zip\",\"difference\":\"SideBySide\"}', '', NULL, NULL, 0, 0, NULL),
(19, 0, 'com_content', 'component', 'com_content', NULL, '', 1, 1, 0, 1, 1, '{\"name\":\"com_content\",\"type\":\"component\",\"creationDate\":\"2006-04\",\"author\":\"Joomla! Project\",\"copyright\":\"(C) 2006 Open Source Matters, Inc.\",\"authorEmail\":\"admin@joomla.org\",\"authorUrl\":\"www.joomla.org\",\"version\":\"4.0.0\",\"description\":\"COM_CONTENT_XML_DESCRIPTION\",\"group\":\"\",\"namespace\":\"Joomla\\\\Component\\\\Content\",\"filename\":\"content\"}', '{\"article_layout\":\"_:default\",\"show_title\":\"1\",\"link_titles\":\"1\",\"show_intro\":\"1\",\"info_block_position\":\"0\",\"info_block_show_title\":\"1\",\"show_category\":\"1\",\"link_category\":\"1\",\"show_parent_category\":\"0\",\"link_parent_category\":\"0\",\"show_associations\":\"0\",\"flags\":\"1\",\"show_author\":\"1\",\"link_author\":\"0\",\"show_create_date\":\"0\",\"show_modify_date\":\"0\",\"show_publish_date\":\"1\",\"show_item_navigation\":\"1\",\"show_readmore\":\"1\",\"show_readmore_title\":\"1\",\"readmore_limit\":100,\"show_tags\":\"1\",\"record_hits\":\"1\",\"show_hits\":\"1\",\"show_noauth\":\"0\",\"urls_position\":0,\"captcha\":\"\",\"show_publishing_options\":\"1\",\"show_article_options\":\"1\",\"show_configure_edit_options\":\"1\",\"show_permissions\":\"1\",\"show_associations_edit\":\"1\",\"save_history\":\"1\",\"history_limit\":10,\"show_urls_images_frontend\":\"0\",\"show_urls_images_backend\":\"1\",\"targeta\":0,\"targetb\":0,\"targetc\":0,\"float_intro\":\"left\",\"float_fulltext\":\"left\",\"category_layout\":\"_:blog\",\"show_category_title\":\"0\",\"show_description\":\"0\",\"show_description_image\":\"0\",\"maxLevel\":\"1\",\"show_empty_categories\":\"0\",\"show_no_articles\":\"1\",\"show_category_heading_title_text\":\"1\",\"show_subcat_desc\":\"1\",\"show_cat_num_articles\":\"0\",\"show_cat_tags\":\"1\",\"show_base_description\":\"1\",\"maxLevelcat\":\"-1\",\"show_empty_categories_cat\":\"0\",\"show_subcat_desc_cat\":\"1\",\"show_cat_num_articles_cat\":\"1\",\"num_leading_articles\":1,\"blog_class_leading\":\"\",\"num_intro_articles\":4,\"blog_class\":\"\",\"num_columns\":1,\"multi_column_order\":\"0\",\"num_links\":4,\"show_subcategory_content\":\"0\",\"link_intro_image\":\"0\",\"show_pagination_limit\":\"1\",\"filter_field\":\"hide\",\"show_headings\":\"1\",\"list_show_date\":\"0\",\"date_format\":\"\",\"list_show_hits\":\"1\",\"list_show_author\":\"1\",\"display_num\":\"10\",\"orderby_pri\":\"order\",\"orderby_sec\":\"rdate\",\"order_date\":\"published\",\"show_pagination\":\"2\",\"show_pagination_results\":\"1\",\"show_featured\":\"show\",\"show_feed_link\":\"1\",\"feed_summary\":\"0\",\"feed_show_readmore\":\"0\",\"sef_ids\":1,\"custom_fields_enable\":\"1\",\"workflow_enabled\":\"0\"}', '', NULL, NULL, 0, 0, NULL),
(20, 0, 'com_config', 'component', 'com_config', NULL, '', 1, 1, 0, 1, 1, '{\"name\":\"com_config\",\"type\":\"component\",\"creationDate\":\"2006-04\",\"author\":\"Joomla! Project\",\"copyright\":\"(C) 2006 Open Source Matters, Inc.\",\"authorEmail\":\"admin@joomla.org\",\"authorUrl\":\"www.joomla.org\",\"version\":\"4.0.0\",\"description\":\"COM_CONFIG_XML_DESCRIPTION\",\"group\":\"\",\"namespace\":\"Joomla\\\\Component\\\\Config\",\"filename\":\"config\"}', '{\"filters\":{\"1\":{\"filter_type\":\"NH\",\"filter_tags\":\"\",\"filter_attributes\":\"\"},\"9\":{\"filter_type\":\"NH\",\"filter_tags\":\"\",\"filter_attributes\":\"\"},\"6\":{\"filter_type\":\"BL\",\"filter_tags\":\"\",\"filter_attributes\":\"\"},\"7\":{\"filter_type\":\"BL\",\"filter_tags\":\"\",\"filter_attributes\":\"\"},\"2\":{\"filter_type\":\"NH\",\"filter_tags\":\"\",\"filter_attributes\":\"\"},\"3\":{\"filter_type\":\"BL\",\"filter_tags\":\"\",\"filter_attributes\":\"\"},\"4\":{\"filter_type\":\"BL\",\"filter_tags\":\"\",\"filter_attributes\":\"\"},\"5\":{\"filter_type\":\"BL\",\"filter_tags\":\"\",\"filter_attributes\":\"\"},\"8\":{\"filter_type\":\"NONE\",\"filter_tags\":\"\",\"filter_attributes\":\"\"}}}', '', NULL, NULL, 0, 0, NULL),
(21, 0, 'com_redirect', 'component', 'com_redirect', NULL, '', 1, 1, 0, 0, 1, '{\"name\":\"com_redirect\",\"type\":\"component\",\"creationDate\":\"2006-04\",\"author\":\"Joomla! Project\",\"copyright\":\"(C) 2006 Open Source Matters, Inc.\",\"authorEmail\":\"admin@joomla.org\",\"authorUrl\":\"www.joomla.org\",\"version\":\"4.0.0\",\"description\":\"COM_REDIRECT_XML_DESCRIPTION\",\"group\":\"\",\"namespace\":\"Joomla\\\\Component\\\\Redirect\"}', '', '', NULL, NULL, 0, 0, NULL),
(22, 0, 'com_users', 'component', 'com_users', NULL, '', 1, 1, 0, 1, 1, '{\"name\":\"com_users\",\"type\":\"component\",\"creationDate\":\"2006-04\",\"author\":\"Joomla! Project\",\"copyright\":\"(C) 2006 Open Source Matters, Inc.\",\"authorEmail\":\"admin@joomla.org\",\"authorUrl\":\"www.joomla.org\",\"version\":\"4.0.0\",\"description\":\"COM_USERS_XML_DESCRIPTION\",\"group\":\"\",\"namespace\":\"Joomla\\\\Component\\\\Users\",\"filename\":\"users\"}', '{\"allowUserRegistration\":\"0\",\"new_usertype\":\"2\",\"guest_usergroup\":\"9\",\"sendpassword\":\"0\",\"useractivation\":\"2\",\"mail_to_admin\":\"1\",\"captcha\":\"\",\"frontend_userparams\":\"1\",\"site_language\":\"0\",\"change_login_name\":\"0\",\"reset_count\":\"10\",\"reset_time\":\"1\",\"minimum_length\":\"12\",\"minimum_integers\":\"0\",\"minimum_symbols\":\"0\",\"minimum_uppercase\":\"0\",\"save_history\":\"1\",\"history_limit\":5,\"mailSubjectPrefix\":\"\",\"mailBodySuffix\":\"\"}', '', NULL, NULL, 0, 0, NULL),
(23, 0, 'com_finder', 'component', 'com_finder', NULL, '', 1, 1, 0, 0, 1, '{\"name\":\"com_finder\",\"type\":\"component\",\"creationDate\":\"2011-08\",\"author\":\"Joomla! Project\",\"copyright\":\"(C) 2011 Open Source Matters, Inc.\",\"authorEmail\":\"admin@joomla.org\",\"authorUrl\":\"www.joomla.org\",\"version\":\"4.0.0\",\"description\":\"COM_FINDER_XML_DESCRIPTION\",\"group\":\"\",\"namespace\":\"Joomla\\\\Component\\\\Finder\",\"filename\":\"finder\"}', '{\"enabled\":\"0\",\"show_description\":\"1\",\"description_length\":255,\"allow_empty_query\":\"0\",\"show_url\":\"1\",\"show_autosuggest\":\"1\",\"show_suggested_query\":\"1\",\"show_explained_query\":\"1\",\"show_advanced\":\"1\",\"show_advanced_tips\":\"1\",\"expand_advanced\":\"0\",\"show_date_filters\":\"0\",\"sort_order\":\"relevance\",\"sort_direction\":\"desc\",\"highlight_terms\":\"1\",\"opensearch_name\":\"\",\"opensearch_description\":\"\",\"batch_size\":\"50\",\"title_multiplier\":\"1.7\",\"text_multiplier\":\"0.7\",\"meta_multiplier\":\"1.2\",\"path_multiplier\":\"2.0\",\"misc_multiplier\":\"0.3\",\"stem\":\"1\",\"stemmer\":\"snowball\",\"enable_logging\":\"0\"}', '', NULL, NULL, 0, 0, NULL),
(24, 0, 'com_joomlaupdate', 'component', 'com_joomlaupdate', NULL, '', 1, 1, 0, 1, 1, '{\"name\":\"com_joomlaupdate\",\"type\":\"component\",\"creationDate\":\"2021-08\",\"author\":\"Joomla! Project\",\"copyright\":\"(C) 2012 Open Source Matters, Inc.\",\"authorEmail\":\"admin@joomla.org\",\"authorUrl\":\"www.joomla.org\",\"version\":\"4.0.3\",\"description\":\"COM_JOOMLAUPDATE_XML_DESCRIPTION\",\"group\":\"\",\"namespace\":\"Joomla\\\\Component\\\\Joomlaupdate\"}', '{\"updatesource\":\"default\",\"customurl\":\"\"}', '', NULL, NULL, 0, 0, NULL),
(25, 0, 'com_tags', 'component', 'com_tags', NULL, '', 1, 1, 1, 0, 1, '{\"name\":\"com_tags\",\"type\":\"component\",\"creationDate\":\"2013-12\",\"author\":\"Joomla! Project\",\"copyright\":\"(C) 2013 Open Source Matters, Inc.\",\"authorEmail\":\"admin@joomla.org\",\"authorUrl\":\"www.joomla.org\",\"version\":\"4.0.0\",\"description\":\"COM_TAGS_XML_DESCRIPTION\",\"group\":\"\",\"namespace\":\"Joomla\\\\Component\\\\Tags\",\"filename\":\"tags\"}', '{\"tag_layout\":\"_:default\",\"save_history\":\"1\",\"history_limit\":5,\"show_tag_title\":\"0\",\"tag_list_show_tag_image\":\"0\",\"tag_list_show_tag_description\":\"0\",\"tag_list_image\":\"\",\"tag_list_orderby\":\"title\",\"tag_list_orderby_direction\":\"ASC\",\"show_headings\":\"0\",\"tag_list_show_date\":\"0\",\"tag_list_show_item_image\":\"0\",\"tag_list_show_item_description\":\"0\",\"tag_list_item_maximum_characters\":0,\"return_any_or_all\":\"1\",\"include_children\":\"0\",\"maximum\":200,\"tag_list_language_filter\":\"all\",\"tags_layout\":\"_:default\",\"all_tags_orderby\":\"title\",\"all_tags_orderby_direction\":\"ASC\",\"all_tags_show_tag_image\":\"0\",\"all_tags_show_tag_description\":\"0\",\"all_tags_tag_maximum_characters\":20,\"all_tags_show_tag_hits\":\"0\",\"filter_field\":\"1\",\"show_pagination_limit\":\"1\",\"show_pagination\":\"2\",\"show_pagination_results\":\"1\",\"tag_field_ajax_mode\":\"1\",\"show_feed_link\":\"1\"}', '', NULL, NULL, 0, 0, NULL),
(26, 0, 'com_contenthistory', 'component', 'com_contenthistory', NULL, '', 1, 1, 1, 0, 1, '{\"name\":\"com_contenthistory\",\"type\":\"component\",\"creationDate\":\"2013-05\",\"author\":\"Joomla! Project\",\"copyright\":\"(C) 2013 Open Source Matters, Inc.\",\"authorEmail\":\"admin@joomla.org\",\"authorUrl\":\"www.joomla.org\",\"version\":\"4.0.0\",\"description\":\"COM_CONTENTHISTORY_XML_DESCRIPTION\",\"group\":\"\",\"namespace\":\"Joomla\\\\Component\\\\Contenthistory\",\"filename\":\"contenthistory\"}', '', '', NULL, NULL, 0, 0, NULL),
(27, 0, 'com_ajax', 'component', 'com_ajax', NULL, '', 1, 1, 1, 1, 1, '{\"name\":\"com_ajax\",\"type\":\"component\",\"creationDate\":\"2013-08\",\"author\":\"Joomla! Project\",\"copyright\":\"(C) 2013 Open Source Matters, Inc.\",\"authorEmail\":\"admin@joomla.org\",\"authorUrl\":\"www.joomla.org\",\"version\":\"4.0.0\",\"description\":\"COM_AJAX_XML_DESCRIPTION\",\"group\":\"\",\"filename\":\"ajax\"}', '', '', NULL, NULL, 0, 0, NULL),
(28, 0, 'com_postinstall', 'component', 'com_postinstall', NULL, '', 1, 1, 1, 1, 1, '{\"name\":\"com_postinstall\",\"type\":\"component\",\"creationDate\":\"2013-09\",\"author\":\"Joomla! Project\",\"copyright\":\"(C) 2013 Open Source Matters, Inc.\",\"authorEmail\":\"admin@joomla.org\",\"authorUrl\":\"www.joomla.org\",\"version\":\"4.0.0\",\"description\":\"COM_POSTINSTALL_XML_DESCRIPTION\",\"group\":\"\",\"namespace\":\"Joomla\\\\Component\\\\Postinstall\"}', '', '', NULL, NULL, 0, 0, NULL),
(29, 0, 'com_fields', 'component', 'com_fields', NULL, '', 1, 1, 1, 0, 1, '{\"name\":\"com_fields\",\"type\":\"component\",\"creationDate\":\"2016-03\",\"author\":\"Joomla! Project\",\"copyright\":\"(C) 2016 Open Source Matters, Inc.\",\"authorEmail\":\"admin@joomla.org\",\"authorUrl\":\"www.joomla.org\",\"version\":\"4.0.0\",\"description\":\"COM_FIELDS_XML_DESCRIPTION\",\"group\":\"\",\"namespace\":\"Joomla\\\\Component\\\\Fields\",\"filename\":\"fields\"}', '', '', NULL, NULL, 0, 0, NULL),
(30, 0, 'com_associations', 'component', 'com_associations', NULL, '', 1, 1, 1, 0, 1, '{\"name\":\"com_associations\",\"type\":\"component\",\"creationDate\":\"2017-01\",\"author\":\"Joomla! Project\",\"copyright\":\"(C) 2017 Open Source Matters, Inc.\",\"authorEmail\":\"admin@joomla.org\",\"authorUrl\":\"www.joomla.org\",\"version\":\"4.0.0\",\"description\":\"COM_ASSOCIATIONS_XML_DESCRIPTION\",\"group\":\"\",\"namespace\":\"Joomla\\\\Component\\\\Associations\"}', '', '', NULL, NULL, 0, 0, NULL),
(31, 0, 'com_privacy', 'component', 'com_privacy', NULL, '', 1, 1, 1, 0, 1, '{\"name\":\"com_privacy\",\"type\":\"component\",\"creationDate\":\"2018-05\",\"author\":\"Joomla! Project\",\"copyright\":\"(C) 2018 Open Source Matters, Inc.\",\"authorEmail\":\"admin@joomla.org\",\"authorUrl\":\"www.joomla.org\",\"version\":\"3.9.0\",\"description\":\"COM_PRIVACY_XML_DESCRIPTION\",\"group\":\"\",\"namespace\":\"Joomla\\\\Component\\\\Privacy\",\"filename\":\"privacy\"}', '', '', NULL, NULL, 0, 0, NULL),
(32, 0, 'com_actionlogs', 'component', 'com_actionlogs', NULL, '', 1, 1, 1, 0, 1, '{\"name\":\"com_actionlogs\",\"type\":\"component\",\"creationDate\":\"2018-05\",\"author\":\"Joomla! Project\",\"copyright\":\"(C) 2018 Open Source Matters, Inc.\",\"authorEmail\":\"admin@joomla.org\",\"authorUrl\":\"www.joomla.org\",\"version\":\"3.9.0\",\"description\":\"COM_ACTIONLOGS_XML_DESCRIPTION\",\"group\":\"\",\"namespace\":\"Joomla\\\\Component\\\\Actionlogs\"}', '{\"ip_logging\":0,\"csv_delimiter\":\",\",\"loggable_extensions\":[\"com_banners\",\"com_cache\",\"com_categories\",\"com_checkin\",\"com_config\",\"com_contact\",\"com_content\",\"com_fields\",\"com_guidedtours\",\"com_installer\",\"com_media\",\"com_menus\",\"com_messages\",\"com_modules\",\"com_newsfeeds\",\"com_plugins\",\"com_redirect\",\"com_scheduler\",\"com_tags\",\"com_templates\",\"com_users\"]}', '', NULL, NULL, 0, 0, NULL),
(33, 0, 'com_workflow', 'component', 'com_workflow', NULL, '', 1, 1, 0, 1, 1, '{\"name\":\"com_workflow\",\"type\":\"component\",\"creationDate\":\"2017-06\",\"author\":\"Joomla! Project\",\"copyright\":\"(C) 2018 Open Source Matters, Inc.\",\"authorEmail\":\"admin@joomla.org\",\"authorUrl\":\"www.joomla.org\",\"version\":\"4.0.0\",\"description\":\"COM_WORKFLOW_XML_DESCRIPTION\",\"group\":\"\",\"namespace\":\"Joomla\\\\Component\\\\Workflow\"}', '{}', '', NULL, NULL, 0, 0, NULL),
(34, 0, 'com_mails', 'component', 'com_mails', NULL, '', 1, 1, 1, 1, 1, '{\"name\":\"com_mails\",\"type\":\"component\",\"creationDate\":\"2019-01\",\"author\":\"Joomla! Project\",\"copyright\":\"(C) 2019 Open Source Matters, Inc.\",\"authorEmail\":\"admin@joomla.org\",\"authorUrl\":\"www.joomla.org\",\"version\":\"4.0.0\",\"description\":\"COM_MAILS_XML_DESCRIPTION\",\"group\":\"\",\"namespace\":\"Joomla\\\\Component\\\\Mails\"}', '', '', NULL, NULL, 0, 0, NULL),
(35, 0, 'com_scheduler', 'component', 'com_scheduler', NULL, '', 1, 1, 1, 0, 1, '{\"name\":\"com_scheduler\",\"type\":\"component\",\"creationDate\":\"2021-07\",\"author\":\"Joomla! Project\",\"copyright\":\"(C) 2021 Open Source Matters, Inc.\",\"authorEmail\":\"admin@joomla.org\",\"authorUrl\":\"www.joomla.org\",\"version\":\"4.1.0\",\"description\":\"COM_SCHEDULER_XML_DESCRIPTION\",\"group\":\"\",\"namespace\":\"Joomla\\\\Component\\\\Scheduler\"}', '{}', '', NULL, NULL, 0, 0, NULL),
(36, 0, 'com_guidedtours', 'component', 'com_guidedtours', NULL, '', 1, 1, 0, 0, 1, '{\"name\":\"com_guidedtours\",\"type\":\"component\",\"creationDate\":\"2023-02\",\"author\":\"Joomla! Project\",\"copyright\":\"(C) 2023 Open Source Matters, Inc.\",\"authorEmail\":\"admin@joomla.org\",\"authorUrl\":\"www.joomla.org\",\"version\":\"4.3.0\",\"description\":\"COM_GUIDEDTOURS_XML_DESCRIPTION\",\"group\":\"\",\"namespace\":\"Joomla\\\\Component\\\\Guidedtours\"}', '{}', '', NULL, NULL, 0, 0, NULL),
(37, 0, 'lib_joomla', 'library', 'joomla', NULL, '', 0, 1, 1, 1, 1, '{\"name\":\"lib_joomla\",\"type\":\"library\",\"creationDate\":\"2008-01\",\"author\":\"Joomla! Project\",\"copyright\":\"(C) 2008 Open Source Matters, Inc.\",\"authorEmail\":\"admin@joomla.org\",\"authorUrl\":\"https:\\/\\/www.joomla.org\",\"version\":\"13.1\",\"description\":\"LIB_JOOMLA_XML_DESCRIPTION\",\"group\":\"\",\"filename\":\"joomla\"}', '', '', NULL, NULL, 0, 0, NULL),
(38, 0, 'lib_phpass', 'library', 'phpass', NULL, '', 0, 1, 1, 1, 1, '{\"name\":\"lib_phpass\",\"type\":\"library\",\"creationDate\":\"2004-01\",\"author\":\"Solar Designer\",\"copyright\":\"\",\"authorEmail\":\"solar@openwall.com\",\"authorUrl\":\"https:\\/\\/www.openwall.com\\/phpass\\/\",\"version\":\"0.3\",\"description\":\"LIB_PHPASS_XML_DESCRIPTION\",\"group\":\"\",\"filename\":\"phpass\"}', '', '', NULL, NULL, 0, 0, NULL),
(39, 0, 'mod_articles_archive', 'module', 'mod_articles_archive', NULL, '', 0, 1, 1, 0, 1, '{\"name\":\"mod_articles_archive\",\"type\":\"module\",\"creationDate\":\"2006-07\",\"author\":\"Joomla! Project\",\"copyright\":\"(C) 2006 Open Source Matters, Inc.\",\"authorEmail\":\"admin@joomla.org\",\"authorUrl\":\"www.joomla.org\",\"version\":\"3.0.0\",\"description\":\"MOD_ARTICLES_ARCHIVE_XML_DESCRIPTION\",\"group\":\"\",\"namespace\":\"Joomla\\\\Module\\\\ArticlesArchive\",\"filename\":\"mod_articles_archive\"}', '', '', NULL, NULL, 0, 0, NULL),
(40, 0, 'mod_articles_latest', 'module', 'mod_articles_latest', NULL, '', 0, 1, 1, 0, 1, '{\"name\":\"mod_articles_latest\",\"type\":\"module\",\"creationDate\":\"2004-07\",\"author\":\"Joomla! Project\",\"copyright\":\"(C) 2005 Open Source Matters, Inc.\",\"authorEmail\":\"admin@joomla.org\",\"authorUrl\":\"www.joomla.org\",\"version\":\"3.0.0\",\"description\":\"MOD_LATEST_NEWS_XML_DESCRIPTION\",\"group\":\"\",\"namespace\":\"Joomla\\\\Module\\\\ArticlesLatest\",\"filename\":\"mod_articles_latest\"}', '', '', NULL, NULL, 0, 0, NULL),
(41, 0, 'mod_articles_popular', 'module', 'mod_articles_popular', NULL, '', 0, 1, 1, 0, 1, '{\"name\":\"mod_articles_popular\",\"type\":\"module\",\"creationDate\":\"2006-07\",\"author\":\"Joomla! Project\",\"copyright\":\"(C) 2006 Open Source Matters, Inc.\",\"authorEmail\":\"admin@joomla.org\",\"authorUrl\":\"www.joomla.org\",\"version\":\"3.0.0\",\"description\":\"MOD_POPULAR_XML_DESCRIPTION\",\"group\":\"\",\"namespace\":\"Joomla\\\\Module\\\\ArticlesPopular\",\"filename\":\"mod_articles_popular\"}', '', '', NULL, NULL, 0, 0, NULL),
(42, 0, 'mod_banners', 'module', 'mod_banners', NULL, '', 0, 1, 1, 0, 1, '{\"name\":\"mod_banners\",\"type\":\"module\",\"creationDate\":\"2006-07\",\"author\":\"Joomla! Project\",\"copyright\":\"(C) 2006 Open Source Matters, Inc.\",\"authorEmail\":\"admin@joomla.org\",\"authorUrl\":\"www.joomla.org\",\"version\":\"3.0.0\",\"description\":\"MOD_BANNERS_XML_DESCRIPTION\",\"group\":\"\",\"namespace\":\"Joomla\\\\Module\\\\Banners\",\"filename\":\"mod_banners\"}', '', '', NULL, NULL, 0, 0, NULL),
(43, 0, 'mod_breadcrumbs', 'module', 'mod_breadcrumbs', NULL, '', 0, 1, 1, 0, 1, '{\"name\":\"mod_breadcrumbs\",\"type\":\"module\",\"creationDate\":\"2006-07\",\"author\":\"Joomla! Project\",\"copyright\":\"(C) 2006 Open Source Matters, Inc.\",\"authorEmail\":\"admin@joomla.org\",\"authorUrl\":\"www.joomla.org\",\"version\":\"3.0.0\",\"description\":\"MOD_BREADCRUMBS_XML_DESCRIPTION\",\"group\":\"\",\"namespace\":\"Joomla\\\\Module\\\\Breadcrumbs\",\"filename\":\"mod_breadcrumbs\"}', '', '', NULL, NULL, 0, 0, NULL),
(44, 0, 'mod_custom', 'module', 'mod_custom', NULL, '', 0, 1, 1, 0, 1, '{\"name\":\"mod_custom\",\"type\":\"module\",\"creationDate\":\"2004-07\",\"author\":\"Joomla! Project\",\"copyright\":\"(C) 2005 Open Source Matters, Inc.\",\"authorEmail\":\"admin@joomla.org\",\"authorUrl\":\"www.joomla.org\",\"version\":\"3.0.0\",\"description\":\"MOD_CUSTOM_XML_DESCRIPTION\",\"group\":\"\",\"namespace\":\"Joomla\\\\Module\\\\Custom\",\"filename\":\"mod_custom\"}', '', '', NULL, NULL, 0, 0, NULL),
(45, 0, 'mod_feed', 'module', 'mod_feed', NULL, '', 0, 1, 1, 0, 1, '{\"name\":\"mod_feed\",\"type\":\"module\",\"creationDate\":\"2005-07\",\"author\":\"Joomla! Project\",\"copyright\":\"(C) 2005 Open Source Matters, Inc.\",\"authorEmail\":\"admin@joomla.org\",\"authorUrl\":\"www.joomla.org\",\"version\":\"3.0.0\",\"description\":\"MOD_FEED_XML_DESCRIPTION\",\"group\":\"\",\"namespace\":\"Joomla\\\\Module\\\\Feed\",\"filename\":\"mod_feed\"}', '', '', NULL, NULL, 0, 0, NULL),
(46, 0, 'mod_footer', 'module', 'mod_footer', NULL, '', 0, 1, 1, 0, 1, '{\"name\":\"mod_footer\",\"type\":\"module\",\"creationDate\":\"2006-07\",\"author\":\"Joomla! Project\",\"copyright\":\"(C) 2006 Open Source Matters, Inc.\",\"authorEmail\":\"admin@joomla.org\",\"authorUrl\":\"www.joomla.org\",\"version\":\"3.0.0\",\"description\":\"MOD_FOOTER_XML_DESCRIPTION\",\"group\":\"\",\"namespace\":\"Joomla\\\\Module\\\\Footer\",\"filename\":\"mod_footer\"}', '', '', NULL, NULL, 0, 0, NULL),
(47, 0, 'mod_login', 'module', 'mod_login', NULL, '', 0, 1, 1, 0, 1, '{\"name\":\"mod_login\",\"type\":\"module\",\"creationDate\":\"2006-07\",\"author\":\"Joomla! Project\",\"copyright\":\"(C) 2006 Open Source Matters, Inc.\",\"authorEmail\":\"admin@joomla.org\",\"authorUrl\":\"www.joomla.org\",\"version\":\"3.0.0\",\"description\":\"MOD_LOGIN_XML_DESCRIPTION\",\"group\":\"\",\"namespace\":\"Joomla\\\\Module\\\\Login\",\"filename\":\"mod_login\"}', '', '', NULL, NULL, 0, 0, NULL),
(48, 0, 'mod_menu', 'module', 'mod_menu', NULL, '', 0, 1, 1, 0, 1, '{\"name\":\"mod_menu\",\"type\":\"module\",\"creationDate\":\"2004-07\",\"author\":\"Joomla! Project\",\"copyright\":\"(C) 2005 Open Source Matters, Inc.\",\"authorEmail\":\"admin@joomla.org\",\"authorUrl\":\"www.joomla.org\",\"version\":\"3.0.0\",\"description\":\"MOD_MENU_XML_DESCRIPTION\",\"group\":\"\",\"namespace\":\"Joomla\\\\Module\\\\Menu\",\"filename\":\"mod_menu\"}', '', '', NULL, NULL, 0, 0, NULL),
(49, 0, 'mod_articles_news', 'module', 'mod_articles_news', NULL, '', 0, 1, 1, 0, 1, '{\"name\":\"mod_articles_news\",\"type\":\"module\",\"creationDate\":\"2006-07\",\"author\":\"Joomla! Project\",\"copyright\":\"(C) 2006 Open Source Matters, Inc.\",\"authorEmail\":\"admin@joomla.org\",\"authorUrl\":\"www.joomla.org\",\"version\":\"3.0.0\",\"description\":\"MOD_ARTICLES_NEWS_XML_DESCRIPTION\",\"group\":\"\",\"namespace\":\"Joomla\\\\Module\\\\ArticlesNews\",\"filename\":\"mod_articles_news\"}', '', '', NULL, NULL, 0, 0, NULL),
(50, 0, 'mod_random_image', 'module', 'mod_random_image', NULL, '', 0, 1, 1, 0, 1, '{\"name\":\"mod_random_image\",\"type\":\"module\",\"creationDate\":\"2006-07\",\"author\":\"Joomla! Project\",\"copyright\":\"(C) 2006 Open Source Matters, Inc.\",\"authorEmail\":\"admin@joomla.org\",\"authorUrl\":\"www.joomla.org\",\"version\":\"3.0.0\",\"description\":\"MOD_RANDOM_IMAGE_XML_DESCRIPTION\",\"group\":\"\",\"namespace\":\"Joomla\\\\Module\\\\RandomImage\",\"filename\":\"mod_random_image\"}', '', '', NULL, NULL, 0, 0, NULL),
(51, 0, 'mod_related_items', 'module', 'mod_related_items', NULL, '', 0, 1, 1, 0, 1, '{\"name\":\"mod_related_items\",\"type\":\"module\",\"creationDate\":\"2004-07\",\"author\":\"Joomla! Project\",\"copyright\":\"(C) 2005 Open Source Matters, Inc.\",\"authorEmail\":\"admin@joomla.org\",\"authorUrl\":\"www.joomla.org\",\"version\":\"3.0.0\",\"description\":\"MOD_RELATED_XML_DESCRIPTION\",\"group\":\"\",\"namespace\":\"Joomla\\\\Module\\\\RelatedItems\",\"filename\":\"mod_related_items\"}', '', '', NULL, NULL, 0, 0, NULL),
(52, 0, 'mod_stats', 'module', 'mod_stats', NULL, '', 0, 1, 1, 0, 1, '{\"name\":\"mod_stats\",\"type\":\"module\",\"creationDate\":\"2004-07\",\"author\":\"Joomla! Project\",\"copyright\":\"(C) 2005 Open Source Matters, Inc.\",\"authorEmail\":\"admin@joomla.org\",\"authorUrl\":\"www.joomla.org\",\"version\":\"3.0.0\",\"description\":\"MOD_STATS_XML_DESCRIPTION\",\"group\":\"\",\"namespace\":\"Joomla\\\\Module\\\\Stats\",\"filename\":\"mod_stats\"}', '', '', NULL, NULL, 0, 0, NULL),
(53, 0, 'mod_syndicate', 'module', 'mod_syndicate', NULL, '', 0, 1, 1, 0, 1, '{\"name\":\"mod_syndicate\",\"type\":\"module\",\"creationDate\":\"2006-05\",\"author\":\"Joomla! Project\",\"copyright\":\"(C) 2006 Open Source Matters, Inc.\",\"authorEmail\":\"admin@joomla.org\",\"authorUrl\":\"www.joomla.org\",\"version\":\"3.0.0\",\"description\":\"MOD_SYNDICATE_XML_DESCRIPTION\",\"group\":\"\",\"namespace\":\"Joomla\\\\Module\\\\Syndicate\",\"filename\":\"mod_syndicate\"}', '', '', NULL, NULL, 0, 0, NULL),
(54, 0, 'mod_users_latest', 'module', 'mod_users_latest', NULL, '', 0, 1, 1, 0, 1, '{\"name\":\"mod_users_latest\",\"type\":\"module\",\"creationDate\":\"2009-12\",\"author\":\"Joomla! Project\",\"copyright\":\"(C) 2009 Open Source Matters, Inc.\",\"authorEmail\":\"admin@joomla.org\",\"authorUrl\":\"www.joomla.org\",\"version\":\"3.0.0\",\"description\":\"MOD_USERS_LATEST_XML_DESCRIPTION\",\"group\":\"\",\"namespace\":\"Joomla\\\\Module\\\\UsersLatest\",\"filename\":\"mod_users_latest\"}', '', '', NULL, NULL, 0, 0, NULL),
(55, 0, 'mod_whosonline', 'module', 'mod_whosonline', NULL, '', 0, 1, 1, 0, 1, '{\"name\":\"mod_whosonline\",\"type\":\"module\",\"creationDate\":\"2004-07\",\"author\":\"Joomla! Project\",\"copyright\":\"(C) 2005 Open Source Matters, Inc.\",\"authorEmail\":\"admin@joomla.org\",\"authorUrl\":\"www.joomla.org\",\"version\":\"3.0.0\",\"description\":\"MOD_WHOSONLINE_XML_DESCRIPTION\",\"group\":\"\",\"namespace\":\"Joomla\\\\Module\\\\Whosonline\",\"filename\":\"mod_whosonline\"}', '', '', NULL, NULL, 0, 0, NULL),
(56, 0, 'mod_wrapper', 'module', 'mod_wrapper', NULL, '', 0, 1, 1, 0, 1, '{\"name\":\"mod_wrapper\",\"type\":\"module\",\"creationDate\":\"2004-10\",\"author\":\"Joomla! Project\",\"copyright\":\"(C) 2005 Open Source Matters, Inc.\",\"authorEmail\":\"admin@joomla.org\",\"authorUrl\":\"www.joomla.org\",\"version\":\"3.0.0\",\"description\":\"MOD_WRAPPER_XML_DESCRIPTION\",\"group\":\"\",\"namespace\":\"Joomla\\\\Module\\\\Wrapper\",\"filename\":\"mod_wrapper\"}', '', '', NULL, NULL, 0, 0, NULL),
(57, 0, 'mod_articles_category', 'module', 'mod_articles_category', NULL, '', 0, 1, 1, 0, 1, '{\"name\":\"mod_articles_category\",\"type\":\"module\",\"creationDate\":\"2010-02\",\"author\":\"Joomla! Project\",\"copyright\":\"(C) 2010 Open Source Matters, Inc.\",\"authorEmail\":\"admin@joomla.org\",\"authorUrl\":\"www.joomla.org\",\"version\":\"3.0.0\",\"description\":\"MOD_ARTICLES_CATEGORY_XML_DESCRIPTION\",\"group\":\"\",\"namespace\":\"Joomla\\\\Module\\\\ArticlesCategory\",\"filename\":\"mod_articles_category\"}', '', '', NULL, NULL, 0, 0, NULL),
(58, 0, 'mod_articles_categories', 'module', 'mod_articles_categories', NULL, '', 0, 1, 1, 0, 1, '{\"name\":\"mod_articles_categories\",\"type\":\"module\",\"creationDate\":\"2010-02\",\"author\":\"Joomla! Project\",\"copyright\":\"(C) 2010 Open Source Matters, Inc.\",\"authorEmail\":\"admin@joomla.org\",\"authorUrl\":\"www.joomla.org\",\"version\":\"3.0.0\",\"description\":\"MOD_ARTICLES_CATEGORIES_XML_DESCRIPTION\",\"group\":\"\",\"namespace\":\"Joomla\\\\Module\\\\ArticlesCategories\",\"filename\":\"mod_articles_categories\"}', '', '', NULL, NULL, 0, 0, NULL),
(59, 0, 'mod_languages', 'module', 'mod_languages', NULL, '', 0, 1, 1, 0, 1, '{\"name\":\"mod_languages\",\"type\":\"module\",\"creationDate\":\"2010-02\",\"author\":\"Joomla! Project\",\"copyright\":\"(C) 2010 Open Source Matters, Inc.\",\"authorEmail\":\"admin@joomla.org\",\"authorUrl\":\"www.joomla.org\",\"version\":\"3.5.0\",\"description\":\"MOD_LANGUAGES_XML_DESCRIPTION\",\"group\":\"\",\"namespace\":\"Joomla\\\\Module\\\\Languages\",\"filename\":\"mod_languages\"}', '', '', NULL, NULL, 0, 0, NULL),
(60, 0, 'mod_finder', 'module', 'mod_finder', NULL, '', 0, 1, 0, 0, 1, '{\"name\":\"mod_finder\",\"type\":\"module\",\"creationDate\":\"2011-08\",\"author\":\"Joomla! Project\",\"copyright\":\"(C) 2011 Open Source Matters, Inc.\",\"authorEmail\":\"admin@joomla.org\",\"authorUrl\":\"www.joomla.org\",\"version\":\"3.0.0\",\"description\":\"MOD_FINDER_XML_DESCRIPTION\",\"group\":\"\",\"namespace\":\"Joomla\\\\Module\\\\Finder\",\"filename\":\"mod_finder\"}', '', '', NULL, NULL, 0, 0, NULL),
(61, 0, 'MOD_ARTICLES', 'module', 'mod_articles', NULL, '', 0, 1, 0, 0, 1, '{\"name\":\"MOD_ARTICLES\",\"type\":\"module\",\"creationDate\":\"2024-07\",\"author\":\"Joomla! Project\",\"copyright\":\"(C) 2024 Open Source Matters, Inc.\",\"authorEmail\":\"admin@joomla.org\",\"authorUrl\":\"www.joomla.org\",\"version\":\"5.2.0\",\"description\":\"MOD_ARTICLES_XML_DESCRIPTION\",\"group\":\"\",\"namespace\":\"Joomla\\\\Module\\\\Articles\",\"filename\":\"mod_articles\"}', '', '', NULL, NULL, 0, 0, NULL),
(62, 0, 'mod_custom', 'module', 'mod_custom', NULL, '', 1, 1, 1, 0, 1, '{\"name\":\"mod_custom\",\"type\":\"module\",\"creationDate\":\"2004-07\",\"author\":\"Joomla! Project\",\"copyright\":\"(C) 2005 Open Source Matters, Inc.\",\"authorEmail\":\"admin@joomla.org\",\"authorUrl\":\"www.joomla.org\",\"version\":\"3.0.0\",\"description\":\"MOD_CUSTOM_XML_DESCRIPTION\",\"group\":\"\",\"namespace\":\"Joomla\\\\Module\\\\Custom\",\"filename\":\"mod_custom\"}', '', '', NULL, NULL, 0, 0, NULL),
(63, 0, 'mod_feed', 'module', 'mod_feed', NULL, '', 1, 1, 1, 0, 1, '{\"name\":\"mod_feed\",\"type\":\"module\",\"creationDate\":\"2005-07\",\"author\":\"Joomla! Project\",\"copyright\":\"(C) 2005 Open Source Matters, Inc.\",\"authorEmail\":\"admin@joomla.org\",\"authorUrl\":\"www.joomla.org\",\"version\":\"3.0.0\",\"description\":\"MOD_FEED_XML_DESCRIPTION\",\"group\":\"\",\"namespace\":\"Joomla\\\\Module\\\\Feed\",\"filename\":\"mod_feed\"}', '', '', NULL, NULL, 0, 0, NULL),
(64, 0, 'mod_latest', 'module', 'mod_latest', NULL, '', 1, 1, 1, 0, 1, '{\"name\":\"mod_latest\",\"type\":\"module\",\"creationDate\":\"2004-07\",\"author\":\"Joomla! Project\",\"copyright\":\"(C) 2005 Open Source Matters, Inc.\",\"authorEmail\":\"admin@joomla.org\",\"authorUrl\":\"www.joomla.org\",\"version\":\"3.0.0\",\"description\":\"MOD_LATEST_XML_DESCRIPTION\",\"group\":\"\",\"namespace\":\"Joomla\\\\Module\\\\Latest\",\"filename\":\"mod_latest\"}', '', '', NULL, NULL, 0, 0, NULL),
(65, 0, 'mod_logged', 'module', 'mod_logged', NULL, '', 1, 1, 1, 0, 1, '{\"name\":\"mod_logged\",\"type\":\"module\",\"creationDate\":\"2005-01\",\"author\":\"Joomla! Project\",\"copyright\":\"(C) 2005 Open Source Matters, Inc.\",\"authorEmail\":\"admin@joomla.org\",\"authorUrl\":\"www.joomla.org\",\"version\":\"3.0.0\",\"description\":\"MOD_LOGGED_XML_DESCRIPTION\",\"group\":\"\",\"namespace\":\"Joomla\\\\Module\\\\Logged\",\"filename\":\"mod_logged\"}', '', '', NULL, NULL, 0, 0, NULL),
(66, 0, 'mod_login', 'module', 'mod_login', NULL, '', 1, 1, 1, 0, 1, '{\"name\":\"mod_login\",\"type\":\"module\",\"creationDate\":\"2005-03\",\"author\":\"Joomla! Project\",\"copyright\":\"(C) 2005 Open Source Matters, Inc.\",\"authorEmail\":\"admin@joomla.org\",\"authorUrl\":\"www.joomla.org\",\"version\":\"3.0.0\",\"description\":\"MOD_LOGIN_XML_DESCRIPTION\",\"group\":\"\",\"namespace\":\"Joomla\\\\Module\\\\Login\",\"filename\":\"mod_login\"}', '', '', NULL, NULL, 0, 0, NULL),
(67, 0, 'mod_loginsupport', 'module', 'mod_loginsupport', NULL, '', 1, 1, 1, 0, 1, '{\"name\":\"mod_loginsupport\",\"type\":\"module\",\"creationDate\":\"2019-06\",\"author\":\"Joomla! Project\",\"copyright\":\"(C) 2019 Open Source Matters, Inc.\",\"authorEmail\":\"admin@joomla.org\",\"authorUrl\":\"www.joomla.org\",\"version\":\"4.0.0\",\"description\":\"MOD_LOGINSUPPORT_XML_DESCRIPTION\",\"group\":\"\",\"namespace\":\"Joomla\\\\Module\\\\Loginsupport\",\"filename\":\"mod_loginsupport\"}', '', '', NULL, NULL, 0, 0, NULL),
(68, 0, 'mod_menu', 'module', 'mod_menu', NULL, '', 1, 1, 1, 0, 1, '{\"name\":\"mod_menu\",\"type\":\"module\",\"creationDate\":\"2006-03\",\"author\":\"Joomla! Project\",\"copyright\":\"(C) 2006 Open Source Matters, Inc.\",\"authorEmail\":\"admin@joomla.org\",\"authorUrl\":\"www.joomla.org\",\"version\":\"3.0.0\",\"description\":\"MOD_MENU_XML_DESCRIPTION\",\"group\":\"\",\"namespace\":\"Joomla\\\\Module\\\\Menu\",\"filename\":\"mod_menu\"}', '', '', NULL, NULL, 0, 0, NULL),
(69, 0, 'mod_popular', 'module', 'mod_popular', NULL, '', 1, 1, 1, 0, 1, '{\"name\":\"mod_popular\",\"type\":\"module\",\"creationDate\":\"2004-07\",\"author\":\"Joomla! Project\",\"copyright\":\"(C) 2005 Open Source Matters, Inc.\",\"authorEmail\":\"admin@joomla.org\",\"authorUrl\":\"www.joomla.org\",\"version\":\"3.0.0\",\"description\":\"MOD_POPULAR_XML_DESCRIPTION\",\"group\":\"\",\"namespace\":\"Joomla\\\\Module\\\\Popular\",\"filename\":\"mod_popular\"}', '', '', NULL, NULL, 0, 0, NULL),
(70, 0, 'mod_quickicon', 'module', 'mod_quickicon', NULL, '', 1, 1, 1, 0, 1, '{\"name\":\"mod_quickicon\",\"type\":\"module\",\"creationDate\":\"2005-11\",\"author\":\"Joomla! Project\",\"copyright\":\"(C) 2005 Open Source Matters, Inc.\",\"authorEmail\":\"admin@joomla.org\",\"authorUrl\":\"www.joomla.org\",\"version\":\"3.0.0\",\"description\":\"MOD_QUICKICON_XML_DESCRIPTION\",\"group\":\"\",\"namespace\":\"Joomla\\\\Module\\\\Quickicon\",\"filename\":\"mod_quickicon\"}', '', '', NULL, NULL, 0, 0, NULL),
(71, 0, 'mod_frontend', 'module', 'mod_frontend', NULL, '', 1, 1, 1, 0, 1, '{\"name\":\"mod_frontend\",\"type\":\"module\",\"creationDate\":\"2019-07\",\"author\":\"Joomla! Project\",\"copyright\":\"(C) 2019 Open Source Matters, Inc.\",\"authorEmail\":\"admin@joomla.org\",\"authorUrl\":\"www.joomla.org\",\"version\":\"4.0.0\",\"description\":\"MOD_FRONTEND_XML_DESCRIPTION\",\"group\":\"\",\"namespace\":\"Joomla\\\\Module\\\\Frontend\",\"filename\":\"mod_frontend\"}', '', '', NULL, NULL, 0, 0, NULL),
(72, 0, 'mod_messages', 'module', 'mod_messages', NULL, '', 1, 1, 1, 0, 1, '{\"name\":\"mod_messages\",\"type\":\"module\",\"creationDate\":\"2019-07\",\"author\":\"Joomla! Project\",\"copyright\":\"(C) 2019 Open Source Matters, Inc.\",\"authorEmail\":\"admin@joomla.org\",\"authorUrl\":\"www.joomla.org\",\"version\":\"4.0.0\",\"description\":\"MOD_MESSAGES_XML_DESCRIPTION\",\"group\":\"\",\"namespace\":\"Joomla\\\\Module\\\\Messages\",\"filename\":\"mod_messages\"}', '', '', NULL, NULL, 0, 0, NULL),
(73, 0, 'mod_post_installation_messages', 'module', 'mod_post_installation_messages', NULL, '', 1, 1, 1, 0, 1, '{\"name\":\"mod_post_installation_messages\",\"type\":\"module\",\"creationDate\":\"2019-07\",\"author\":\"Joomla! Project\",\"copyright\":\"(C) 2019 Open Source Matters, Inc.\",\"authorEmail\":\"admin@joomla.org\",\"authorUrl\":\"www.joomla.org\",\"version\":\"4.0.0\",\"description\":\"MOD_POST_INSTALLATION_MESSAGES_XML_DESCRIPTION\",\"group\":\"\",\"namespace\":\"Joomla\\\\Module\\\\PostInstallationMessages\",\"filename\":\"mod_post_installation_messages\"}', '', '', NULL, NULL, 0, 0, NULL),
(74, 0, 'mod_user', 'module', 'mod_user', NULL, '', 1, 1, 1, 0, 1, '{\"name\":\"mod_user\",\"type\":\"module\",\"creationDate\":\"2019-07\",\"author\":\"Joomla! Project\",\"copyright\":\"(C) 2019 Open Source Matters, Inc.\",\"authorEmail\":\"admin@joomla.org\",\"authorUrl\":\"www.joomla.org\",\"version\":\"4.0.0\",\"description\":\"MOD_USER_XML_DESCRIPTION\",\"group\":\"\",\"namespace\":\"Joomla\\\\Module\\\\User\",\"filename\":\"mod_user\"}', '', '', NULL, NULL, 0, 0, NULL),
(75, 0, 'mod_title', 'module', 'mod_title', NULL, '', 1, 1, 1, 0, 1, '{\"name\":\"mod_title\",\"type\":\"module\",\"creationDate\":\"2005-11\",\"author\":\"Joomla! Project\",\"copyright\":\"(C) 2005 Open Source Matters, Inc.\",\"authorEmail\":\"admin@joomla.org\",\"authorUrl\":\"www.joomla.org\",\"version\":\"3.0.0\",\"description\":\"MOD_TITLE_XML_DESCRIPTION\",\"group\":\"\",\"namespace\":\"Joomla\\\\Module\\\\Title\",\"filename\":\"mod_title\"}', '', '', NULL, NULL, 0, 0, NULL),
(76, 0, 'mod_toolbar', 'module', 'mod_toolbar', NULL, '', 1, 1, 1, 0, 1, '{\"name\":\"mod_toolbar\",\"type\":\"module\",\"creationDate\":\"2005-11\",\"author\":\"Joomla! Project\",\"copyright\":\"(C) 2005 Open Source Matters, Inc.\",\"authorEmail\":\"admin@joomla.org\",\"authorUrl\":\"www.joomla.org\",\"version\":\"3.0.0\",\"description\":\"MOD_TOOLBAR_XML_DESCRIPTION\",\"group\":\"\",\"namespace\":\"Joomla\\\\Module\\\\Toolbar\",\"filename\":\"mod_toolbar\"}', '', '', NULL, NULL, 0, 0, NULL),
(77, 0, 'mod_multilangstatus', 'module', 'mod_multilangstatus', NULL, '', 1, 1, 1, 0, 1, '{\"name\":\"mod_multilangstatus\",\"type\":\"module\",\"creationDate\":\"2011-09\",\"author\":\"Joomla! Project\",\"copyright\":\"(C) 2011 Open Source Matters, Inc.\",\"authorEmail\":\"admin@joomla.org\",\"authorUrl\":\"www.joomla.org\",\"version\":\"3.0.0\",\"description\":\"MOD_MULTILANGSTATUS_XML_DESCRIPTION\",\"group\":\"\",\"namespace\":\"Joomla\\\\Module\\\\MultilangStatus\",\"filename\":\"mod_multilangstatus\"}', '{\"cache\":\"0\"}', '', NULL, NULL, 0, 0, NULL),
(78, 0, 'mod_version', 'module', 'mod_version', NULL, '', 1, 1, 1, 0, 1, '{\"name\":\"mod_version\",\"type\":\"module\",\"creationDate\":\"2012-01\",\"author\":\"Joomla! Project\",\"copyright\":\"(C) 2012 Open Source Matters, Inc.\",\"authorEmail\":\"admin@joomla.org\",\"authorUrl\":\"www.joomla.org\",\"version\":\"3.0.0\",\"description\":\"MOD_VERSION_XML_DESCRIPTION\",\"group\":\"\",\"namespace\":\"Joomla\\\\Module\\\\Version\",\"filename\":\"mod_version\"}', '{\"cache\":\"0\"}', '', NULL, NULL, 0, 0, NULL),
(79, 0, 'mod_stats_admin', 'module', 'mod_stats_admin', NULL, '', 1, 1, 1, 0, 1, '{\"name\":\"mod_stats_admin\",\"type\":\"module\",\"creationDate\":\"2004-07\",\"author\":\"Joomla! Project\",\"copyright\":\"(C) 2005 Open Source Matters, Inc.\",\"authorEmail\":\"admin@joomla.org\",\"authorUrl\":\"www.joomla.org\",\"version\":\"3.0.0\",\"description\":\"MOD_STATS_XML_DESCRIPTION\",\"group\":\"\",\"namespace\":\"Joomla\\\\Module\\\\StatsAdmin\",\"filename\":\"mod_stats_admin\"}', '{\"serverinfo\":\"0\",\"siteinfo\":\"0\",\"counter\":\"0\",\"increase\":\"0\",\"cache\":\"1\",\"cache_time\":\"900\",\"cachemode\":\"static\"}', '', NULL, NULL, 0, 0, NULL);
INSERT INTO `xsrs3_extensions` (`extension_id`, `package_id`, `name`, `type`, `element`, `changelogurl`, `folder`, `client_id`, `enabled`, `access`, `protected`, `locked`, `manifest_cache`, `params`, `custom_data`, `checked_out`, `checked_out_time`, `ordering`, `state`, `note`) VALUES
(80, 0, 'mod_tags_popular', 'module', 'mod_tags_popular', NULL, '', 0, 1, 1, 0, 1, '{\"name\":\"mod_tags_popular\",\"type\":\"module\",\"creationDate\":\"2013-01\",\"author\":\"Joomla! Project\",\"copyright\":\"(C) 2013 Open Source Matters, Inc.\",\"authorEmail\":\"admin@joomla.org\",\"authorUrl\":\"www.joomla.org\",\"version\":\"3.1.0\",\"description\":\"MOD_TAGS_POPULAR_XML_DESCRIPTION\",\"group\":\"\",\"namespace\":\"Joomla\\\\Module\\\\TagsPopular\",\"filename\":\"mod_tags_popular\"}', '{\"maximum\":\"5\",\"timeframe\":\"alltime\",\"owncache\":\"1\"}', '', NULL, NULL, 0, 0, NULL),
(81, 0, 'mod_tags_similar', 'module', 'mod_tags_similar', NULL, '', 0, 1, 1, 0, 1, '{\"name\":\"mod_tags_similar\",\"type\":\"module\",\"creationDate\":\"2013-01\",\"author\":\"Joomla! Project\",\"copyright\":\"(C) 2013 Open Source Matters, Inc.\",\"authorEmail\":\"admin@joomla.org\",\"authorUrl\":\"www.joomla.org\",\"version\":\"3.1.0\",\"description\":\"MOD_TAGS_SIMILAR_XML_DESCRIPTION\",\"group\":\"\",\"namespace\":\"Joomla\\\\Module\\\\TagsSimilar\",\"filename\":\"mod_tags_similar\"}', '{\"maximum\":\"5\",\"matchtype\":\"any\",\"owncache\":\"1\"}', '', NULL, NULL, 0, 0, NULL),
(82, 0, 'mod_sampledata', 'module', 'mod_sampledata', NULL, '', 1, 1, 1, 0, 1, '{\"name\":\"mod_sampledata\",\"type\":\"module\",\"creationDate\":\"2017-07\",\"author\":\"Joomla! Project\",\"copyright\":\"(C) 2017 Open Source Matters, Inc.\",\"authorEmail\":\"admin@joomla.org\",\"authorUrl\":\"www.joomla.org\",\"version\":\"3.8.0\",\"description\":\"MOD_SAMPLEDATA_XML_DESCRIPTION\",\"group\":\"\",\"namespace\":\"Joomla\\\\Module\\\\Sampledata\",\"filename\":\"mod_sampledata\"}', '{}', '', NULL, NULL, 0, 0, NULL),
(83, 0, 'mod_latestactions', 'module', 'mod_latestactions', NULL, '', 1, 1, 1, 0, 1, '{\"name\":\"mod_latestactions\",\"type\":\"module\",\"creationDate\":\"2018-05\",\"author\":\"Joomla! Project\",\"copyright\":\"(C) 2018 Open Source Matters, Inc.\",\"authorEmail\":\"admin@joomla.org\",\"authorUrl\":\"www.joomla.org\",\"version\":\"3.9.0\",\"description\":\"MOD_LATESTACTIONS_XML_DESCRIPTION\",\"group\":\"\",\"namespace\":\"Joomla\\\\Module\\\\LatestActions\",\"filename\":\"mod_latestactions\"}', '{}', '', NULL, NULL, 0, 0, NULL),
(84, 0, 'mod_privacy_dashboard', 'module', 'mod_privacy_dashboard', NULL, '', 1, 1, 1, 0, 1, '{\"name\":\"mod_privacy_dashboard\",\"type\":\"module\",\"creationDate\":\"2018-06\",\"author\":\"Joomla! Project\",\"copyright\":\"(C) 2018 Open Source Matters, Inc.\",\"authorEmail\":\"admin@joomla.org\",\"authorUrl\":\"www.joomla.org\",\"version\":\"3.9.0\",\"description\":\"MOD_PRIVACY_DASHBOARD_XML_DESCRIPTION\",\"group\":\"\",\"namespace\":\"Joomla\\\\Module\\\\PrivacyDashboard\",\"filename\":\"mod_privacy_dashboard\"}', '{}', '', NULL, NULL, 0, 0, NULL),
(85, 0, 'mod_submenu', 'module', 'mod_submenu', NULL, '', 1, 1, 1, 0, 1, '{\"name\":\"mod_submenu\",\"type\":\"module\",\"creationDate\":\"2006-02\",\"author\":\"Joomla! Project\",\"copyright\":\"(C) 2006 Open Source Matters, Inc.\",\"authorEmail\":\"admin@joomla.org\",\"authorUrl\":\"www.joomla.org\",\"version\":\"3.0.0\",\"description\":\"MOD_SUBMENU_XML_DESCRIPTION\",\"group\":\"\",\"namespace\":\"Joomla\\\\Module\\\\Submenu\",\"filename\":\"mod_submenu\"}', '{}', '', NULL, NULL, 0, 0, NULL),
(86, 0, 'mod_privacy_status', 'module', 'mod_privacy_status', NULL, '', 1, 1, 1, 0, 1, '{\"name\":\"mod_privacy_status\",\"type\":\"module\",\"creationDate\":\"2019-07\",\"author\":\"Joomla! Project\",\"copyright\":\"(C) 2019 Open Source Matters, Inc.\",\"authorEmail\":\"admin@joomla.org\",\"authorUrl\":\"www.joomla.org\",\"version\":\"4.0.0\",\"description\":\"MOD_PRIVACY_STATUS_XML_DESCRIPTION\",\"group\":\"\",\"namespace\":\"Joomla\\\\Module\\\\PrivacyStatus\",\"filename\":\"mod_privacy_status\"}', '{}', '', NULL, NULL, 0, 0, NULL),
(87, 0, 'mod_guidedtours', 'module', 'mod_guidedtours', NULL, '', 1, 1, 1, 0, 1, '{\"name\":\"mod_guidedtours\",\"type\":\"module\",\"creationDate\":\"2023-02\",\"author\":\"Joomla! Project\",\"copyright\":\"(C) 2023 Open Source Matters, Inc.\",\"authorEmail\":\"admin@joomla.org\",\"authorUrl\":\"www.joomla.org\",\"version\":\"4.3.0\",\"description\":\"MOD_GUIDEDTOURS_XML_DESCRIPTION\",\"group\":\"\",\"namespace\":\"Joomla\\\\Module\\\\GuidedTours\",\"filename\":\"mod_guidedtours\"}', '{}', '', NULL, NULL, 0, 0, NULL),
(88, 0, 'plg_actionlog_joomla', 'plugin', 'joomla', NULL, 'actionlog', 0, 1, 1, 0, 1, '{\"name\":\"plg_actionlog_joomla\",\"type\":\"plugin\",\"creationDate\":\"2018-05\",\"author\":\"Joomla! Project\",\"copyright\":\"(C) 2018 Open Source Matters, Inc.\",\"authorEmail\":\"admin@joomla.org\",\"authorUrl\":\"www.joomla.org\",\"version\":\"3.9.0\",\"description\":\"PLG_ACTIONLOG_JOOMLA_XML_DESCRIPTION\",\"group\":\"\",\"namespace\":\"Joomla\\\\Plugin\\\\Actionlog\\\\Joomla\",\"filename\":\"joomla\"}', '{}', '', NULL, NULL, 1, 0, NULL),
(89, 0, 'plg_api-authentication_basic', 'plugin', 'basic', NULL, 'api-authentication', 0, 0, 1, 0, 1, '{\"name\":\"plg_api-authentication_basic\",\"type\":\"plugin\",\"creationDate\":\"2005-11\",\"author\":\"Joomla! Project\",\"copyright\":\"(C) 2019 Open Source Matters, Inc.\",\"authorEmail\":\"admin@joomla.org\",\"authorUrl\":\"www.joomla.org\",\"version\":\"4.0.0\",\"description\":\"PLG_API-AUTHENTICATION_BASIC_XML_DESCRIPTION\",\"group\":\"\",\"namespace\":\"Joomla\\\\Plugin\\\\ApiAuthentication\\\\Basic\",\"filename\":\"basic\"}', '{}', '', NULL, NULL, 1, 0, NULL),
(90, 0, 'plg_api-authentication_token', 'plugin', 'token', NULL, 'api-authentication', 0, 1, 1, 0, 1, '{\"name\":\"plg_api-authentication_token\",\"type\":\"plugin\",\"creationDate\":\"2019-11\",\"author\":\"Joomla! Project\",\"copyright\":\"(C) 2020 Open Source Matters, Inc.\",\"authorEmail\":\"admin@joomla.org\",\"authorUrl\":\"www.joomla.org\",\"version\":\"4.0.0\",\"description\":\"PLG_API-AUTHENTICATION_TOKEN_XML_DESCRIPTION\",\"group\":\"\",\"namespace\":\"Joomla\\\\Plugin\\\\ApiAuthentication\\\\Token\",\"filename\":\"token\"}', '{}', '', NULL, NULL, 2, 0, NULL),
(91, 0, 'plg_authentication_cookie', 'plugin', 'cookie', NULL, 'authentication', 0, 1, 1, 0, 1, '{\"name\":\"plg_authentication_cookie\",\"type\":\"plugin\",\"creationDate\":\"2013-07\",\"author\":\"Joomla! Project\",\"copyright\":\"(C) 2013 Open Source Matters, Inc.\",\"authorEmail\":\"admin@joomla.org\",\"authorUrl\":\"www.joomla.org\",\"version\":\"3.0.0\",\"description\":\"PLG_AUTHENTICATION_COOKIE_XML_DESCRIPTION\",\"group\":\"\",\"namespace\":\"Joomla\\\\Plugin\\\\Authentication\\\\Cookie\",\"filename\":\"cookie\"}', '', '', NULL, NULL, 1, 0, NULL),
(92, 0, 'plg_authentication_joomla', 'plugin', 'joomla', NULL, 'authentication', 0, 1, 1, 1, 1, '{\"name\":\"plg_authentication_joomla\",\"type\":\"plugin\",\"creationDate\":\"2005-11\",\"author\":\"Joomla! Project\",\"copyright\":\"(C) 2005 Open Source Matters, Inc.\",\"authorEmail\":\"admin@joomla.org\",\"authorUrl\":\"www.joomla.org\",\"version\":\"3.0.0\",\"description\":\"PLG_AUTHENTICATION_JOOMLA_XML_DESCRIPTION\",\"group\":\"\",\"namespace\":\"Joomla\\\\Plugin\\\\Authentication\\\\Joomla\",\"filename\":\"joomla\"}', '', '', NULL, NULL, 2, 0, NULL),
(93, 0, 'plg_authentication_ldap', 'plugin', 'ldap', NULL, 'authentication', 0, 0, 1, 0, 1, '{\"name\":\"plg_authentication_ldap\",\"type\":\"plugin\",\"creationDate\":\"2005-11\",\"author\":\"Joomla! Project\",\"copyright\":\"(C) 2005 Open Source Matters, Inc.\",\"authorEmail\":\"admin@joomla.org\",\"authorUrl\":\"www.joomla.org\",\"version\":\"3.0.0\",\"description\":\"PLG_LDAP_XML_DESCRIPTION\",\"group\":\"\",\"namespace\":\"Joomla\\\\Plugin\\\\Authentication\\\\Ldap\",\"filename\":\"ldap\"}', '{\"host\":\"\",\"port\":\"389\",\"use_ldapV3\":\"0\",\"negotiate_tls\":\"0\",\"no_referrals\":\"0\",\"auth_method\":\"bind\",\"base_dn\":\"\",\"search_string\":\"\",\"users_dn\":\"\",\"username\":\"admin\",\"password\":\"bobby7\",\"ldap_fullname\":\"fullName\",\"ldap_email\":\"mail\",\"ldap_uid\":\"uid\"}', '', NULL, NULL, 3, 0, NULL),
(94, 0, 'plg_behaviour_compat', 'plugin', 'compat', NULL, 'behaviour', 0, 1, 1, 0, 1, '{\"name\":\"plg_behaviour_compat\",\"type\":\"plugin\",\"creationDate\":\"2023-09\",\"author\":\"Joomla! Project\",\"copyright\":\"(C) 2023 Open Source Matters, Inc.\",\"authorEmail\":\"admin@joomla.org\",\"authorUrl\":\"www.joomla.org\",\"version\":\"5.0.0\",\"description\":\"PLG_COMPAT_XML_DESCRIPTION\",\"group\":\"\",\"namespace\":\"Joomla\\\\Plugin\\\\Behaviour\\\\Compat\",\"filename\":\"compat\"}', '{\"classes_aliases\":\"1\",\"es5_assets\":\"1\"}', '', NULL, NULL, 1, 0, NULL),
(95, 0, 'plg_behaviour_taggable', 'plugin', 'taggable', NULL, 'behaviour', 0, 1, 1, 0, 1, '{\"name\":\"plg_behaviour_taggable\",\"type\":\"plugin\",\"creationDate\":\"2015-08\",\"author\":\"Joomla! Project\",\"copyright\":\"(C) 2016 Open Source Matters, Inc.\",\"authorEmail\":\"admin@joomla.org\",\"authorUrl\":\"www.joomla.org\",\"version\":\"4.0.0\",\"description\":\"PLG_BEHAVIOUR_TAGGABLE_XML_DESCRIPTION\",\"group\":\"\",\"namespace\":\"Joomla\\\\Plugin\\\\Behaviour\\\\Taggable\",\"filename\":\"taggable\"}', '{}', '', NULL, NULL, 2, 0, NULL),
(96, 0, 'plg_behaviour_versionable', 'plugin', 'versionable', NULL, 'behaviour', 0, 1, 1, 0, 1, '{\"name\":\"plg_behaviour_versionable\",\"type\":\"plugin\",\"creationDate\":\"2015-08\",\"author\":\"Joomla! Project\",\"copyright\":\"(C) 2016 Open Source Matters, Inc.\",\"authorEmail\":\"admin@joomla.org\",\"authorUrl\":\"www.joomla.org\",\"version\":\"4.0.0\",\"description\":\"PLG_BEHAVIOUR_VERSIONABLE_XML_DESCRIPTION\",\"group\":\"\",\"namespace\":\"Joomla\\\\Plugin\\\\Behaviour\\\\Versionable\",\"filename\":\"versionable\"}', '{}', '', NULL, NULL, 3, 0, NULL),
(97, 0, 'plg_content_confirmconsent', 'plugin', 'confirmconsent', NULL, 'content', 0, 0, 1, 0, 1, '{\"name\":\"plg_content_confirmconsent\",\"type\":\"plugin\",\"creationDate\":\"2018-05\",\"author\":\"Joomla! Project\",\"copyright\":\"(C) 2018 Open Source Matters, Inc.\",\"authorEmail\":\"admin@joomla.org\",\"authorUrl\":\"www.joomla.org\",\"version\":\"3.9.0\",\"description\":\"PLG_CONTENT_CONFIRMCONSENT_XML_DESCRIPTION\",\"group\":\"\",\"namespace\":\"Joomla\\\\Plugin\\\\Content\\\\ConfirmConsent\",\"filename\":\"confirmconsent\"}', '{}', '', NULL, NULL, 1, 0, NULL),
(98, 0, 'plg_content_contact', 'plugin', 'contact', NULL, 'content', 0, 1, 1, 0, 1, '{\"name\":\"plg_content_contact\",\"type\":\"plugin\",\"creationDate\":\"2014-01\",\"author\":\"Joomla! Project\",\"copyright\":\"(C) 2014 Open Source Matters, Inc.\",\"authorEmail\":\"admin@joomla.org\",\"authorUrl\":\"www.joomla.org\",\"version\":\"3.2.2\",\"description\":\"PLG_CONTENT_CONTACT_XML_DESCRIPTION\",\"group\":\"\",\"namespace\":\"Joomla\\\\Plugin\\\\Content\\\\Contact\",\"filename\":\"contact\"}', '', '', NULL, NULL, 2, 0, NULL),
(99, 0, 'plg_content_emailcloak', 'plugin', 'emailcloak', NULL, 'content', 0, 1, 1, 0, 1, '{\"name\":\"plg_content_emailcloak\",\"type\":\"plugin\",\"creationDate\":\"2005-11\",\"author\":\"Joomla! Project\",\"copyright\":\"(C) 2005 Open Source Matters, Inc.\",\"authorEmail\":\"admin@joomla.org\",\"authorUrl\":\"www.joomla.org\",\"version\":\"3.0.0\",\"description\":\"PLG_CONTENT_EMAILCLOAK_XML_DESCRIPTION\",\"group\":\"\",\"namespace\":\"Joomla\\\\Plugin\\\\Content\\\\EmailCloak\",\"filename\":\"emailcloak\"}', '{\"mode\":\"1\"}', '', NULL, NULL, 3, 0, NULL),
(100, 0, 'plg_content_fields', 'plugin', 'fields', NULL, 'content', 0, 1, 1, 0, 1, '{\"name\":\"plg_content_fields\",\"type\":\"plugin\",\"creationDate\":\"2017-02\",\"author\":\"Joomla! Project\",\"copyright\":\"(C) 2017 Open Source Matters, Inc.\",\"authorEmail\":\"admin@joomla.org\",\"authorUrl\":\"www.joomla.org\",\"version\":\"3.7.0\",\"description\":\"PLG_CONTENT_FIELDS_XML_DESCRIPTION\",\"group\":\"\",\"namespace\":\"Joomla\\\\Plugin\\\\Content\\\\Fields\",\"filename\":\"fields\"}', '', '', NULL, NULL, 4, 0, NULL),
(101, 0, 'plg_content_finder', 'plugin', 'finder', NULL, 'content', 0, 1, 1, 0, 1, '{\"name\":\"plg_content_finder\",\"type\":\"plugin\",\"creationDate\":\"2011-12\",\"author\":\"Joomla! Project\",\"copyright\":\"(C) 2011 Open Source Matters, Inc.\",\"authorEmail\":\"admin@joomla.org\",\"authorUrl\":\"www.joomla.org\",\"version\":\"3.0.0\",\"description\":\"PLG_CONTENT_FINDER_XML_DESCRIPTION\",\"group\":\"\",\"namespace\":\"Joomla\\\\Plugin\\\\Content\\\\Finder\",\"filename\":\"finder\"}', '', '', NULL, NULL, 5, 0, NULL),
(102, 0, 'plg_content_joomla', 'plugin', 'joomla', NULL, 'content', 0, 1, 1, 0, 1, '{\"name\":\"plg_content_joomla\",\"type\":\"plugin\",\"creationDate\":\"2010-11\",\"author\":\"Joomla! Project\",\"copyright\":\"(C) 2010 Open Source Matters, Inc.\",\"authorEmail\":\"admin@joomla.org\",\"authorUrl\":\"www.joomla.org\",\"version\":\"3.0.0\",\"description\":\"PLG_CONTENT_JOOMLA_XML_DESCRIPTION\",\"group\":\"\",\"namespace\":\"Joomla\\\\Plugin\\\\Content\\\\Joomla\",\"filename\":\"joomla\"}', '', '', NULL, NULL, 6, 0, NULL),
(103, 0, 'plg_content_loadmodule', 'plugin', 'loadmodule', NULL, 'content', 0, 1, 1, 0, 1, '{\"name\":\"plg_content_loadmodule\",\"type\":\"plugin\",\"creationDate\":\"2005-11\",\"author\":\"Joomla! Project\",\"copyright\":\"(C) 2005 Open Source Matters, Inc.\",\"authorEmail\":\"admin@joomla.org\",\"authorUrl\":\"www.joomla.org\",\"version\":\"3.0.0\",\"description\":\"PLG_LOADMODULE_XML_DESCRIPTION\",\"group\":\"\",\"namespace\":\"Joomla\\\\Plugin\\\\Content\\\\LoadModule\",\"filename\":\"loadmodule\"}', '{\"style\":\"xhtml\"}', '', NULL, NULL, 7, 0, NULL),
(104, 0, 'plg_content_pagebreak', 'plugin', 'pagebreak', NULL, 'content', 0, 1, 1, 0, 1, '{\"name\":\"plg_content_pagebreak\",\"type\":\"plugin\",\"creationDate\":\"2005-11\",\"author\":\"Joomla! Project\",\"copyright\":\"(C) 2005 Open Source Matters, Inc.\",\"authorEmail\":\"admin@joomla.org\",\"authorUrl\":\"www.joomla.org\",\"version\":\"3.0.0\",\"description\":\"PLG_CONTENT_PAGEBREAK_XML_DESCRIPTION\",\"group\":\"\",\"namespace\":\"Joomla\\\\Plugin\\\\Content\\\\PageBreak\",\"filename\":\"pagebreak\"}', '{\"title\":\"1\",\"multipage_toc\":\"1\",\"showall\":\"1\"}', '', NULL, NULL, 8, 0, NULL),
(105, 0, 'plg_content_pagenavigation', 'plugin', 'pagenavigation', NULL, 'content', 0, 1, 1, 0, 1, '{\"name\":\"plg_content_pagenavigation\",\"type\":\"plugin\",\"creationDate\":\"2006-01\",\"author\":\"Joomla! Project\",\"copyright\":\"(C) 2006 Open Source Matters, Inc.\",\"authorEmail\":\"admin@joomla.org\",\"authorUrl\":\"www.joomla.org\",\"version\":\"3.0.0\",\"description\":\"PLG_PAGENAVIGATION_XML_DESCRIPTION\",\"group\":\"\",\"namespace\":\"Joomla\\\\Plugin\\\\Content\\\\PageNavigation\",\"filename\":\"pagenavigation\"}', '{\"position\":\"1\"}', '', NULL, NULL, 9, 0, NULL),
(106, 0, 'plg_content_vote', 'plugin', 'vote', NULL, 'content', 0, 0, 1, 0, 1, '{\"name\":\"plg_content_vote\",\"type\":\"plugin\",\"creationDate\":\"2005-11\",\"author\":\"Joomla! Project\",\"copyright\":\"(C) 2005 Open Source Matters, Inc.\",\"authorEmail\":\"admin@joomla.org\",\"authorUrl\":\"www.joomla.org\",\"version\":\"3.0.0\",\"description\":\"PLG_VOTE_XML_DESCRIPTION\",\"group\":\"\",\"namespace\":\"Joomla\\\\Plugin\\\\Content\\\\Vote\",\"filename\":\"vote\"}', '', '', NULL, NULL, 10, 0, NULL),
(107, 0, 'plg_editors-xtd_article', 'plugin', 'article', NULL, 'editors-xtd', 0, 1, 1, 0, 1, '{\"name\":\"plg_editors-xtd_article\",\"type\":\"plugin\",\"creationDate\":\"2009-10\",\"author\":\"Joomla! Project\",\"copyright\":\"(C) 2009 Open Source Matters, Inc.\",\"authorEmail\":\"admin@joomla.org\",\"authorUrl\":\"www.joomla.org\",\"version\":\"3.0.0\",\"description\":\"PLG_ARTICLE_XML_DESCRIPTION\",\"group\":\"\",\"namespace\":\"Joomla\\\\Plugin\\\\EditorsXtd\\\\Article\",\"filename\":\"article\"}', '', '', NULL, NULL, 1, 0, NULL),
(108, 0, 'plg_editors-xtd_contact', 'plugin', 'contact', NULL, 'editors-xtd', 0, 1, 1, 0, 1, '{\"name\":\"plg_editors-xtd_contact\",\"type\":\"plugin\",\"creationDate\":\"2016-10\",\"author\":\"Joomla! Project\",\"copyright\":\"(C) 2016 Open Source Matters, Inc.\",\"authorEmail\":\"admin@joomla.org\",\"authorUrl\":\"www.joomla.org\",\"version\":\"3.7.0\",\"description\":\"PLG_EDITORS-XTD_CONTACT_XML_DESCRIPTION\",\"group\":\"\",\"namespace\":\"Joomla\\\\Plugin\\\\EditorsXtd\\\\Contact\",\"filename\":\"contact\"}', '', '', NULL, NULL, 2, 0, NULL),
(109, 0, 'plg_editors-xtd_fields', 'plugin', 'fields', NULL, 'editors-xtd', 0, 1, 1, 0, 1, '{\"name\":\"plg_editors-xtd_fields\",\"type\":\"plugin\",\"creationDate\":\"2017-02\",\"author\":\"Joomla! Project\",\"copyright\":\"(C) 2017 Open Source Matters, Inc.\",\"authorEmail\":\"admin@joomla.org\",\"authorUrl\":\"www.joomla.org\",\"version\":\"3.7.0\",\"description\":\"PLG_EDITORS-XTD_FIELDS_XML_DESCRIPTION\",\"group\":\"\",\"namespace\":\"Joomla\\\\Plugin\\\\EditorsXtd\\\\Fields\",\"filename\":\"fields\"}', '', '', NULL, NULL, 3, 0, NULL),
(110, 0, 'plg_editors-xtd_image', 'plugin', 'image', NULL, 'editors-xtd', 0, 1, 1, 0, 1, '{\"name\":\"plg_editors-xtd_image\",\"type\":\"plugin\",\"creationDate\":\"2004-08\",\"author\":\"Joomla! Project\",\"copyright\":\"(C) 2005 Open Source Matters, Inc.\",\"authorEmail\":\"admin@joomla.org\",\"authorUrl\":\"www.joomla.org\",\"version\":\"3.0.0\",\"description\":\"PLG_IMAGE_XML_DESCRIPTION\",\"group\":\"\",\"namespace\":\"Joomla\\\\Plugin\\\\EditorsXtd\\\\Image\",\"filename\":\"image\"}', '', '', NULL, NULL, 4, 0, NULL),
(111, 0, 'plg_editors-xtd_menu', 'plugin', 'menu', NULL, 'editors-xtd', 0, 1, 1, 0, 1, '{\"name\":\"plg_editors-xtd_menu\",\"type\":\"plugin\",\"creationDate\":\"2016-08\",\"author\":\"Joomla! Project\",\"copyright\":\"(C) 2016 Open Source Matters, Inc.\",\"authorEmail\":\"admin@joomla.org\",\"authorUrl\":\"www.joomla.org\",\"version\":\"3.7.0\",\"description\":\"PLG_EDITORS-XTD_MENU_XML_DESCRIPTION\",\"group\":\"\",\"namespace\":\"Joomla\\\\Plugin\\\\EditorsXtd\\\\Menu\",\"filename\":\"menu\"}', '', '', NULL, NULL, 5, 0, NULL),
(112, 0, 'plg_editors-xtd_module', 'plugin', 'module', NULL, 'editors-xtd', 0, 1, 1, 0, 1, '{\"name\":\"plg_editors-xtd_module\",\"type\":\"plugin\",\"creationDate\":\"2015-10\",\"author\":\"Joomla! Project\",\"copyright\":\"(C) 2015 Open Source Matters, Inc.\",\"authorEmail\":\"admin@joomla.org\",\"authorUrl\":\"www.joomla.org\",\"version\":\"3.5.0\",\"description\":\"PLG_MODULE_XML_DESCRIPTION\",\"group\":\"\",\"namespace\":\"Joomla\\\\Plugin\\\\EditorsXtd\\\\Module\",\"filename\":\"module\"}', '', '', NULL, NULL, 6, 0, NULL),
(113, 0, 'plg_editors-xtd_pagebreak', 'plugin', 'pagebreak', NULL, 'editors-xtd', 0, 1, 1, 0, 1, '{\"name\":\"plg_editors-xtd_pagebreak\",\"type\":\"plugin\",\"creationDate\":\"2004-08\",\"author\":\"Joomla! Project\",\"copyright\":\"(C) 2005 Open Source Matters, Inc.\",\"authorEmail\":\"admin@joomla.org\",\"authorUrl\":\"www.joomla.org\",\"version\":\"3.0.0\",\"description\":\"PLG_EDITORSXTD_PAGEBREAK_XML_DESCRIPTION\",\"group\":\"\",\"namespace\":\"Joomla\\\\Plugin\\\\EditorsXtd\\\\PageBreak\",\"filename\":\"pagebreak\"}', '', '', NULL, NULL, 7, 0, NULL),
(114, 0, 'plg_editors-xtd_readmore', 'plugin', 'readmore', NULL, 'editors-xtd', 0, 1, 1, 0, 1, '{\"name\":\"plg_editors-xtd_readmore\",\"type\":\"plugin\",\"creationDate\":\"2006-03\",\"author\":\"Joomla! Project\",\"copyright\":\"(C) 2006 Open Source Matters, Inc.\",\"authorEmail\":\"admin@joomla.org\",\"authorUrl\":\"www.joomla.org\",\"version\":\"3.0.0\",\"description\":\"PLG_READMORE_XML_DESCRIPTION\",\"group\":\"\",\"namespace\":\"Joomla\\\\Plugin\\\\EditorsXtd\\\\ReadMore\",\"filename\":\"readmore\"}', '', '', NULL, NULL, 8, 0, NULL),
(115, 0, 'plg_editors_codemirror', 'plugin', 'codemirror', NULL, 'editors', 0, 1, 1, 0, 1, '{\"name\":\"plg_editors_codemirror\",\"type\":\"plugin\",\"creationDate\":\"28 March 2011\",\"author\":\"Marijn Haverbeke\",\"copyright\":\"Copyright (C) 2014 - 2021 by Marijn Haverbeke <marijnh@gmail.com> and others\",\"authorEmail\":\"marijnh@gmail.com\",\"authorUrl\":\"https:\\/\\/codemirror.net\\/\",\"version\":\"6.0.0\",\"description\":\"PLG_CODEMIRROR_XML_DESCRIPTION\",\"group\":\"\",\"namespace\":\"Joomla\\\\Plugin\\\\Editors\\\\CodeMirror\",\"filename\":\"codemirror\"}', '{\"lineNumbers\":\"1\",\"lineWrapping\":\"1\",\"matchTags\":\"1\",\"matchBrackets\":\"1\",\"marker-gutter\":\"1\",\"autoCloseTags\":\"1\",\"autoCloseBrackets\":\"1\",\"autoFocus\":\"1\",\"theme\":\"default\",\"tabmode\":\"indent\"}', '', NULL, NULL, 1, 0, NULL),
(116, 0, 'plg_editors_none', 'plugin', 'none', NULL, 'editors', 0, 1, 1, 1, 1, '{\"name\":\"plg_editors_none\",\"type\":\"plugin\",\"creationDate\":\"2005-09\",\"author\":\"Joomla! Project\",\"copyright\":\"(C) 2005 Open Source Matters, Inc.\",\"authorEmail\":\"admin@joomla.org\",\"authorUrl\":\"www.joomla.org\",\"version\":\"3.0.0\",\"description\":\"PLG_NONE_XML_DESCRIPTION\",\"group\":\"\",\"namespace\":\"Joomla\\\\Plugin\\\\Editors\\\\None\",\"filename\":\"none\"}', '', '', NULL, NULL, 2, 0, NULL),
(117, 0, 'plg_editors_tinymce', 'plugin', 'tinymce', NULL, 'editors', 0, 1, 1, 0, 1, '{\"name\":\"plg_editors_tinymce\",\"type\":\"plugin\",\"creationDate\":\"2005-08\",\"author\":\"Tiny Technologies, Inc\",\"copyright\":\"Tiny Technologies, Inc\",\"authorEmail\":\"N\\/A\",\"authorUrl\":\"https:\\/\\/www.tiny.cloud\",\"version\":\"6.8.4\",\"description\":\"PLG_TINY_XML_DESCRIPTION\",\"group\":\"\",\"namespace\":\"Joomla\\\\Plugin\\\\Editors\\\\TinyMCE\",\"filename\":\"tinymce\"}', '{\"configuration\":{\"toolbars\":{\"2\":{\"toolbar1\":[\"bold\",\"underline\",\"strikethrough\",\"|\",\"undo\",\"redo\",\"|\",\"bullist\",\"numlist\",\"|\",\"pastetext\"]},\"1\":{\"menu\":[\"edit\",\"insert\",\"view\",\"format\",\"table\",\"tools\"],\"toolbar1\":[\"bold\",\"italic\",\"underline\",\"strikethrough\",\"|\",\"alignleft\",\"aligncenter\",\"alignright\",\"alignjustify\",\"|\",\"blocks\",\"|\",\"bullist\",\"numlist\",\"|\",\"outdent\",\"indent\",\"|\",\"undo\",\"redo\",\"|\",\"link\",\"unlink\",\"anchor\",\"code\",\"|\",\"hr\",\"table\",\"|\",\"subscript\",\"superscript\",\"|\",\"charmap\",\"pastetext\",\"preview\"]},\"0\":{\"menu\":[\"edit\",\"insert\",\"view\",\"format\",\"table\",\"tools\"],\"toolbar1\":[\"bold\",\"italic\",\"underline\",\"strikethrough\",\"|\",\"alignleft\",\"aligncenter\",\"alignright\",\"alignjustify\",\"|\",\"styles\",\"|\",\"blocks\",\"fontfamily\",\"fontsize\",\"|\",\"searchreplace\",\"|\",\"bullist\",\"numlist\",\"|\",\"outdent\",\"indent\",\"|\",\"undo\",\"redo\",\"|\",\"link\",\"unlink\",\"anchor\",\"image\",\"|\",\"code\",\"|\",\"forecolor\",\"backcolor\",\"|\",\"fullscreen\",\"|\",\"table\",\"|\",\"subscript\",\"superscript\",\"|\",\"charmap\",\"emoticons\",\"media\",\"hr\",\"ltr\",\"rtl\",\"|\",\"cut\",\"copy\",\"paste\",\"pastetext\",\"|\",\"visualchars\",\"visualblocks\",\"nonbreaking\",\"blockquote\",\"jtemplate\",\"|\",\"print\",\"preview\",\"codesample\",\"insertdatetime\",\"removeformat\"]}},\"setoptions\":{\"2\":{\"access\":[\"1\"],\"skin\":\"0\",\"skin_admin\":\"0\",\"mobile\":\"0\",\"drag_drop\":\"1\",\"path\":\"\",\"entity_encoding\":\"raw\",\"lang_mode\":\"1\",\"text_direction\":\"ltr\",\"content_css\":\"1\",\"content_css_custom\":\"\",\"relative_urls\":\"1\",\"newlines\":\"0\",\"use_config_textfilters\":\"0\",\"invalid_elements\":\"script,applet,iframe\",\"valid_elements\":\"\",\"extended_elements\":\"\",\"resizing\":\"1\",\"resize_horizontal\":\"1\",\"element_path\":\"1\",\"wordcount\":\"1\",\"image_advtab\":\"0\",\"advlist\":\"1\",\"autosave\":\"1\",\"contextmenu\":\"1\",\"custom_plugin\":\"\",\"custom_button\":\"\"},\"1\":{\"access\":[\"6\",\"2\"],\"skin\":\"0\",\"skin_admin\":\"0\",\"mobile\":\"0\",\"drag_drop\":\"1\",\"path\":\"\",\"entity_encoding\":\"raw\",\"lang_mode\":\"1\",\"text_direction\":\"ltr\",\"content_css\":\"1\",\"content_css_custom\":\"\",\"relative_urls\":\"1\",\"newlines\":\"0\",\"use_config_textfilters\":\"0\",\"invalid_elements\":\"script,applet,iframe\",\"valid_elements\":\"\",\"extended_elements\":\"\",\"resizing\":\"1\",\"resize_horizontal\":\"1\",\"element_path\":\"1\",\"wordcount\":\"1\",\"image_advtab\":\"0\",\"advlist\":\"1\",\"autosave\":\"1\",\"contextmenu\":\"1\",\"custom_plugin\":\"\",\"custom_button\":\"\"},\"0\":{\"access\":[\"7\",\"4\",\"8\"],\"skin\":\"0\",\"skin_admin\":\"0\",\"mobile\":\"0\",\"drag_drop\":\"1\",\"path\":\"\",\"entity_encoding\":\"raw\",\"lang_mode\":\"1\",\"text_direction\":\"ltr\",\"content_css\":\"1\",\"content_css_custom\":\"\",\"relative_urls\":\"1\",\"newlines\":\"0\",\"use_config_textfilters\":\"0\",\"invalid_elements\":\"script,applet,iframe\",\"valid_elements\":\"\",\"extended_elements\":\"\",\"resizing\":\"1\",\"resize_horizontal\":\"1\",\"element_path\":\"1\",\"wordcount\":\"1\",\"image_advtab\":\"1\",\"advlist\":\"1\",\"autosave\":\"1\",\"contextmenu\":\"1\",\"custom_plugin\":\"\",\"custom_button\":\"\"}}},\"sets_amount\":3,\"html_height\":\"550\",\"html_width\":\"750\"}', '', NULL, NULL, 3, 0, NULL),
(118, 0, 'plg_extension_finder', 'plugin', 'finder', NULL, 'extension', 0, 1, 1, 0, 1, '{\"name\":\"plg_extension_finder\",\"type\":\"plugin\",\"creationDate\":\"2018-06\",\"author\":\"Joomla! Project\",\"copyright\":\"(C) 2019 Open Source Matters, Inc.\",\"authorEmail\":\"admin@joomla.org\",\"authorUrl\":\"www.joomla.org\",\"version\":\"4.0.0\",\"description\":\"PLG_EXTENSION_FINDER_XML_DESCRIPTION\",\"group\":\"\",\"namespace\":\"Joomla\\\\Plugin\\\\Extension\\\\Finder\",\"filename\":\"finder\"}', '', '', NULL, NULL, 1, 0, NULL),
(119, 0, 'plg_extension_joomla', 'plugin', 'joomla', NULL, 'extension', 0, 1, 1, 0, 1, '{\"name\":\"plg_extension_joomla\",\"type\":\"plugin\",\"creationDate\":\"2010-05\",\"author\":\"Joomla! Project\",\"copyright\":\"(C) 2010 Open Source Matters, Inc.\",\"authorEmail\":\"admin@joomla.org\",\"authorUrl\":\"www.joomla.org\",\"version\":\"3.0.0\",\"description\":\"PLG_EXTENSION_JOOMLA_XML_DESCRIPTION\",\"group\":\"\",\"namespace\":\"Joomla\\\\Plugin\\\\Extension\\\\Joomla\",\"filename\":\"joomla\"}', '', '', NULL, NULL, 2, 0, NULL),
(120, 0, 'plg_extension_namespacemap', 'plugin', 'namespacemap', NULL, 'extension', 0, 1, 1, 1, 1, '{\"name\":\"plg_extension_namespacemap\",\"type\":\"plugin\",\"creationDate\":\"2017-05\",\"author\":\"Joomla! Project\",\"copyright\":\"(C) 2017 Open Source Matters, Inc.\",\"authorEmail\":\"admin@joomla.org\",\"authorUrl\":\"www.joomla.org\",\"version\":\"4.0.0\",\"description\":\"PLG_EXTENSION_NAMESPACEMAP_XML_DESCRIPTION\",\"group\":\"\",\"namespace\":\"Joomla\\\\Plugin\\\\Extension\\\\NamespaceMap\",\"filename\":\"namespacemap\"}', '{}', '', NULL, NULL, 3, 0, NULL),
(121, 0, 'plg_fields_calendar', 'plugin', 'calendar', NULL, 'fields', 0, 1, 1, 0, 1, '{\"name\":\"plg_fields_calendar\",\"type\":\"plugin\",\"creationDate\":\"2016-03\",\"author\":\"Joomla! Project\",\"copyright\":\"(C) 2016 Open Source Matters, Inc.\",\"authorEmail\":\"admin@joomla.org\",\"authorUrl\":\"www.joomla.org\",\"version\":\"3.7.0\",\"description\":\"PLG_FIELDS_CALENDAR_XML_DESCRIPTION\",\"group\":\"\",\"namespace\":\"Joomla\\\\Plugin\\\\Fields\\\\Calendar\",\"filename\":\"calendar\"}', '', '', NULL, NULL, 1, 0, NULL),
(122, 0, 'plg_fields_checkboxes', 'plugin', 'checkboxes', NULL, 'fields', 0, 1, 1, 0, 1, '{\"name\":\"plg_fields_checkboxes\",\"type\":\"plugin\",\"creationDate\":\"2016-03\",\"author\":\"Joomla! Project\",\"copyright\":\"(C) 2016 Open Source Matters, Inc.\",\"authorEmail\":\"admin@joomla.org\",\"authorUrl\":\"www.joomla.org\",\"version\":\"3.7.0\",\"description\":\"PLG_FIELDS_CHECKBOXES_XML_DESCRIPTION\",\"group\":\"\",\"namespace\":\"Joomla\\\\Plugin\\\\Fields\\\\Checkboxes\",\"filename\":\"checkboxes\"}', '', '', NULL, NULL, 2, 0, NULL),
(123, 0, 'plg_fields_color', 'plugin', 'color', NULL, 'fields', 0, 1, 1, 0, 1, '{\"name\":\"plg_fields_color\",\"type\":\"plugin\",\"creationDate\":\"2016-03\",\"author\":\"Joomla! Project\",\"copyright\":\"(C) 2016 Open Source Matters, Inc.\",\"authorEmail\":\"admin@joomla.org\",\"authorUrl\":\"www.joomla.org\",\"version\":\"3.7.0\",\"description\":\"PLG_FIELDS_COLOR_XML_DESCRIPTION\",\"group\":\"\",\"namespace\":\"Joomla\\\\Plugin\\\\Fields\\\\Color\",\"filename\":\"color\"}', '', '', NULL, NULL, 3, 0, NULL),
(124, 0, 'plg_fields_editor', 'plugin', 'editor', NULL, 'fields', 0, 1, 1, 0, 1, '{\"name\":\"plg_fields_editor\",\"type\":\"plugin\",\"creationDate\":\"2016-03\",\"author\":\"Joomla! Project\",\"copyright\":\"(C) 2016 Open Source Matters, Inc.\",\"authorEmail\":\"admin@joomla.org\",\"authorUrl\":\"www.joomla.org\",\"version\":\"3.7.0\",\"description\":\"PLG_FIELDS_EDITOR_XML_DESCRIPTION\",\"group\":\"\",\"namespace\":\"Joomla\\\\Plugin\\\\Fields\\\\Editor\",\"filename\":\"editor\"}', '{\"buttons\":0,\"width\":\"100%\",\"height\":\"250px\",\"filter\":\"\\\\Joomla\\\\CMS\\\\Component\\\\ComponentHelper::filterText\"}', '', NULL, NULL, 4, 0, NULL),
(125, 0, 'plg_fields_imagelist', 'plugin', 'imagelist', NULL, 'fields', 0, 1, 1, 0, 1, '{\"name\":\"plg_fields_imagelist\",\"type\":\"plugin\",\"creationDate\":\"2016-03\",\"author\":\"Joomla! Project\",\"copyright\":\"(C) 2016 Open Source Matters, Inc.\",\"authorEmail\":\"admin@joomla.org\",\"authorUrl\":\"www.joomla.org\",\"version\":\"3.7.0\",\"description\":\"PLG_FIELDS_IMAGELIST_XML_DESCRIPTION\",\"group\":\"\",\"namespace\":\"Joomla\\\\Plugin\\\\Fields\\\\Imagelist\",\"filename\":\"imagelist\"}', '', '', NULL, NULL, 5, 0, NULL),
(126, 0, 'plg_fields_integer', 'plugin', 'integer', NULL, 'fields', 0, 1, 1, 0, 1, '{\"name\":\"plg_fields_integer\",\"type\":\"plugin\",\"creationDate\":\"2016-03\",\"author\":\"Joomla! Project\",\"copyright\":\"(C) 2016 Open Source Matters, Inc.\",\"authorEmail\":\"admin@joomla.org\",\"authorUrl\":\"www.joomla.org\",\"version\":\"3.7.0\",\"description\":\"PLG_FIELDS_INTEGER_XML_DESCRIPTION\",\"group\":\"\",\"namespace\":\"Joomla\\\\Plugin\\\\Fields\\\\Integer\",\"filename\":\"integer\"}', '{\"multiple\":\"0\",\"first\":\"1\",\"last\":\"100\",\"step\":\"1\"}', '', NULL, NULL, 6, 0, NULL),
(127, 0, 'plg_fields_list', 'plugin', 'list', NULL, 'fields', 0, 1, 1, 0, 1, '{\"name\":\"plg_fields_list\",\"type\":\"plugin\",\"creationDate\":\"2016-03\",\"author\":\"Joomla! Project\",\"copyright\":\"(C) 2016 Open Source Matters, Inc.\",\"authorEmail\":\"admin@joomla.org\",\"authorUrl\":\"www.joomla.org\",\"version\":\"3.7.0\",\"description\":\"PLG_FIELDS_LIST_XML_DESCRIPTION\",\"group\":\"\",\"namespace\":\"Joomla\\\\Plugin\\\\Fields\\\\ListField\",\"filename\":\"list\"}', '', '', NULL, NULL, 7, 0, NULL),
(128, 0, 'plg_fields_media', 'plugin', 'media', NULL, 'fields', 0, 1, 1, 0, 1, '{\"name\":\"plg_fields_media\",\"type\":\"plugin\",\"creationDate\":\"2016-03\",\"author\":\"Joomla! Project\",\"copyright\":\"(C) 2016 Open Source Matters, Inc.\",\"authorEmail\":\"admin@joomla.org\",\"authorUrl\":\"www.joomla.org\",\"version\":\"3.7.0\",\"description\":\"PLG_FIELDS_MEDIA_XML_DESCRIPTION\",\"group\":\"\",\"namespace\":\"Joomla\\\\Plugin\\\\Fields\\\\Media\",\"filename\":\"media\"}', '', '', NULL, NULL, 8, 0, NULL),
(129, 0, 'plg_fields_radio', 'plugin', 'radio', NULL, 'fields', 0, 1, 1, 0, 1, '{\"name\":\"plg_fields_radio\",\"type\":\"plugin\",\"creationDate\":\"2016-03\",\"author\":\"Joomla! Project\",\"copyright\":\"(C) 2016 Open Source Matters, Inc.\",\"authorEmail\":\"admin@joomla.org\",\"authorUrl\":\"www.joomla.org\",\"version\":\"3.7.0\",\"description\":\"PLG_FIELDS_RADIO_XML_DESCRIPTION\",\"group\":\"\",\"namespace\":\"Joomla\\\\Plugin\\\\Fields\\\\Radio\",\"filename\":\"radio\"}', '', '', NULL, NULL, 9, 0, NULL),
(130, 0, 'plg_fields_sql', 'plugin', 'sql', NULL, 'fields', 0, 1, 1, 0, 1, '{\"name\":\"plg_fields_sql\",\"type\":\"plugin\",\"creationDate\":\"2016-03\",\"author\":\"Joomla! Project\",\"copyright\":\"(C) 2016 Open Source Matters, Inc.\",\"authorEmail\":\"admin@joomla.org\",\"authorUrl\":\"www.joomla.org\",\"version\":\"3.7.0\",\"description\":\"PLG_FIELDS_SQL_XML_DESCRIPTION\",\"group\":\"\",\"namespace\":\"Joomla\\\\Plugin\\\\Fields\\\\SQL\",\"filename\":\"sql\"}', '', '', NULL, NULL, 10, 0, NULL),
(131, 0, 'plg_fields_subform', 'plugin', 'subform', NULL, 'fields', 0, 1, 1, 0, 1, '{\"name\":\"plg_fields_subform\",\"type\":\"plugin\",\"creationDate\":\"2017-06\",\"author\":\"Joomla! Project\",\"copyright\":\"(C) 2019 Open Source Matters, Inc.\",\"authorEmail\":\"admin@joomla.org\",\"authorUrl\":\"www.joomla.org\",\"version\":\"4.0.0\",\"description\":\"PLG_FIELDS_SUBFORM_XML_DESCRIPTION\",\"group\":\"\",\"namespace\":\"Joomla\\\\Plugin\\\\Fields\\\\Subform\",\"filename\":\"subform\"}', '', '', NULL, NULL, 11, 0, NULL),
(132, 0, 'plg_fields_text', 'plugin', 'text', NULL, 'fields', 0, 1, 1, 0, 1, '{\"name\":\"plg_fields_text\",\"type\":\"plugin\",\"creationDate\":\"2016-03\",\"author\":\"Joomla! Project\",\"copyright\":\"(C) 2016 Open Source Matters, Inc.\",\"authorEmail\":\"admin@joomla.org\",\"authorUrl\":\"www.joomla.org\",\"version\":\"3.7.0\",\"description\":\"PLG_FIELDS_TEXT_XML_DESCRIPTION\",\"group\":\"\",\"namespace\":\"Joomla\\\\Plugin\\\\Fields\\\\Text\",\"filename\":\"text\"}', '', '', NULL, NULL, 12, 0, NULL),
(133, 0, 'plg_fields_textarea', 'plugin', 'textarea', NULL, 'fields', 0, 1, 1, 0, 1, '{\"name\":\"plg_fields_textarea\",\"type\":\"plugin\",\"creationDate\":\"2016-03\",\"author\":\"Joomla! Project\",\"copyright\":\"(C) 2016 Open Source Matters, Inc.\",\"authorEmail\":\"admin@joomla.org\",\"authorUrl\":\"www.joomla.org\",\"version\":\"3.7.0\",\"description\":\"PLG_FIELDS_TEXTAREA_XML_DESCRIPTION\",\"group\":\"\",\"namespace\":\"Joomla\\\\Plugin\\\\Fields\\\\Textarea\",\"filename\":\"textarea\"}', '{\"rows\":10,\"cols\":10,\"maxlength\":\"\",\"filter\":\"\\\\Joomla\\\\CMS\\\\Component\\\\ComponentHelper::filterText\"}', '', NULL, NULL, 13, 0, NULL),
(134, 0, 'plg_fields_url', 'plugin', 'url', NULL, 'fields', 0, 1, 1, 0, 1, '{\"name\":\"plg_fields_url\",\"type\":\"plugin\",\"creationDate\":\"2016-03\",\"author\":\"Joomla! Project\",\"copyright\":\"(C) 2016 Open Source Matters, Inc.\",\"authorEmail\":\"admin@joomla.org\",\"authorUrl\":\"www.joomla.org\",\"version\":\"3.7.0\",\"description\":\"PLG_FIELDS_URL_XML_DESCRIPTION\",\"group\":\"\",\"namespace\":\"Joomla\\\\Plugin\\\\Fields\\\\Url\",\"filename\":\"url\"}', '', '', NULL, NULL, 14, 0, NULL),
(135, 0, 'plg_fields_user', 'plugin', 'user', NULL, 'fields', 0, 1, 1, 0, 1, '{\"name\":\"plg_fields_user\",\"type\":\"plugin\",\"creationDate\":\"2016-03\",\"author\":\"Joomla! Project\",\"copyright\":\"(C) 2016 Open Source Matters, Inc.\",\"authorEmail\":\"admin@joomla.org\",\"authorUrl\":\"www.joomla.org\",\"version\":\"3.7.0\",\"description\":\"PLG_FIELDS_USER_XML_DESCRIPTION\",\"group\":\"\",\"namespace\":\"Joomla\\\\Plugin\\\\Fields\\\\User\",\"filename\":\"user\"}', '', '', NULL, NULL, 15, 0, NULL),
(136, 0, 'plg_fields_usergrouplist', 'plugin', 'usergrouplist', NULL, 'fields', 0, 1, 1, 0, 1, '{\"name\":\"plg_fields_usergrouplist\",\"type\":\"plugin\",\"creationDate\":\"2016-03\",\"author\":\"Joomla! Project\",\"copyright\":\"(C) 2016 Open Source Matters, Inc.\",\"authorEmail\":\"admin@joomla.org\",\"authorUrl\":\"www.joomla.org\",\"version\":\"3.7.0\",\"description\":\"PLG_FIELDS_USERGROUPLIST_XML_DESCRIPTION\",\"group\":\"\",\"namespace\":\"Joomla\\\\Plugin\\\\Fields\\\\UsergroupList\",\"filename\":\"usergrouplist\"}', '', '', NULL, NULL, 16, 0, NULL),
(137, 0, 'plg_filesystem_local', 'plugin', 'local', NULL, 'filesystem', 0, 1, 1, 0, 1, '{\"name\":\"plg_filesystem_local\",\"type\":\"plugin\",\"creationDate\":\"2017-04\",\"author\":\"Joomla! Project\",\"copyright\":\"(C) 2017 Open Source Matters, Inc.\",\"authorEmail\":\"admin@joomla.org\",\"authorUrl\":\"www.joomla.org\",\"version\":\"4.0.0\",\"description\":\"PLG_FILESYSTEM_LOCAL_XML_DESCRIPTION\",\"group\":\"\",\"namespace\":\"Joomla\\\\Plugin\\\\Filesystem\\\\Local\",\"filename\":\"local\"}', '{}', '', NULL, NULL, 1, 0, NULL),
(138, 0, 'plg_finder_categories', 'plugin', 'categories', NULL, 'finder', 0, 1, 1, 0, 1, '{\"name\":\"plg_finder_categories\",\"type\":\"plugin\",\"creationDate\":\"2011-08\",\"author\":\"Joomla! Project\",\"copyright\":\"(C) 2011 Open Source Matters, Inc.\",\"authorEmail\":\"admin@joomla.org\",\"authorUrl\":\"www.joomla.org\",\"version\":\"3.0.0\",\"description\":\"PLG_FINDER_CATEGORIES_XML_DESCRIPTION\",\"group\":\"\",\"namespace\":\"Joomla\\\\Plugin\\\\Finder\\\\Categories\",\"filename\":\"categories\"}', '', '', NULL, NULL, 1, 0, NULL),
(139, 0, 'plg_finder_contacts', 'plugin', 'contacts', NULL, 'finder', 0, 1, 1, 0, 1, '{\"name\":\"plg_finder_contacts\",\"type\":\"plugin\",\"creationDate\":\"2011-08\",\"author\":\"Joomla! Project\",\"copyright\":\"(C) 2011 Open Source Matters, Inc.\",\"authorEmail\":\"admin@joomla.org\",\"authorUrl\":\"www.joomla.org\",\"version\":\"3.0.0\",\"description\":\"PLG_FINDER_CONTACTS_XML_DESCRIPTION\",\"group\":\"\",\"namespace\":\"Joomla\\\\Plugin\\\\Finder\\\\Contacts\",\"filename\":\"contacts\"}', '', '', NULL, NULL, 2, 0, NULL),
(140, 0, 'plg_finder_content', 'plugin', 'content', NULL, 'finder', 0, 1, 1, 0, 1, '{\"name\":\"plg_finder_content\",\"type\":\"plugin\",\"creationDate\":\"2011-08\",\"author\":\"Joomla! Project\",\"copyright\":\"(C) 2011 Open Source Matters, Inc.\",\"authorEmail\":\"admin@joomla.org\",\"authorUrl\":\"www.joomla.org\",\"version\":\"3.0.0\",\"description\":\"PLG_FINDER_CONTENT_XML_DESCRIPTION\",\"group\":\"\",\"namespace\":\"Joomla\\\\Plugin\\\\Finder\\\\Content\",\"filename\":\"content\"}', '', '', NULL, NULL, 3, 0, NULL),
(141, 0, 'plg_finder_newsfeeds', 'plugin', 'newsfeeds', NULL, 'finder', 0, 1, 1, 0, 1, '{\"name\":\"plg_finder_newsfeeds\",\"type\":\"plugin\",\"creationDate\":\"2011-08\",\"author\":\"Joomla! Project\",\"copyright\":\"(C) 2011 Open Source Matters, Inc.\",\"authorEmail\":\"admin@joomla.org\",\"authorUrl\":\"www.joomla.org\",\"version\":\"3.0.0\",\"description\":\"PLG_FINDER_NEWSFEEDS_XML_DESCRIPTION\",\"group\":\"\",\"namespace\":\"Joomla\\\\Plugin\\\\Finder\\\\Newsfeeds\",\"filename\":\"newsfeeds\"}', '', '', NULL, NULL, 4, 0, NULL),
(142, 0, 'plg_finder_tags', 'plugin', 'tags', NULL, 'finder', 0, 1, 1, 0, 1, '{\"name\":\"plg_finder_tags\",\"type\":\"plugin\",\"creationDate\":\"2013-02\",\"author\":\"Joomla! Project\",\"copyright\":\"(C) 2013 Open Source Matters, Inc.\",\"authorEmail\":\"admin@joomla.org\",\"authorUrl\":\"www.joomla.org\",\"version\":\"3.0.0\",\"description\":\"PLG_FINDER_TAGS_XML_DESCRIPTION\",\"group\":\"\",\"namespace\":\"Joomla\\\\Plugin\\\\Finder\\\\Tags\",\"filename\":\"tags\"}', '', '', NULL, NULL, 5, 0, NULL),
(143, 0, 'plg_installer_folderinstaller', 'plugin', 'folderinstaller', NULL, 'installer', 0, 1, 1, 0, 1, '{\"name\":\"plg_installer_folderinstaller\",\"type\":\"plugin\",\"creationDate\":\"2016-05\",\"author\":\"Joomla! Project\",\"copyright\":\"(C) 2016 Open Source Matters, Inc.\",\"authorEmail\":\"admin@joomla.org\",\"authorUrl\":\"www.joomla.org\",\"version\":\"3.6.0\",\"description\":\"PLG_INSTALLER_FOLDERINSTALLER_PLUGIN_XML_DESCRIPTION\",\"group\":\"\",\"namespace\":\"Joomla\\\\Plugin\\\\Installer\\\\Folder\",\"filename\":\"folderinstaller\"}', '', '', NULL, NULL, 2, 0, NULL),
(144, 0, 'plg_installer_override', 'plugin', 'override', NULL, 'installer', 0, 1, 1, 0, 1, '{\"name\":\"plg_installer_override\",\"type\":\"plugin\",\"creationDate\":\"2018-06\",\"author\":\"Joomla! Project\",\"copyright\":\"(C) 2018 Open Source Matters, Inc.\",\"authorEmail\":\"admin@joomla.org\",\"authorUrl\":\"www.joomla.org\",\"version\":\"4.0.0\",\"description\":\"PLG_INSTALLER_OVERRIDE_PLUGIN_XML_DESCRIPTION\",\"group\":\"\",\"namespace\":\"Joomla\\\\Plugin\\\\Installer\\\\Override\",\"filename\":\"override\"}', '', '', NULL, NULL, 4, 0, NULL),
(145, 0, 'plg_installer_packageinstaller', 'plugin', 'packageinstaller', NULL, 'installer', 0, 1, 1, 0, 1, '{\"name\":\"plg_installer_packageinstaller\",\"type\":\"plugin\",\"creationDate\":\"2016-05\",\"author\":\"Joomla! Project\",\"copyright\":\"(C) 2016 Open Source Matters, Inc.\",\"authorEmail\":\"admin@joomla.org\",\"authorUrl\":\"www.joomla.org\",\"version\":\"3.6.0\",\"description\":\"PLG_INSTALLER_PACKAGEINSTALLER_PLUGIN_XML_DESCRIPTION\",\"group\":\"\",\"namespace\":\"Joomla\\\\Plugin\\\\Installer\\\\Package\",\"filename\":\"packageinstaller\"}', '', '', NULL, NULL, 1, 0, NULL),
(146, 0, 'plg_installer_urlinstaller', 'plugin', 'urlinstaller', NULL, 'installer', 0, 1, 1, 0, 1, '{\"name\":\"plg_installer_urlinstaller\",\"type\":\"plugin\",\"creationDate\":\"2016-05\",\"author\":\"Joomla! Project\",\"copyright\":\"(C) 2016 Open Source Matters, Inc.\",\"authorEmail\":\"admin@joomla.org\",\"authorUrl\":\"www.joomla.org\",\"version\":\"3.6.0\",\"description\":\"PLG_INSTALLER_URLINSTALLER_PLUGIN_XML_DESCRIPTION\",\"group\":\"\",\"namespace\":\"Joomla\\\\Plugin\\\\Installer\\\\Url\",\"filename\":\"urlinstaller\"}', '', '', NULL, NULL, 3, 0, NULL),
(147, 0, 'plg_installer_webinstaller', 'plugin', 'webinstaller', NULL, 'installer', 0, 1, 1, 0, 1, '{\"name\":\"plg_installer_webinstaller\",\"type\":\"plugin\",\"creationDate\":\"2017-04\",\"author\":\"Joomla! Project\",\"copyright\":\"(C) 2018 Open Source Matters, Inc.\",\"authorEmail\":\"admin@joomla.org\",\"authorUrl\":\"www.joomla.org\",\"version\":\"4.0.0\",\"description\":\"PLG_INSTALLER_WEBINSTALLER_XML_DESCRIPTION\",\"group\":\"\",\"namespace\":\"Joomla\\\\Plugin\\\\Installer\\\\Web\",\"filename\":\"webinstaller\"}', '{\"tab_position\":\"1\"}', '', NULL, NULL, 5, 0, NULL),
(148, 0, 'plg_media-action_crop', 'plugin', 'crop', NULL, 'media-action', 0, 1, 1, 0, 1, '{\"name\":\"plg_media-action_crop\",\"type\":\"plugin\",\"creationDate\":\"2017-01\",\"author\":\"Joomla! Project\",\"copyright\":\"(C) 2017 Open Source Matters, Inc.\",\"authorEmail\":\"admin@joomla.org\",\"authorUrl\":\"www.joomla.org\",\"version\":\"4.0.0\",\"description\":\"PLG_MEDIA-ACTION_CROP_XML_DESCRIPTION\",\"group\":\"\",\"namespace\":\"Joomla\\\\Plugin\\\\MediaAction\\\\Crop\",\"filename\":\"crop\"}', '{}', '', NULL, NULL, 1, 0, NULL),
(149, 0, 'plg_media-action_resize', 'plugin', 'resize', NULL, 'media-action', 0, 1, 1, 0, 1, '{\"name\":\"plg_media-action_resize\",\"type\":\"plugin\",\"creationDate\":\"2017-01\",\"author\":\"Joomla! Project\",\"copyright\":\"(C) 2017 Open Source Matters, Inc.\",\"authorEmail\":\"admin@joomla.org\",\"authorUrl\":\"www.joomla.org\",\"version\":\"4.0.0\",\"description\":\"PLG_MEDIA-ACTION_RESIZE_XML_DESCRIPTION\",\"group\":\"\",\"namespace\":\"Joomla\\\\Plugin\\\\MediaAction\\\\Resize\",\"filename\":\"resize\"}', '{}', '', NULL, NULL, 2, 0, NULL),
(150, 0, 'plg_media-action_rotate', 'plugin', 'rotate', NULL, 'media-action', 0, 1, 1, 0, 1, '{\"name\":\"plg_media-action_rotate\",\"type\":\"plugin\",\"creationDate\":\"2017-01\",\"author\":\"Joomla! Project\",\"copyright\":\"(C) 2017 Open Source Matters, Inc.\",\"authorEmail\":\"admin@joomla.org\",\"authorUrl\":\"www.joomla.org\",\"version\":\"4.0.0\",\"description\":\"PLG_MEDIA-ACTION_ROTATE_XML_DESCRIPTION\",\"group\":\"\",\"namespace\":\"Joomla\\\\Plugin\\\\MediaAction\\\\Rotate\",\"filename\":\"rotate\"}', '{}', '', NULL, NULL, 3, 0, NULL),
(151, 0, 'plg_privacy_actionlogs', 'plugin', 'actionlogs', NULL, 'privacy', 0, 1, 1, 0, 1, '{\"name\":\"plg_privacy_actionlogs\",\"type\":\"plugin\",\"creationDate\":\"2018-07\",\"author\":\"Joomla! Project\",\"copyright\":\"(C) 2018 Open Source Matters, Inc.\",\"authorEmail\":\"admin@joomla.org\",\"authorUrl\":\"www.joomla.org\",\"version\":\"3.9.0\",\"description\":\"PLG_PRIVACY_ACTIONLOGS_XML_DESCRIPTION\",\"group\":\"\",\"namespace\":\"Joomla\\\\Plugin\\\\Privacy\\\\Actionlogs\",\"filename\":\"actionlogs\"}', '{}', '', NULL, NULL, 1, 0, NULL),
(152, 0, 'plg_privacy_consents', 'plugin', 'consents', NULL, 'privacy', 0, 1, 1, 0, 1, '{\"name\":\"plg_privacy_consents\",\"type\":\"plugin\",\"creationDate\":\"2018-07\",\"author\":\"Joomla! Project\",\"copyright\":\"(C) 2018 Open Source Matters, Inc.\",\"authorEmail\":\"admin@joomla.org\",\"authorUrl\":\"www.joomla.org\",\"version\":\"3.9.0\",\"description\":\"PLG_PRIVACY_CONSENTS_XML_DESCRIPTION\",\"group\":\"\",\"namespace\":\"Joomla\\\\Plugin\\\\Privacy\\\\Consents\",\"filename\":\"consents\"}', '{}', '', NULL, NULL, 2, 0, NULL),
(153, 0, 'plg_privacy_contact', 'plugin', 'contact', NULL, 'privacy', 0, 1, 1, 0, 1, '{\"name\":\"plg_privacy_contact\",\"type\":\"plugin\",\"creationDate\":\"2018-07\",\"author\":\"Joomla! Project\",\"copyright\":\"(C) 2018 Open Source Matters, Inc.\",\"authorEmail\":\"admin@joomla.org\",\"authorUrl\":\"www.joomla.org\",\"version\":\"3.9.0\",\"description\":\"PLG_PRIVACY_CONTACT_XML_DESCRIPTION\",\"group\":\"\",\"namespace\":\"Joomla\\\\Plugin\\\\Privacy\\\\Contact\",\"filename\":\"contact\"}', '{}', '', NULL, NULL, 3, 0, NULL),
(154, 0, 'plg_privacy_content', 'plugin', 'content', NULL, 'privacy', 0, 1, 1, 0, 1, '{\"name\":\"plg_privacy_content\",\"type\":\"plugin\",\"creationDate\":\"2018-07\",\"author\":\"Joomla! Project\",\"copyright\":\"(C) 2018 Open Source Matters, Inc.\",\"authorEmail\":\"admin@joomla.org\",\"authorUrl\":\"www.joomla.org\",\"version\":\"3.9.0\",\"description\":\"PLG_PRIVACY_CONTENT_XML_DESCRIPTION\",\"group\":\"\",\"namespace\":\"Joomla\\\\Plugin\\\\Privacy\\\\Content\",\"filename\":\"content\"}', '{}', '', NULL, NULL, 4, 0, NULL),
(155, 0, 'plg_privacy_message', 'plugin', 'message', NULL, 'privacy', 0, 1, 1, 0, 1, '{\"name\":\"plg_privacy_message\",\"type\":\"plugin\",\"creationDate\":\"2018-07\",\"author\":\"Joomla! Project\",\"copyright\":\"(C) 2018 Open Source Matters, Inc.\",\"authorEmail\":\"admin@joomla.org\",\"authorUrl\":\"www.joomla.org\",\"version\":\"3.9.0\",\"description\":\"PLG_PRIVACY_MESSAGE_XML_DESCRIPTION\",\"group\":\"\",\"namespace\":\"Joomla\\\\Plugin\\\\Privacy\\\\Message\",\"filename\":\"message\"}', '{}', '', NULL, NULL, 5, 0, NULL),
(156, 0, 'plg_privacy_user', 'plugin', 'user', NULL, 'privacy', 0, 1, 1, 0, 1, '{\"name\":\"plg_privacy_user\",\"type\":\"plugin\",\"creationDate\":\"2018-05\",\"author\":\"Joomla! Project\",\"copyright\":\"(C) 2018 Open Source Matters, Inc.\",\"authorEmail\":\"admin@joomla.org\",\"authorUrl\":\"www.joomla.org\",\"version\":\"3.9.0\",\"description\":\"PLG_PRIVACY_USER_XML_DESCRIPTION\",\"group\":\"\",\"namespace\":\"Joomla\\\\Plugin\\\\Privacy\\\\User\",\"filename\":\"user\"}', '{}', '', NULL, NULL, 6, 0, NULL),
(157, 0, 'plg_quickicon_joomlaupdate', 'plugin', 'joomlaupdate', NULL, 'quickicon', 0, 1, 1, 0, 1, '{\"name\":\"plg_quickicon_joomlaupdate\",\"type\":\"plugin\",\"creationDate\":\"2011-08\",\"author\":\"Joomla! Project\",\"copyright\":\"(C) 2011 Open Source Matters, Inc.\",\"authorEmail\":\"admin@joomla.org\",\"authorUrl\":\"www.joomla.org\",\"version\":\"3.0.0\",\"description\":\"PLG_QUICKICON_JOOMLAUPDATE_XML_DESCRIPTION\",\"group\":\"\",\"namespace\":\"Joomla\\\\Plugin\\\\Quickicon\\\\Joomlaupdate\",\"filename\":\"joomlaupdate\"}', '', '', NULL, NULL, 1, 0, NULL),
(158, 0, 'plg_quickicon_extensionupdate', 'plugin', 'extensionupdate', NULL, 'quickicon', 0, 1, 1, 0, 1, '{\"name\":\"plg_quickicon_extensionupdate\",\"type\":\"plugin\",\"creationDate\":\"2011-08\",\"author\":\"Joomla! Project\",\"copyright\":\"(C) 2011 Open Source Matters, Inc.\",\"authorEmail\":\"admin@joomla.org\",\"authorUrl\":\"www.joomla.org\",\"version\":\"3.0.0\",\"description\":\"PLG_QUICKICON_EXTENSIONUPDATE_XML_DESCRIPTION\",\"group\":\"\",\"namespace\":\"Joomla\\\\Plugin\\\\Quickicon\\\\Extensionupdate\",\"filename\":\"extensionupdate\"}', '', '', NULL, NULL, 2, 0, NULL),
(159, 0, 'plg_quickicon_overridecheck', 'plugin', 'overridecheck', NULL, 'quickicon', 0, 1, 1, 0, 1, '{\"name\":\"plg_quickicon_overridecheck\",\"type\":\"plugin\",\"creationDate\":\"2018-06\",\"author\":\"Joomla! Project\",\"copyright\":\"(C) 2018 Open Source Matters, Inc.\",\"authorEmail\":\"admin@joomla.org\",\"authorUrl\":\"www.joomla.org\",\"version\":\"4.0.0\",\"description\":\"PLG_QUICKICON_OVERRIDECHECK_XML_DESCRIPTION\",\"group\":\"\",\"namespace\":\"Joomla\\\\Plugin\\\\Quickicon\\\\OverrideCheck\",\"filename\":\"overridecheck\"}', '', '', NULL, NULL, 3, 0, NULL),
(160, 0, 'plg_quickicon_downloadkey', 'plugin', 'downloadkey', NULL, 'quickicon', 0, 1, 1, 0, 1, '{\"name\":\"plg_quickicon_downloadkey\",\"type\":\"plugin\",\"creationDate\":\"2019-10\",\"author\":\"Joomla! Project\",\"copyright\":\"(C) 2019 Open Source Matters, Inc.\",\"authorEmail\":\"admin@joomla.org\",\"authorUrl\":\"www.joomla.org\",\"version\":\"4.0.0\",\"description\":\"PLG_QUICKICON_DOWNLOADKEY_XML_DESCRIPTION\",\"group\":\"\",\"namespace\":\"Joomla\\\\Plugin\\\\Quickicon\\\\Downloadkey\",\"filename\":\"downloadkey\"}', '', '', NULL, NULL, 4, 0, NULL),
(161, 0, 'plg_quickicon_privacycheck', 'plugin', 'privacycheck', NULL, 'quickicon', 0, 1, 1, 0, 1, '{\"name\":\"plg_quickicon_privacycheck\",\"type\":\"plugin\",\"creationDate\":\"2018-06\",\"author\":\"Joomla! Project\",\"copyright\":\"(C) 2018 Open Source Matters, Inc.\",\"authorEmail\":\"admin@joomla.org\",\"authorUrl\":\"www.joomla.org\",\"version\":\"3.9.0\",\"description\":\"PLG_QUICKICON_PRIVACYCHECK_XML_DESCRIPTION\",\"group\":\"\",\"namespace\":\"Joomla\\\\Plugin\\\\Quickicon\\\\PrivacyCheck\",\"filename\":\"privacycheck\"}', '{}', '', NULL, NULL, 5, 0, NULL),
(162, 0, 'plg_quickicon_phpversioncheck', 'plugin', 'phpversioncheck', NULL, 'quickicon', 0, 1, 1, 0, 1, '{\"name\":\"plg_quickicon_phpversioncheck\",\"type\":\"plugin\",\"creationDate\":\"2016-08\",\"author\":\"Joomla! Project\",\"copyright\":\"(C) 2016 Open Source Matters, Inc.\",\"authorEmail\":\"admin@joomla.org\",\"authorUrl\":\"www.joomla.org\",\"version\":\"3.7.0\",\"description\":\"PLG_QUICKICON_PHPVERSIONCHECK_XML_DESCRIPTION\",\"group\":\"\",\"namespace\":\"Joomla\\\\Plugin\\\\Quickicon\\\\PhpVersionCheck\",\"filename\":\"phpversioncheck\"}', '', '', NULL, NULL, 6, 0, NULL);
INSERT INTO `xsrs3_extensions` (`extension_id`, `package_id`, `name`, `type`, `element`, `changelogurl`, `folder`, `client_id`, `enabled`, `access`, `protected`, `locked`, `manifest_cache`, `params`, `custom_data`, `checked_out`, `checked_out_time`, `ordering`, `state`, `note`) VALUES
(163, 0, 'plg_quickicon_eos', 'plugin', 'eos', NULL, 'quickicon', 0, 1, 1, 0, 1, '{\"name\":\"plg_quickicon_eos\",\"type\":\"plugin\",\"creationDate\":\"2023-05\",\"author\":\"Joomla! Project\",\"copyright\":\"(C) 2023 Open Source Matters, Inc.\",\"authorEmail\":\"admin@joomla.org\",\"authorUrl\":\"www.joomla.org\",\"version\":\"4.4.0\",\"description\":\"PLG_QUICKICON_EOS_XML_DESCRIPTION\",\"group\":\"\",\"namespace\":\"Joomla\\\\Plugin\\\\Quickicon\\\\Eos\",\"filename\":\"eos\"}', '', '', NULL, NULL, 7, 0, NULL),
(164, 0, 'plg_sampledata_blog', 'plugin', 'blog', NULL, 'sampledata', 0, 1, 1, 0, 1, '{\"name\":\"plg_sampledata_blog\",\"type\":\"plugin\",\"creationDate\":\"2017-07\",\"author\":\"Joomla! Project\",\"copyright\":\"(C) 2017 Open Source Matters, Inc.\",\"authorEmail\":\"admin@joomla.org\",\"authorUrl\":\"www.joomla.org\",\"version\":\"3.8.0\",\"description\":\"PLG_SAMPLEDATA_BLOG_XML_DESCRIPTION\",\"group\":\"\",\"namespace\":\"Joomla\\\\Plugin\\\\SampleData\\\\Blog\",\"filename\":\"blog\"}', '', '', NULL, NULL, 1, 0, NULL),
(165, 0, 'plg_sampledata_multilang', 'plugin', 'multilang', NULL, 'sampledata', 0, 1, 1, 0, 1, '{\"name\":\"plg_sampledata_multilang\",\"type\":\"plugin\",\"creationDate\":\"2018-07\",\"author\":\"Joomla! Project\",\"copyright\":\"(C) 2018 Open Source Matters, Inc.\",\"authorEmail\":\"admin@joomla.org\",\"authorUrl\":\"www.joomla.org\",\"version\":\"4.0.0\",\"description\":\"PLG_SAMPLEDATA_MULTILANG_XML_DESCRIPTION\",\"group\":\"\",\"namespace\":\"Joomla\\\\Plugin\\\\SampleData\\\\MultiLanguage\",\"filename\":\"multilang\"}', '', '', NULL, NULL, 2, 0, NULL),
(166, 0, 'plg_schemaorg_article', 'plugin', 'article', NULL, 'schemaorg', 0, 1, 1, 0, 0, '{\"name\":\"plg_schemaorg_article\",\"type\":\"plugin\",\"creationDate\":\"2024-01\",\"author\":\"Joomla! Project\",\"copyright\":\"(C) 2024 Open Source Matters, Inc.\",\"authorEmail\":\"admin@joomla.org\",\"authorUrl\":\"www.joomla.org\",\"version\":\"5.1.0\",\"description\":\"PLG_SCHEMAORG_ARTICLE_XML_DESCRIPTION\",\"group\":\"\",\"namespace\":\"Joomla\\\\Plugin\\\\Schemaorg\\\\Article\",\"filename\":\"article\"}', '{}', '', NULL, NULL, 1, 0, NULL),
(167, 0, 'plg_schemaorg_blogposting', 'plugin', 'blogposting', NULL, 'schemaorg', 0, 1, 1, 0, 0, '{\"name\":\"plg_schemaorg_blogposting\",\"type\":\"plugin\",\"creationDate\":\"2023-07\",\"author\":\"Joomla! Project\",\"copyright\":\"(C) 2023 Open Source Matters, Inc.\",\"authorEmail\":\"admin@joomla.org\",\"authorUrl\":\"www.joomla.org\",\"version\":\"5.0.0\",\"description\":\"PLG_SCHEMAORG_BLOGPOSTING_XML_DESCRIPTION\",\"group\":\"\",\"namespace\":\"Joomla\\\\Plugin\\\\Schemaorg\\\\BlogPosting\",\"filename\":\"blogposting\"}', '{}', '', NULL, NULL, 2, 0, NULL),
(168, 0, 'plg_schemaorg_book', 'plugin', 'book', NULL, 'schemaorg', 0, 1, 1, 0, 0, '{\"name\":\"plg_schemaorg_book\",\"type\":\"plugin\",\"creationDate\":\"2023-07\",\"author\":\"Joomla! Project\",\"copyright\":\"(C) 2023 Open Source Matters, Inc.\",\"authorEmail\":\"admin@joomla.org\",\"authorUrl\":\"www.joomla.org\",\"version\":\"5.0.0\",\"description\":\"PLG_SCHEMAORG_BOOK_XML_DESCRIPTION\",\"group\":\"\",\"namespace\":\"Joomla\\\\Plugin\\\\Schemaorg\\\\Book\",\"filename\":\"book\"}', '{}', '', NULL, NULL, 3, 0, NULL),
(169, 0, 'plg_schemaorg_event', 'plugin', 'event', NULL, 'schemaorg', 0, 1, 1, 0, 0, '{\"name\":\"plg_schemaorg_event\",\"type\":\"plugin\",\"creationDate\":\"2023-07\",\"author\":\"Joomla! Project\",\"copyright\":\"(C) 2023 Open Source Matters, Inc.\",\"authorEmail\":\"admin@joomla.org\",\"authorUrl\":\"www.joomla.org\",\"version\":\"5.0.0\",\"description\":\"PLG_SCHEMAORG_EVENT_XML_DESCRIPTION\",\"group\":\"\",\"namespace\":\"Joomla\\\\Plugin\\\\Schemaorg\\\\Event\",\"filename\":\"event\"}', '{}', '', NULL, NULL, 4, 0, NULL),
(170, 0, 'plg_schemaorg_jobposting', 'plugin', 'jobposting', NULL, 'schemaorg', 0, 1, 1, 0, 0, '{\"name\":\"plg_schemaorg_jobposting\",\"type\":\"plugin\",\"creationDate\":\"2023-07\",\"author\":\"Joomla! Project\",\"copyright\":\"(C) 2023 Open Source Matters, Inc.\",\"authorEmail\":\"admin@joomla.org\",\"authorUrl\":\"www.joomla.org\",\"version\":\"5.0.0\",\"description\":\"PLG_SCHEMAORG_JOBPOSTING_XML_DESCRIPTION\",\"group\":\"\",\"namespace\":\"Joomla\\\\Plugin\\\\Schemaorg\\\\JobPosting\",\"filename\":\"jobposting\"}', '{}', '', NULL, NULL, 5, 0, NULL),
(171, 0, 'plg_schemaorg_organization', 'plugin', 'organization', NULL, 'schemaorg', 0, 1, 1, 0, 0, '{\"name\":\"plg_schemaorg_organization\",\"type\":\"plugin\",\"creationDate\":\"2023-07\",\"author\":\"Joomla! Project\",\"copyright\":\"(C) 2023 Open Source Matters, Inc.\",\"authorEmail\":\"admin@joomla.org\",\"authorUrl\":\"www.joomla.org\",\"version\":\"5.0.0\",\"description\":\"PLG_SCHEMAORG_ORGANIZATION_XML_DESCRIPTION\",\"group\":\"\",\"namespace\":\"Joomla\\\\Plugin\\\\Schemaorg\\\\Organization\",\"filename\":\"organization\"}', '{}', '', NULL, NULL, 6, 0, NULL),
(172, 0, 'plg_schemaorg_person', 'plugin', 'person', NULL, 'schemaorg', 0, 1, 1, 0, 0, '{\"name\":\"plg_schemaorg_person\",\"type\":\"plugin\",\"creationDate\":\"2023-07\",\"author\":\"Joomla! Project\",\"copyright\":\"(C) 2023 Open Source Matters, Inc.\",\"authorEmail\":\"admin@joomla.org\",\"authorUrl\":\"www.joomla.org\",\"version\":\"5.0.0\",\"description\":\"PLG_SCHEMAORG_PERSON_XML_DESCRIPTION\",\"group\":\"\",\"namespace\":\"Joomla\\\\Plugin\\\\Schemaorg\\\\Person\",\"filename\":\"person\"}', '{}', '', NULL, NULL, 7, 0, NULL),
(173, 0, 'plg_schemaorg_recipe', 'plugin', 'recipe', NULL, 'schemaorg', 0, 1, 1, 0, 0, '{\"name\":\"plg_schemaorg_recipe\",\"type\":\"plugin\",\"creationDate\":\"2023-07\",\"author\":\"Joomla! Project\",\"copyright\":\"(C) 2023 Open Source Matters, Inc.\",\"authorEmail\":\"admin@joomla.org\",\"authorUrl\":\"www.joomla.org\",\"version\":\"5.0.0\",\"description\":\"PLG_SCHEMAORG_RECIPE_XML_DESCRIPTION\",\"group\":\"\",\"namespace\":\"Joomla\\\\Plugin\\\\Schemaorg\\\\Recipe\",\"filename\":\"recipe\"}', '{}', '', NULL, NULL, 8, 0, NULL),
(174, 0, 'plg_schemaorg_custom', 'plugin', 'custom', NULL, 'schemaorg', 0, 1, 1, 0, 0, '{\"name\":\"plg_schemaorg_custom\",\"type\":\"plugin\",\"creationDate\":\"2024-03\",\"author\":\"Joomla! Project\",\"copyright\":\"(C) 2024 Open Source Matters, Inc.\",\"authorEmail\":\"admin@joomla.org\",\"authorUrl\":\"www.joomla.org\",\"version\":\"5.1.0\",\"description\":\"PLG_SCHEMAORG_CUSTOM_XML_DESCRIPTION\",\"group\":\"\",\"namespace\":\"Joomla\\\\Plugin\\\\Schemaorg\\\\Custom\",\"filename\":\"custom\"}', '{}', '', NULL, NULL, 9, 0, NULL),
(175, 0, 'plg_system_accessibility', 'plugin', 'accessibility', NULL, 'system', 0, 0, 1, 0, 1, '{\"name\":\"plg_system_accessibility\",\"type\":\"plugin\",\"creationDate\":\"2020-02-15\",\"author\":\"Joomla! Project\",\"copyright\":\"(C) 2020 Open Source Matters, Inc.\",\"authorEmail\":\"admin@joomla.org\",\"authorUrl\":\"www.joomla.org\",\"version\":\"4.0.0\",\"description\":\"PLG_SYSTEM_ACCESSIBILITY_XML_DESCRIPTION\",\"group\":\"\",\"namespace\":\"Joomla\\\\Plugin\\\\System\\\\Accessibility\",\"filename\":\"accessibility\"}', '{}', '', NULL, NULL, 1, 0, NULL),
(176, 0, 'plg_system_actionlogs', 'plugin', 'actionlogs', NULL, 'system', 0, 1, 1, 0, 1, '{\"name\":\"plg_system_actionlogs\",\"type\":\"plugin\",\"creationDate\":\"2018-05\",\"author\":\"Joomla! Project\",\"copyright\":\"(C) 2018 Open Source Matters, Inc.\",\"authorEmail\":\"admin@joomla.org\",\"authorUrl\":\"www.joomla.org\",\"version\":\"3.9.0\",\"description\":\"PLG_SYSTEM_ACTIONLOGS_XML_DESCRIPTION\",\"group\":\"\",\"namespace\":\"Joomla\\\\Plugin\\\\System\\\\ActionLogs\",\"filename\":\"actionlogs\"}', '{}', '', NULL, NULL, 2, 0, NULL),
(177, 0, 'plg_system_cache', 'plugin', 'cache', NULL, 'system', 0, 0, 1, 0, 1, '{\"name\":\"plg_system_cache\",\"type\":\"plugin\",\"creationDate\":\"2007-02\",\"author\":\"Joomla! Project\",\"copyright\":\"(C) 2007 Open Source Matters, Inc.\",\"authorEmail\":\"admin@joomla.org\",\"authorUrl\":\"www.joomla.org\",\"version\":\"3.0.0\",\"description\":\"PLG_CACHE_XML_DESCRIPTION\",\"group\":\"\",\"namespace\":\"Joomla\\\\Plugin\\\\System\\\\Cache\",\"filename\":\"cache\"}', '{\"browsercache\":\"0\",\"cachetime\":\"15\"}', '', NULL, NULL, 3, 0, NULL),
(178, 0, 'plg_system_debug', 'plugin', 'debug', NULL, 'system', 0, 1, 1, 0, 1, '{\"name\":\"plg_system_debug\",\"type\":\"plugin\",\"creationDate\":\"2006-12\",\"author\":\"Joomla! Project\",\"copyright\":\"(C) 2006 Open Source Matters, Inc.\",\"authorEmail\":\"admin@joomla.org\",\"authorUrl\":\"www.joomla.org\",\"version\":\"3.0.0\",\"description\":\"PLG_DEBUG_XML_DESCRIPTION\",\"group\":\"\",\"namespace\":\"Joomla\\\\Plugin\\\\System\\\\Debug\",\"filename\":\"debug\"}', '{\"profile\":\"1\",\"queries\":\"1\",\"memory\":\"1\",\"language_files\":\"1\",\"language_strings\":\"1\",\"strip-first\":\"1\",\"strip-prefix\":\"\",\"strip-suffix\":\"\"}', '', NULL, NULL, 4, 0, NULL),
(179, 0, 'plg_system_fields', 'plugin', 'fields', NULL, 'system', 0, 1, 1, 0, 1, '{\"name\":\"plg_system_fields\",\"type\":\"plugin\",\"creationDate\":\"2016-03\",\"author\":\"Joomla! Project\",\"copyright\":\"(C) 2016 Open Source Matters, Inc.\",\"authorEmail\":\"admin@joomla.org\",\"authorUrl\":\"www.joomla.org\",\"version\":\"3.7.0\",\"description\":\"PLG_SYSTEM_FIELDS_XML_DESCRIPTION\",\"group\":\"\",\"namespace\":\"Joomla\\\\Plugin\\\\System\\\\Fields\",\"filename\":\"fields\"}', '', '', NULL, NULL, 5, 0, NULL),
(180, 0, 'plg_system_highlight', 'plugin', 'highlight', NULL, 'system', 0, 1, 1, 0, 1, '{\"name\":\"plg_system_highlight\",\"type\":\"plugin\",\"creationDate\":\"2011-08\",\"author\":\"Joomla! Project\",\"copyright\":\"(C) 2011 Open Source Matters, Inc.\",\"authorEmail\":\"admin@joomla.org\",\"authorUrl\":\"www.joomla.org\",\"version\":\"3.0.0\",\"description\":\"PLG_SYSTEM_HIGHLIGHT_XML_DESCRIPTION\",\"group\":\"\",\"namespace\":\"Joomla\\\\Plugin\\\\System\\\\Highlight\",\"filename\":\"highlight\"}', '', '', NULL, NULL, 6, 0, NULL),
(181, 0, 'plg_system_httpheaders', 'plugin', 'httpheaders', NULL, 'system', 0, 1, 1, 0, 1, '{\"name\":\"plg_system_httpheaders\",\"type\":\"plugin\",\"creationDate\":\"2017-10\",\"author\":\"Joomla! Project\",\"copyright\":\"(C) 2018 Open Source Matters, Inc.\",\"authorEmail\":\"admin@joomla.org\",\"authorUrl\":\"www.joomla.org\",\"version\":\"4.0.0\",\"description\":\"PLG_SYSTEM_HTTPHEADERS_XML_DESCRIPTION\",\"group\":\"\",\"namespace\":\"Joomla\\\\Plugin\\\\System\\\\Httpheaders\",\"filename\":\"httpheaders\"}', '{}', '', NULL, NULL, 7, 0, NULL),
(182, 0, 'plg_system_jooa11y', 'plugin', 'jooa11y', NULL, 'system', 0, 1, 1, 0, 1, '{\"name\":\"plg_system_jooa11y\",\"type\":\"plugin\",\"creationDate\":\"2022-02\",\"author\":\"Joomla! Project\",\"copyright\":\"(C) 2021 Open Source Matters, Inc.\",\"authorEmail\":\"admin@joomla.org\",\"authorUrl\":\"www.joomla.org\",\"version\":\"4.2.0\",\"description\":\"PLG_SYSTEM_JOOA11Y_XML_DESCRIPTION\",\"group\":\"\",\"namespace\":\"Joomla\\\\Plugin\\\\System\\\\Jooa11y\",\"filename\":\"jooa11y\"}', '', '', NULL, NULL, 8, 0, NULL),
(183, 0, 'plg_system_languagecode', 'plugin', 'languagecode', NULL, 'system', 0, 0, 1, 0, 1, '{\"name\":\"plg_system_languagecode\",\"type\":\"plugin\",\"creationDate\":\"2011-11\",\"author\":\"Joomla! Project\",\"copyright\":\"(C) 2011 Open Source Matters, Inc.\",\"authorEmail\":\"admin@joomla.org\",\"authorUrl\":\"www.joomla.org\",\"version\":\"3.0.0\",\"description\":\"PLG_SYSTEM_LANGUAGECODE_XML_DESCRIPTION\",\"group\":\"\",\"namespace\":\"Joomla\\\\Plugin\\\\System\\\\LanguageCode\",\"filename\":\"languagecode\"}', '', '', NULL, NULL, 9, 0, NULL),
(184, 0, 'plg_system_languagefilter', 'plugin', 'languagefilter', NULL, 'system', 0, 0, 1, 0, 1, '{\"name\":\"plg_system_languagefilter\",\"type\":\"plugin\",\"creationDate\":\"2010-07\",\"author\":\"Joomla! Project\",\"copyright\":\"(C) 2010 Open Source Matters, Inc.\",\"authorEmail\":\"admin@joomla.org\",\"authorUrl\":\"www.joomla.org\",\"version\":\"3.0.0\",\"description\":\"PLG_SYSTEM_LANGUAGEFILTER_XML_DESCRIPTION\",\"group\":\"\",\"namespace\":\"Joomla\\\\Plugin\\\\System\\\\LanguageFilter\",\"filename\":\"languagefilter\"}', '', '', NULL, NULL, 10, 0, NULL),
(185, 0, 'plg_system_log', 'plugin', 'log', NULL, 'system', 0, 1, 1, 0, 1, '{\"name\":\"plg_system_log\",\"type\":\"plugin\",\"creationDate\":\"2007-04\",\"author\":\"Joomla! Project\",\"copyright\":\"(C) 2007 Open Source Matters, Inc.\",\"authorEmail\":\"admin@joomla.org\",\"authorUrl\":\"www.joomla.org\",\"version\":\"3.0.0\",\"description\":\"PLG_LOG_XML_DESCRIPTION\",\"group\":\"\",\"namespace\":\"Joomla\\\\Plugin\\\\System\\\\Log\",\"filename\":\"log\"}', '', '', NULL, NULL, 11, 0, NULL),
(186, 0, 'plg_system_logout', 'plugin', 'logout', NULL, 'system', 0, 1, 1, 0, 1, '{\"name\":\"plg_system_logout\",\"type\":\"plugin\",\"creationDate\":\"2009-04\",\"author\":\"Joomla! Project\",\"copyright\":\"(C) 2009 Open Source Matters, Inc.\",\"authorEmail\":\"admin@joomla.org\",\"authorUrl\":\"www.joomla.org\",\"version\":\"3.0.0\",\"description\":\"PLG_SYSTEM_LOGOUT_XML_DESCRIPTION\",\"group\":\"\",\"namespace\":\"Joomla\\\\Plugin\\\\System\\\\Logout\",\"filename\":\"logout\"}', '', '', NULL, NULL, 12, 0, NULL),
(187, 0, 'plg_system_privacyconsent', 'plugin', 'privacyconsent', NULL, 'system', 0, 0, 1, 0, 1, '{\"name\":\"plg_system_privacyconsent\",\"type\":\"plugin\",\"creationDate\":\"2018-04\",\"author\":\"Joomla! Project\",\"copyright\":\"(C) 2018 Open Source Matters, Inc.\",\"authorEmail\":\"admin@joomla.org\",\"authorUrl\":\"www.joomla.org\",\"version\":\"3.9.0\",\"description\":\"PLG_SYSTEM_PRIVACYCONSENT_XML_DESCRIPTION\",\"group\":\"\",\"namespace\":\"Joomla\\\\Plugin\\\\System\\\\PrivacyConsent\",\"filename\":\"privacyconsent\"}', '{}', '', NULL, NULL, 14, 0, NULL),
(188, 0, 'plg_system_redirect', 'plugin', 'redirect', NULL, 'system', 0, 0, 1, 0, 1, '{\"name\":\"plg_system_redirect\",\"type\":\"plugin\",\"creationDate\":\"2009-04\",\"author\":\"Joomla! Project\",\"copyright\":\"(C) 2009 Open Source Matters, Inc.\",\"authorEmail\":\"admin@joomla.org\",\"authorUrl\":\"www.joomla.org\",\"version\":\"3.0.0\",\"description\":\"PLG_SYSTEM_REDIRECT_XML_DESCRIPTION\",\"group\":\"\",\"namespace\":\"Joomla\\\\Plugin\\\\System\\\\Redirect\",\"filename\":\"redirect\"}', '', '', NULL, NULL, 15, 0, NULL),
(189, 0, 'plg_system_remember', 'plugin', 'remember', NULL, 'system', 0, 1, 1, 0, 1, '{\"name\":\"plg_system_remember\",\"type\":\"plugin\",\"creationDate\":\"2007-04\",\"author\":\"Joomla! Project\",\"copyright\":\"(C) 2007 Open Source Matters, Inc.\",\"authorEmail\":\"admin@joomla.org\",\"authorUrl\":\"www.joomla.org\",\"version\":\"3.0.0\",\"description\":\"PLG_REMEMBER_XML_DESCRIPTION\",\"group\":\"\",\"namespace\":\"Joomla\\\\Plugin\\\\System\\\\Remember\",\"filename\":\"remember\"}', '', '', NULL, NULL, 16, 0, NULL),
(190, 0, 'plg_system_schedulerunner', 'plugin', 'schedulerunner', NULL, 'system', 0, 1, 1, 0, 1, '{\"name\":\"plg_system_schedulerunner\",\"type\":\"plugin\",\"creationDate\":\"2021-08\",\"author\":\"Joomla! Project\",\"copyright\":\"(C) 2021 Open Source Matters, Inc.\",\"authorEmail\":\"admin@joomla.org\",\"authorUrl\":\"www.joomla.org\",\"version\":\"4.1\",\"description\":\"PLG_SYSTEM_SCHEDULERUNNER_XML_DESCRIPTION\",\"group\":\"\",\"namespace\":\"Joomla\\\\Plugin\\\\System\\\\ScheduleRunner\",\"filename\":\"schedulerunner\"}', '{}', '', NULL, NULL, 17, 0, NULL),
(191, 0, 'plg_system_schemaorg', 'plugin', 'schemaorg', NULL, 'system', 0, 1, 1, 0, 0, '{\"name\":\"plg_system_schemaorg\",\"type\":\"plugin\",\"creationDate\":\"2023-07\",\"author\":\"Joomla! Project\",\"copyright\":\"(C) 2023 Open Source Matters, Inc.\",\"authorEmail\":\"admin@joomla.org\",\"authorUrl\":\"www.joomla.org\",\"version\":\"5.0.0\",\"description\":\"PLG_SYSTEM_SCHEMAORG_XML_DESCRIPTION\",\"group\":\"\",\"namespace\":\"Joomla\\\\Plugin\\\\System\\\\Schemaorg\",\"filename\":\"schemaorg\"}', '{}', '', NULL, NULL, 18, 0, NULL),
(192, 0, 'plg_system_sef', 'plugin', 'sef', NULL, 'system', 0, 1, 1, 0, 1, '{\"name\":\"plg_system_sef\",\"type\":\"plugin\",\"creationDate\":\"2007-12\",\"author\":\"Joomla! Project\",\"copyright\":\"(C) 2007 Open Source Matters, Inc.\",\"authorEmail\":\"admin@joomla.org\",\"authorUrl\":\"www.joomla.org\",\"version\":\"3.0.0\",\"description\":\"PLG_SEF_XML_DESCRIPTION\",\"group\":\"\",\"namespace\":\"Joomla\\\\Plugin\\\\System\\\\Sef\",\"filename\":\"sef\"}', '{\"domain\":\"\",\"indexphp\":\"1\",\"trailingslash\":\"0\",\"enforcesuffix\":\"1\",\"strictrouting\":\"1\"}', '', NULL, NULL, 19, 0, NULL),
(193, 0, 'plg_system_shortcut', 'plugin', 'shortcut', NULL, 'system', 0, 1, 1, 0, 1, '{\"name\":\"plg_system_shortcut\",\"type\":\"plugin\",\"creationDate\":\"2022-06\",\"author\":\"Joomla! Project\",\"copyright\":\"(C) 2022 Open Source Matters, Inc.\",\"authorEmail\":\"admin@joomla.org\",\"authorUrl\":\"www.joomla.org\",\"version\":\"4.2.0\",\"description\":\"PLG_SYSTEM_SHORTCUT_XML_DESCRIPTION\",\"group\":\"\",\"namespace\":\"Joomla\\\\Plugin\\\\System\\\\Shortcut\",\"filename\":\"shortcut\"}', '{}', '', NULL, NULL, 21, 0, NULL),
(194, 0, 'plg_system_skipto', 'plugin', 'skipto', NULL, 'system', 0, 1, 1, 0, 1, '{\"name\":\"plg_system_skipto\",\"type\":\"plugin\",\"creationDate\":\"2020-02\",\"author\":\"Joomla! Project\",\"copyright\":\"(C) 2019 Open Source Matters, Inc.\",\"authorEmail\":\"admin@joomla.org\",\"authorUrl\":\"www.joomla.org\",\"version\":\"4.0.0\",\"description\":\"PLG_SYSTEM_SKIPTO_XML_DESCRIPTION\",\"group\":\"\",\"namespace\":\"Joomla\\\\Plugin\\\\System\\\\Skipto\",\"filename\":\"skipto\"}', '{}', '', NULL, NULL, 22, 0, NULL),
(195, 0, 'plg_system_stats', 'plugin', 'stats', NULL, 'system', 0, 1, 1, 0, 1, '{\"name\":\"plg_system_stats\",\"type\":\"plugin\",\"creationDate\":\"2013-11\",\"author\":\"Joomla! Project\",\"copyright\":\"(C) 2013 Open Source Matters, Inc.\",\"authorEmail\":\"admin@joomla.org\",\"authorUrl\":\"www.joomla.org\",\"version\":\"3.5.0\",\"description\":\"PLG_SYSTEM_STATS_XML_DESCRIPTION\",\"group\":\"\",\"namespace\":\"Joomla\\\\Plugin\\\\System\\\\Stats\",\"filename\":\"stats\"}', '', '', NULL, NULL, 23, 0, NULL),
(196, 0, 'plg_system_task_notification', 'plugin', 'tasknotification', NULL, 'system', 0, 1, 1, 0, 1, '{\"name\":\"plg_system_task_notification\",\"type\":\"plugin\",\"creationDate\":\"2021-09\",\"author\":\"Joomla! Project\",\"copyright\":\"(C) 2021 Open Source Matters, Inc.\",\"authorEmail\":\"admin@joomla.org\",\"authorUrl\":\"www.joomla.org\",\"version\":\"4.1\",\"description\":\"PLG_SYSTEM_TASK_NOTIFICATION_XML_DESCRIPTION\",\"group\":\"\",\"namespace\":\"Joomla\\\\Plugin\\\\System\\\\TaskNotification\",\"filename\":\"tasknotification\"}', '', '', NULL, NULL, 24, 0, NULL),
(197, 0, 'plg_system_webauthn', 'plugin', 'webauthn', NULL, 'system', 0, 1, 1, 0, 1, '{\"name\":\"plg_system_webauthn\",\"type\":\"plugin\",\"creationDate\":\"2019-07-02\",\"author\":\"Joomla! Project\",\"copyright\":\"(C) 2020 Open Source Matters, Inc.\",\"authorEmail\":\"admin@joomla.org\",\"authorUrl\":\"www.joomla.org\",\"version\":\"4.0.0\",\"description\":\"PLG_SYSTEM_WEBAUTHN_DESCRIPTION\",\"group\":\"\",\"namespace\":\"Joomla\\\\Plugin\\\\System\\\\Webauthn\",\"filename\":\"webauthn\"}', '{}', '', NULL, NULL, 26, 0, NULL),
(198, 0, 'plg_task_check_files', 'plugin', 'checkfiles', NULL, 'task', 0, 1, 1, 0, 1, '{\"name\":\"plg_task_check_files\",\"type\":\"plugin\",\"creationDate\":\"2021-08\",\"author\":\"Joomla! Project\",\"copyright\":\"(C) 2021 Open Source Matters, Inc.\",\"authorEmail\":\"admin@joomla.org\",\"authorUrl\":\"www.joomla.org\",\"version\":\"4.1\",\"description\":\"PLG_TASK_CHECK_FILES_XML_DESCRIPTION\",\"group\":\"\",\"namespace\":\"Joomla\\\\Plugin\\\\Task\\\\Checkfiles\",\"filename\":\"checkfiles\"}', '{}', '', NULL, NULL, 1, 0, NULL),
(199, 0, 'plg_task_deleteactionlogs', 'plugin', 'deleteactionlogs', NULL, 'task', 0, 1, 1, 0, 1, '{\"name\":\"plg_task_deleteactionlogs\",\"type\":\"plugin\",\"creationDate\":\"2023-07\",\"author\":\"Joomla! Project\",\"copyright\":\"(C) 2023 Open Source Matters, Inc.\",\"authorEmail\":\"admin@joomla.org\",\"authorUrl\":\"www.joomla.org\",\"version\":\"5.0.0\",\"description\":\"PLG_TASK_DELETEACTIONLOGS_XML_DESCRIPTION\",\"group\":\"\",\"namespace\":\"Joomla\\\\Plugin\\\\Task\\\\DeleteActionLogs\",\"filename\":\"deleteactionlogs\"}', '{}', '', NULL, NULL, 2, 0, NULL),
(200, 0, 'plg_task_globalcheckin', 'plugin', 'globalcheckin', NULL, 'task', 0, 1, 1, 0, 0, '{\"name\":\"plg_task_globalcheckin\",\"type\":\"plugin\",\"creationDate\":\"2023-06-22\",\"author\":\"Joomla! Project\",\"copyright\":\"(C) 2023 Open Source Matters, Inc.\",\"authorEmail\":\"admin@joomla.org\",\"authorUrl\":\"www.joomla.org\",\"version\":\"5.0.0\",\"description\":\"PLG_TASK_GLOBALCHECKIN_XML_DESCRIPTION\",\"group\":\"\",\"namespace\":\"Joomla\\\\Plugin\\\\Task\\\\Globalcheckin\",\"filename\":\"globalcheckin\"}', '{}', '', NULL, NULL, 3, 0, NULL),
(201, 0, 'plg_task_requests', 'plugin', 'requests', NULL, 'task', 0, 1, 1, 0, 1, '{\"name\":\"plg_task_requests\",\"type\":\"plugin\",\"creationDate\":\"2021-08\",\"author\":\"Joomla! Project\",\"copyright\":\"(C) 2021 Open Source Matters, Inc.\",\"authorEmail\":\"admin@joomla.org\",\"authorUrl\":\"www.joomla.org\",\"version\":\"4.1\",\"description\":\"PLG_TASK_REQUESTS_XML_DESCRIPTION\",\"group\":\"\",\"namespace\":\"Joomla\\\\Plugin\\\\Task\\\\Requests\",\"filename\":\"requests\"}', '{}', '', NULL, NULL, 4, 0, NULL),
(202, 0, 'plg_task_privacyconsent', 'plugin', 'privacyconsent', NULL, 'task', 0, 1, 1, 0, 1, '{\"name\":\"plg_task_privacyconsent\",\"type\":\"plugin\",\"creationDate\":\"2023-07\",\"author\":\"Joomla! Project\",\"copyright\":\"(C) 2023 Open Source Matters, Inc.\",\"authorEmail\":\"admin@joomla.org\",\"authorUrl\":\"www.joomla.org\",\"version\":\"5.0.0\",\"description\":\"PLG_TASK_PRIVACYCONSENT_XML_DESCRIPTION\",\"group\":\"\",\"namespace\":\"Joomla\\\\Plugin\\\\Task\\\\PrivacyConsent\",\"filename\":\"privacyconsent\"}', '{}', '', NULL, NULL, 5, 0, NULL),
(203, 0, 'plg_task_rotatelogs', 'plugin', 'rotatelogs', NULL, 'task', 0, 1, 1, 0, 1, '{\"name\":\"plg_task_rotatelogs\",\"type\":\"plugin\",\"creationDate\":\"2023-07\",\"author\":\"Joomla! Project\",\"copyright\":\"(C) 2023 Open Source Matters, Inc.\",\"authorEmail\":\"admin@joomla.org\",\"authorUrl\":\"www.joomla.org\",\"version\":\"5.0.0\",\"description\":\"PLG_TASK_ROTATELOGS_XML_DESCRIPTION\",\"group\":\"\",\"namespace\":\"Joomla\\\\Plugin\\\\Task\\\\RotateLogs\",\"filename\":\"rotatelogs\"}', '{}', '', NULL, NULL, 6, 0, NULL),
(204, 0, 'plg_task_sessiongc', 'plugin', 'sessiongc', NULL, 'task', 0, 1, 1, 0, 1, '{\"name\":\"plg_task_sessiongc\",\"type\":\"plugin\",\"creationDate\":\"2023-08\",\"author\":\"Joomla! Project\",\"copyright\":\"(C) 2023 Open Source Matters, Inc.\",\"authorEmail\":\"admin@joomla.org\",\"authorUrl\":\"www.joomla.org\",\"version\":\"5.0.0\",\"description\":\"PLG_TASK_SESSIONGC_XML_DESCRIPTION\",\"group\":\"\",\"namespace\":\"Joomla\\\\Plugin\\\\Task\\\\SessionGC\",\"filename\":\"sessiongc\"}', '{}', '', NULL, NULL, 7, 0, NULL),
(205, 0, 'plg_task_site_status', 'plugin', 'sitestatus', NULL, 'task', 0, 1, 1, 0, 1, '{\"name\":\"plg_task_site_status\",\"type\":\"plugin\",\"creationDate\":\"2021-08\",\"author\":\"Joomla! Project\",\"copyright\":\"(C) 2021 Open Source Matters, Inc.\",\"authorEmail\":\"admin@joomla.org\",\"authorUrl\":\"www.joomla.org\",\"version\":\"4.1\",\"description\":\"PLG_TASK_SITE_STATUS_XML_DESCRIPTION\",\"group\":\"\",\"namespace\":\"Joomla\\\\Plugin\\\\Task\\\\SiteStatus\",\"filename\":\"sitestatus\"}', '{}', '', NULL, NULL, 8, 0, NULL),
(206, 0, 'plg_task_updatenotification', 'plugin', 'updatenotification', NULL, 'task', 0, 1, 1, 0, 1, '{\"name\":\"plg_task_updatenotification\",\"type\":\"plugin\",\"creationDate\":\"2023-07\",\"author\":\"Joomla! Project\",\"copyright\":\"(C) 2023 Open Source Matters, Inc.\",\"authorEmail\":\"admin@joomla.org\",\"authorUrl\":\"www.joomla.org\",\"version\":\"5.0.0\",\"description\":\"PLG_TASK_UPDATENOTIFICATION_XML_DESCRIPTION\",\"group\":\"\",\"namespace\":\"Joomla\\\\Plugin\\\\Task\\\\UpdateNotification\",\"filename\":\"updatenotification\"}', '{}', '', NULL, NULL, 9, 0, NULL),
(207, 0, 'plg_multifactorauth_totp', 'plugin', 'totp', NULL, 'multifactorauth', 0, 1, 1, 0, 1, '{\"name\":\"plg_multifactorauth_totp\",\"type\":\"plugin\",\"creationDate\":\"2013-08\",\"author\":\"Joomla! Project\",\"copyright\":\"(C) 2013 Open Source Matters, Inc.\",\"authorEmail\":\"admin@joomla.org\",\"authorUrl\":\"www.joomla.org\",\"version\":\"3.2.0\",\"description\":\"PLG_MULTIFACTORAUTH_TOTP_XML_DESCRIPTION\",\"group\":\"\",\"namespace\":\"Joomla\\\\Plugin\\\\Multifactorauth\\\\Totp\",\"filename\":\"totp\"}', '', '', NULL, NULL, 1, 0, NULL),
(208, 0, 'plg_multifactorauth_yubikey', 'plugin', 'yubikey', NULL, 'multifactorauth', 0, 1, 1, 0, 1, '{\"name\":\"plg_multifactorauth_yubikey\",\"type\":\"plugin\",\"creationDate\":\"2013-09\",\"author\":\"Joomla! Project\",\"copyright\":\"(C) 2013 Open Source Matters, Inc.\",\"authorEmail\":\"admin@joomla.org\",\"authorUrl\":\"www.joomla.org\",\"version\":\"3.2.0\",\"description\":\"PLG_MULTIFACTORAUTH_YUBIKEY_XML_DESCRIPTION\",\"group\":\"\",\"namespace\":\"Joomla\\\\Plugin\\\\Multifactorauth\\\\Yubikey\",\"filename\":\"yubikey\"}', '', '', NULL, NULL, 2, 0, NULL),
(209, 0, 'plg_multifactorauth_webauthn', 'plugin', 'webauthn', NULL, 'multifactorauth', 0, 1, 1, 0, 1, '{\"name\":\"plg_multifactorauth_webauthn\",\"type\":\"plugin\",\"creationDate\":\"2022-05\",\"author\":\"Joomla! Project\",\"copyright\":\"(C) 2022 Open Source Matters, Inc.\",\"authorEmail\":\"admin@joomla.org\",\"authorUrl\":\"www.joomla.org\",\"version\":\"4.2.0\",\"description\":\"PLG_MULTIFACTORAUTH_WEBAUTHN_XML_DESCRIPTION\",\"group\":\"\",\"namespace\":\"Joomla\\\\Plugin\\\\Multifactorauth\\\\Webauthn\",\"filename\":\"webauthn\"}', '', '', NULL, NULL, 3, 0, NULL),
(210, 0, 'plg_multifactorauth_email', 'plugin', 'email', NULL, 'multifactorauth', 0, 1, 1, 0, 1, '{\"name\":\"plg_multifactorauth_email\",\"type\":\"plugin\",\"creationDate\":\"2022-05\",\"author\":\"Joomla! Project\",\"copyright\":\"(C) 2022 Open Source Matters, Inc.\",\"authorEmail\":\"admin@joomla.org\",\"authorUrl\":\"www.joomla.org\",\"version\":\"4.2.0\",\"description\":\"PLG_MULTIFACTORAUTH_EMAIL_XML_DESCRIPTION\",\"group\":\"\",\"namespace\":\"Joomla\\\\Plugin\\\\Multifactorauth\\\\Email\",\"filename\":\"email\"}', '', '', NULL, NULL, 4, 0, NULL),
(211, 0, 'plg_multifactorauth_fixed', 'plugin', 'fixed', NULL, 'multifactorauth', 0, 0, 1, 0, 1, '{\"name\":\"plg_multifactorauth_fixed\",\"type\":\"plugin\",\"creationDate\":\"2022-05\",\"author\":\"Joomla! Project\",\"copyright\":\"(C) 2022 Open Source Matters, Inc.\",\"authorEmail\":\"admin@joomla.org\",\"authorUrl\":\"www.joomla.org\",\"version\":\"4.2.0\",\"description\":\"PLG_MULTIFACTORAUTH_FIXED_XML_DESCRIPTION\",\"group\":\"\",\"namespace\":\"Joomla\\\\Plugin\\\\Multifactorauth\\\\Fixed\",\"filename\":\"fixed\"}', '', '', NULL, NULL, 5, 0, NULL),
(212, 0, 'plg_user_contactcreator', 'plugin', 'contactcreator', NULL, 'user', 0, 0, 1, 0, 1, '{\"name\":\"plg_user_contactcreator\",\"type\":\"plugin\",\"creationDate\":\"2009-08\",\"author\":\"Joomla! Project\",\"copyright\":\"(C) 2009 Open Source Matters, Inc.\",\"authorEmail\":\"admin@joomla.org\",\"authorUrl\":\"www.joomla.org\",\"version\":\"3.0.0\",\"description\":\"PLG_CONTACTCREATOR_XML_DESCRIPTION\",\"group\":\"\",\"namespace\":\"Joomla\\\\Plugin\\\\User\\\\ContactCreator\",\"filename\":\"contactcreator\"}', '{\"autowebpage\":\"\",\"category\":\"4\",\"autopublish\":\"0\"}', '', NULL, NULL, 1, 0, NULL),
(213, 0, 'plg_user_joomla', 'plugin', 'joomla', NULL, 'user', 0, 1, 1, 0, 1, '{\"name\":\"plg_user_joomla\",\"type\":\"plugin\",\"creationDate\":\"2006-12\",\"author\":\"Joomla! Project\",\"copyright\":\"(C) 2006 Open Source Matters, Inc.\",\"authorEmail\":\"admin@joomla.org\",\"authorUrl\":\"www.joomla.org\",\"version\":\"3.0.0\",\"description\":\"PLG_USER_JOOMLA_XML_DESCRIPTION\",\"group\":\"\",\"namespace\":\"Joomla\\\\Plugin\\\\User\\\\Joomla\",\"filename\":\"joomla\"}', '{\"autoregister\":\"1\",\"mail_to_user\":\"1\",\"forceLogout\":\"1\"}', '', NULL, NULL, 2, 0, NULL),
(214, 0, 'plg_user_profile', 'plugin', 'profile', NULL, 'user', 0, 0, 1, 0, 1, '{\"name\":\"plg_user_profile\",\"type\":\"plugin\",\"creationDate\":\"2008-01\",\"author\":\"Joomla! Project\",\"copyright\":\"(C) 2008 Open Source Matters, Inc.\",\"authorEmail\":\"admin@joomla.org\",\"authorUrl\":\"www.joomla.org\",\"version\":\"3.0.0\",\"description\":\"PLG_USER_PROFILE_XML_DESCRIPTION\",\"group\":\"\",\"namespace\":\"Joomla\\\\Plugin\\\\User\\\\Profile\",\"filename\":\"profile\"}', '{\"register-require_address1\":\"1\",\"register-require_address2\":\"1\",\"register-require_city\":\"1\",\"register-require_region\":\"1\",\"register-require_country\":\"1\",\"register-require_postal_code\":\"1\",\"register-require_phone\":\"1\",\"register-require_website\":\"1\",\"register-require_favoritebook\":\"1\",\"register-require_aboutme\":\"1\",\"register-require_tos\":\"1\",\"register-require_dob\":\"1\",\"profile-require_address1\":\"1\",\"profile-require_address2\":\"1\",\"profile-require_city\":\"1\",\"profile-require_region\":\"1\",\"profile-require_country\":\"1\",\"profile-require_postal_code\":\"1\",\"profile-require_phone\":\"1\",\"profile-require_website\":\"1\",\"profile-require_favoritebook\":\"1\",\"profile-require_aboutme\":\"1\",\"profile-require_tos\":\"1\",\"profile-require_dob\":\"1\"}', '', NULL, NULL, 3, 0, NULL),
(215, 0, 'plg_user_terms', 'plugin', 'terms', NULL, 'user', 0, 0, 1, 0, 1, '{\"name\":\"plg_user_terms\",\"type\":\"plugin\",\"creationDate\":\"2018-06\",\"author\":\"Joomla! Project\",\"copyright\":\"(C) 2018 Open Source Matters, Inc.\",\"authorEmail\":\"admin@joomla.org\",\"authorUrl\":\"www.joomla.org\",\"version\":\"3.9.0\",\"description\":\"PLG_USER_TERMS_XML_DESCRIPTION\",\"group\":\"\",\"namespace\":\"Joomla\\\\Plugin\\\\User\\\\Terms\",\"filename\":\"terms\"}', '{}', '', NULL, NULL, 4, 0, NULL),
(216, 0, 'plg_user_token', 'plugin', 'token', NULL, 'user', 0, 1, 1, 0, 1, '{\"name\":\"plg_user_token\",\"type\":\"plugin\",\"creationDate\":\"2019-11\",\"author\":\"Joomla! Project\",\"copyright\":\"(C) 2020 Open Source Matters, Inc.\",\"authorEmail\":\"admin@joomla.org\",\"authorUrl\":\"www.joomla.org\",\"version\":\"3.9.0\",\"description\":\"PLG_USER_TOKEN_XML_DESCRIPTION\",\"group\":\"\",\"namespace\":\"Joomla\\\\Plugin\\\\User\\\\Token\",\"filename\":\"token\"}', '{}', '', NULL, NULL, 5, 0, NULL),
(217, 0, 'plg_webservices_banners', 'plugin', 'banners', NULL, 'webservices', 0, 1, 1, 0, 1, '{\"name\":\"plg_webservices_banners\",\"type\":\"plugin\",\"creationDate\":\"2019-09\",\"author\":\"Joomla! Project\",\"copyright\":\"(C) 2019 Open Source Matters, Inc.\",\"authorEmail\":\"admin@joomla.org\",\"authorUrl\":\"www.joomla.org\",\"version\":\"4.0.0\",\"description\":\"PLG_WEBSERVICES_BANNERS_XML_DESCRIPTION\",\"group\":\"\",\"namespace\":\"Joomla\\\\Plugin\\\\WebServices\\\\Banners\",\"filename\":\"banners\"}', '{}', '', NULL, NULL, 1, 0, NULL),
(218, 0, 'plg_webservices_config', 'plugin', 'config', NULL, 'webservices', 0, 1, 1, 0, 1, '{\"name\":\"plg_webservices_config\",\"type\":\"plugin\",\"creationDate\":\"2019-09\",\"author\":\"Joomla! Project\",\"copyright\":\"(C) 2019 Open Source Matters, Inc.\",\"authorEmail\":\"admin@joomla.org\",\"authorUrl\":\"www.joomla.org\",\"version\":\"4.0.0\",\"description\":\"PLG_WEBSERVICES_CONFIG_XML_DESCRIPTION\",\"group\":\"\",\"namespace\":\"Joomla\\\\Plugin\\\\WebServices\\\\Config\",\"filename\":\"config\"}', '{}', '', NULL, NULL, 2, 0, NULL),
(219, 0, 'plg_webservices_contact', 'plugin', 'contact', NULL, 'webservices', 0, 1, 1, 0, 1, '{\"name\":\"plg_webservices_contact\",\"type\":\"plugin\",\"creationDate\":\"2019-09\",\"author\":\"Joomla! Project\",\"copyright\":\"(C) 2019 Open Source Matters, Inc.\",\"authorEmail\":\"admin@joomla.org\",\"authorUrl\":\"www.joomla.org\",\"version\":\"4.0.0\",\"description\":\"PLG_WEBSERVICES_CONTACT_XML_DESCRIPTION\",\"group\":\"\",\"namespace\":\"Joomla\\\\Plugin\\\\WebServices\\\\Contact\",\"filename\":\"contact\"}', '{}', '', NULL, NULL, 3, 0, NULL),
(220, 0, 'plg_webservices_content', 'plugin', 'content', NULL, 'webservices', 0, 1, 1, 0, 1, '{\"name\":\"plg_webservices_content\",\"type\":\"plugin\",\"creationDate\":\"2019-09\",\"author\":\"Joomla! Project\",\"copyright\":\"(C) 2019 Open Source Matters, Inc.\",\"authorEmail\":\"admin@joomla.org\",\"authorUrl\":\"www.joomla.org\",\"version\":\"4.0.0\",\"description\":\"PLG_WEBSERVICES_CONTENT_XML_DESCRIPTION\",\"group\":\"\",\"namespace\":\"Joomla\\\\Plugin\\\\WebServices\\\\Content\",\"filename\":\"content\"}', '{}', '', NULL, NULL, 4, 0, NULL),
(221, 0, 'plg_webservices_installer', 'plugin', 'installer', NULL, 'webservices', 0, 1, 1, 0, 1, '{\"name\":\"plg_webservices_installer\",\"type\":\"plugin\",\"creationDate\":\"2020-06\",\"author\":\"Joomla! Project\",\"copyright\":\"(C) 2020 Open Source Matters, Inc.\",\"authorEmail\":\"admin@joomla.org\",\"authorUrl\":\"www.joomla.org\",\"version\":\"4.0.0\",\"description\":\"PLG_WEBSERVICES_INSTALLER_XML_DESCRIPTION\",\"group\":\"\",\"namespace\":\"Joomla\\\\Plugin\\\\WebServices\\\\Installer\",\"filename\":\"installer\"}', '{}', '', NULL, NULL, 5, 0, NULL),
(222, 0, 'plg_webservices_languages', 'plugin', 'languages', NULL, 'webservices', 0, 1, 1, 0, 1, '{\"name\":\"plg_webservices_languages\",\"type\":\"plugin\",\"creationDate\":\"2019-09\",\"author\":\"Joomla! Project\",\"copyright\":\"(C) 2019 Open Source Matters, Inc.\",\"authorEmail\":\"admin@joomla.org\",\"authorUrl\":\"www.joomla.org\",\"version\":\"4.0.0\",\"description\":\"PLG_WEBSERVICES_LANGUAGES_XML_DESCRIPTION\",\"group\":\"\",\"namespace\":\"Joomla\\\\Plugin\\\\WebServices\\\\Languages\",\"filename\":\"languages\"}', '{}', '', NULL, NULL, 6, 0, NULL),
(223, 0, 'plg_webservices_media', 'plugin', 'media', NULL, 'webservices', 0, 1, 1, 0, 1, '{\"name\":\"plg_webservices_media\",\"type\":\"plugin\",\"creationDate\":\"2021-05\",\"author\":\"Joomla! Project\",\"copyright\":\"(C) 2021 Open Source Matters, Inc.\",\"authorEmail\":\"admin@joomla.org\",\"authorUrl\":\"www.joomla.org\",\"version\":\"4.1.0\",\"description\":\"PLG_WEBSERVICES_MEDIA_XML_DESCRIPTION\",\"group\":\"\",\"namespace\":\"Joomla\\\\Plugin\\\\WebServices\\\\Media\",\"filename\":\"media\"}', '{}', '', NULL, NULL, 7, 0, NULL),
(224, 0, 'plg_webservices_menus', 'plugin', 'menus', NULL, 'webservices', 0, 1, 1, 0, 1, '{\"name\":\"plg_webservices_menus\",\"type\":\"plugin\",\"creationDate\":\"2019-09\",\"author\":\"Joomla! Project\",\"copyright\":\"(C) 2019 Open Source Matters, Inc.\",\"authorEmail\":\"admin@joomla.org\",\"authorUrl\":\"www.joomla.org\",\"version\":\"4.0.0\",\"description\":\"PLG_WEBSERVICES_MENUS_XML_DESCRIPTION\",\"group\":\"\",\"namespace\":\"Joomla\\\\Plugin\\\\WebServices\\\\Menus\",\"filename\":\"menus\"}', '{}', '', NULL, NULL, 7, 0, NULL),
(225, 0, 'plg_webservices_messages', 'plugin', 'messages', NULL, 'webservices', 0, 1, 1, 0, 1, '{\"name\":\"plg_webservices_messages\",\"type\":\"plugin\",\"creationDate\":\"2019-09\",\"author\":\"Joomla! Project\",\"copyright\":\"(C) 2019 Open Source Matters, Inc.\",\"authorEmail\":\"admin@joomla.org\",\"authorUrl\":\"www.joomla.org\",\"version\":\"4.0.0\",\"description\":\"PLG_WEBSERVICES_MESSAGES_XML_DESCRIPTION\",\"group\":\"\",\"namespace\":\"Joomla\\\\Plugin\\\\WebServices\\\\Messages\",\"filename\":\"messages\"}', '{}', '', NULL, NULL, 8, 0, NULL),
(226, 0, 'plg_webservices_modules', 'plugin', 'modules', NULL, 'webservices', 0, 1, 1, 0, 1, '{\"name\":\"plg_webservices_modules\",\"type\":\"plugin\",\"creationDate\":\"2019-09\",\"author\":\"Joomla! Project\",\"copyright\":\"(C) 2019 Open Source Matters, Inc.\",\"authorEmail\":\"admin@joomla.org\",\"authorUrl\":\"www.joomla.org\",\"version\":\"4.0.0\",\"description\":\"PLG_WEBSERVICES_MODULES_XML_DESCRIPTION\",\"group\":\"\",\"namespace\":\"Joomla\\\\Plugin\\\\WebServices\\\\Modules\",\"filename\":\"modules\"}', '{}', '', NULL, NULL, 9, 0, NULL),
(227, 0, 'plg_webservices_newsfeeds', 'plugin', 'newsfeeds', NULL, 'webservices', 0, 1, 1, 0, 1, '{\"name\":\"plg_webservices_newsfeeds\",\"type\":\"plugin\",\"creationDate\":\"2019-09\",\"author\":\"Joomla! Project\",\"copyright\":\"(C) 2019 Open Source Matters, Inc.\",\"authorEmail\":\"admin@joomla.org\",\"authorUrl\":\"www.joomla.org\",\"version\":\"4.0.0\",\"description\":\"PLG_WEBSERVICES_NEWSFEEDS_XML_DESCRIPTION\",\"group\":\"\",\"namespace\":\"Joomla\\\\Plugin\\\\WebServices\\\\Newsfeeds\",\"filename\":\"newsfeeds\"}', '{}', '', NULL, NULL, 10, 0, NULL),
(228, 0, 'plg_webservices_plugins', 'plugin', 'plugins', NULL, 'webservices', 0, 1, 1, 0, 1, '{\"name\":\"plg_webservices_plugins\",\"type\":\"plugin\",\"creationDate\":\"2019-09\",\"author\":\"Joomla! Project\",\"copyright\":\"(C) 2019 Open Source Matters, Inc.\",\"authorEmail\":\"admin@joomla.org\",\"authorUrl\":\"www.joomla.org\",\"version\":\"4.0.0\",\"description\":\"PLG_WEBSERVICES_PLUGINS_XML_DESCRIPTION\",\"group\":\"\",\"namespace\":\"Joomla\\\\Plugin\\\\WebServices\\\\Plugins\",\"filename\":\"plugins\"}', '{}', '', NULL, NULL, 11, 0, NULL),
(229, 0, 'plg_webservices_privacy', 'plugin', 'privacy', NULL, 'webservices', 0, 1, 1, 0, 1, '{\"name\":\"plg_webservices_privacy\",\"type\":\"plugin\",\"creationDate\":\"2019-09\",\"author\":\"Joomla! Project\",\"copyright\":\"(C) 2019 Open Source Matters, Inc.\",\"authorEmail\":\"admin@joomla.org\",\"authorUrl\":\"www.joomla.org\",\"version\":\"4.0.0\",\"description\":\"PLG_WEBSERVICES_PRIVACY_XML_DESCRIPTION\",\"group\":\"\",\"namespace\":\"Joomla\\\\Plugin\\\\WebServices\\\\Privacy\",\"filename\":\"privacy\"}', '{}', '', NULL, NULL, 12, 0, NULL),
(230, 0, 'plg_webservices_redirect', 'plugin', 'redirect', NULL, 'webservices', 0, 1, 1, 0, 1, '{\"name\":\"plg_webservices_redirect\",\"type\":\"plugin\",\"creationDate\":\"2019-09\",\"author\":\"Joomla! Project\",\"copyright\":\"(C) 2019 Open Source Matters, Inc.\",\"authorEmail\":\"admin@joomla.org\",\"authorUrl\":\"www.joomla.org\",\"version\":\"4.0.0\",\"description\":\"PLG_WEBSERVICES_REDIRECT_XML_DESCRIPTION\",\"group\":\"\",\"namespace\":\"Joomla\\\\Plugin\\\\WebServices\\\\Redirect\",\"filename\":\"redirect\"}', '{}', '', NULL, NULL, 13, 0, NULL),
(231, 0, 'plg_webservices_tags', 'plugin', 'tags', NULL, 'webservices', 0, 1, 1, 0, 1, '{\"name\":\"plg_webservices_tags\",\"type\":\"plugin\",\"creationDate\":\"2019-09\",\"author\":\"Joomla! Project\",\"copyright\":\"(C) 2019 Open Source Matters, Inc.\",\"authorEmail\":\"admin@joomla.org\",\"authorUrl\":\"www.joomla.org\",\"version\":\"4.0.0\",\"description\":\"PLG_WEBSERVICES_TAGS_XML_DESCRIPTION\",\"group\":\"\",\"namespace\":\"Joomla\\\\Plugin\\\\WebServices\\\\Tags\",\"filename\":\"tags\"}', '{}', '', NULL, NULL, 14, 0, NULL),
(232, 0, 'plg_webservices_templates', 'plugin', 'templates', NULL, 'webservices', 0, 1, 1, 0, 1, '{\"name\":\"plg_webservices_templates\",\"type\":\"plugin\",\"creationDate\":\"2019-09\",\"author\":\"Joomla! Project\",\"copyright\":\"(C) 2019 Open Source Matters, Inc.\",\"authorEmail\":\"admin@joomla.org\",\"authorUrl\":\"www.joomla.org\",\"version\":\"4.0.0\",\"description\":\"PLG_WEBSERVICES_TEMPLATES_XML_DESCRIPTION\",\"group\":\"\",\"namespace\":\"Joomla\\\\Plugin\\\\WebServices\\\\Templates\",\"filename\":\"templates\"}', '{}', '', NULL, NULL, 15, 0, NULL),
(233, 0, 'plg_webservices_users', 'plugin', 'users', NULL, 'webservices', 0, 1, 1, 0, 1, '{\"name\":\"plg_webservices_users\",\"type\":\"plugin\",\"creationDate\":\"2019-09\",\"author\":\"Joomla! Project\",\"copyright\":\"(C) 2019 Open Source Matters, Inc.\",\"authorEmail\":\"admin@joomla.org\",\"authorUrl\":\"www.joomla.org\",\"version\":\"4.0.0\",\"description\":\"PLG_WEBSERVICES_USERS_XML_DESCRIPTION\",\"group\":\"\",\"namespace\":\"Joomla\\\\Plugin\\\\WebServices\\\\Users\",\"filename\":\"users\"}', '{}', '', NULL, NULL, 16, 0, NULL),
(234, 0, 'plg_workflow_featuring', 'plugin', 'featuring', NULL, 'workflow', 0, 1, 1, 0, 1, '{\"name\":\"plg_workflow_featuring\",\"type\":\"plugin\",\"creationDate\":\"2020-03\",\"author\":\"Joomla! Project\",\"copyright\":\"(C) 2020 Open Source Matters, Inc.\",\"authorEmail\":\"admin@joomla.org\",\"authorUrl\":\"www.joomla.org\",\"version\":\"4.0.0\",\"description\":\"PLG_WORKFLOW_FEATURING_XML_DESCRIPTION\",\"group\":\"\",\"namespace\":\"Joomla\\\\Plugin\\\\Workflow\\\\Featuring\",\"filename\":\"featuring\"}', '{}', '', NULL, NULL, 1, 0, NULL),
(235, 0, 'plg_workflow_notification', 'plugin', 'notification', NULL, 'workflow', 0, 1, 1, 0, 1, '{\"name\":\"plg_workflow_notification\",\"type\":\"plugin\",\"creationDate\":\"2020-05\",\"author\":\"Joomla! Project\",\"copyright\":\"(C) 2020 Open Source Matters, Inc.\",\"authorEmail\":\"admin@joomla.org\",\"authorUrl\":\"www.joomla.org\",\"version\":\"4.0.0\",\"description\":\"PLG_WORKFLOW_NOTIFICATION_XML_DESCRIPTION\",\"group\":\"\",\"namespace\":\"Joomla\\\\Plugin\\\\Workflow\\\\Notification\",\"filename\":\"notification\"}', '{}', '', NULL, NULL, 2, 0, NULL),
(236, 0, 'plg_workflow_publishing', 'plugin', 'publishing', NULL, 'workflow', 0, 1, 1, 0, 1, '{\"name\":\"plg_workflow_publishing\",\"type\":\"plugin\",\"creationDate\":\"2020-03\",\"author\":\"Joomla! Project\",\"copyright\":\"(C) 2020 Open Source Matters, Inc.\",\"authorEmail\":\"admin@joomla.org\",\"authorUrl\":\"www.joomla.org\",\"version\":\"4.0.0\",\"description\":\"PLG_WORKFLOW_PUBLISHING_XML_DESCRIPTION\",\"group\":\"\",\"namespace\":\"Joomla\\\\Plugin\\\\Workflow\\\\Publishing\",\"filename\":\"publishing\"}', '{}', '', NULL, NULL, 3, 0, NULL),
(237, 0, 'plg_system_guidedtours', 'plugin', 'guidedtours', NULL, 'system', 0, 1, 1, 0, 1, '{\"name\":\"plg_system_guidedtours\",\"type\":\"plugin\",\"creationDate\":\"2023-02\",\"author\":\"Joomla! Project\",\"copyright\":\"(C) 2023 Open Source Matters, Inc.\",\"authorEmail\":\"admin@joomla.org\",\"authorUrl\":\"www.joomla.org\",\"version\":\"4.3.0\",\"description\":\"PLG_SYSTEM_GUIDEDTOURS_DESCRIPTION\",\"group\":\"\",\"namespace\":\"Joomla\\\\Plugin\\\\System\\\\GuidedTours\",\"filename\":\"guidedtours\"}', '{}', '', NULL, NULL, 15, 0, NULL),
(238, 0, 'atum', 'template', 'atum', NULL, '', 1, 1, 1, 0, 1, '{\"name\":\"atum\",\"type\":\"template\",\"creationDate\":\"2016-09\",\"author\":\"Joomla! Project\",\"copyright\":\"(C) 2016 Open Source Matters, Inc.\",\"authorEmail\":\"admin@joomla.org\",\"authorUrl\":\"\",\"version\":\"1.0\",\"description\":\"TPL_ATUM_XML_DESCRIPTION\",\"group\":\"\",\"inheritable\":true,\"filename\":\"templateDetails\"}', '', '', NULL, NULL, 0, 0, NULL),
(239, 0, 'cassiopeia', 'template', 'cassiopeia', NULL, '', 0, 1, 1, 0, 1, '{\"name\":\"cassiopeia\",\"type\":\"template\",\"creationDate\":\"2017-02\",\"author\":\"Joomla! Project\",\"copyright\":\"(C) 2017 Open Source Matters, Inc.\",\"authorEmail\":\"admin@joomla.org\",\"authorUrl\":\"\",\"version\":\"1.0\",\"description\":\"TPL_CASSIOPEIA_XML_DESCRIPTION\",\"group\":\"\",\"inheritable\":true,\"filename\":\"templateDetails\"}', '{\"brand\":\"1\",\"logoFile\":\"\",\"siteTitle\":\"\",\"siteDescription\":\"\",\"useFontScheme\":\"0\",\"colorName\":\"colors_standard\",\"fluidContainer\":\"0\",\"stickyHeader\":0,\"backTop\":0}', '', NULL, NULL, 0, 0, NULL),
(240, 0, 'files_joomla', 'file', 'joomla', NULL, '', 0, 1, 1, 1, 1, '{\"name\":\"files_joomla\",\"type\":\"file\",\"creationDate\":\"2024-11\",\"author\":\"Joomla! Project\",\"copyright\":\"(C) 2019 Open Source Matters, Inc.\",\"authorEmail\":\"admin@joomla.org\",\"authorUrl\":\"www.joomla.org\",\"version\":\"5.2.2\",\"description\":\"FILES_JOOMLA_XML_DESCRIPTION\",\"group\":\"\"}', '', '', NULL, NULL, 0, 0, NULL),
(241, 0, 'English (en-GB) Language Pack', 'package', 'pkg_en-GB', NULL, '', 0, 1, 1, 1, 1, '{\"name\":\"English (en-GB) Language Pack\",\"type\":\"package\",\"creationDate\":\"2024-11\",\"author\":\"Joomla! Project\",\"copyright\":\"(C) 2019 Open Source Matters, Inc.\",\"authorEmail\":\"admin@joomla.org\",\"authorUrl\":\"www.joomla.org\",\"version\":\"5.2.2.1\",\"description\":\"en-GB language pack\",\"group\":\"\",\"filename\":\"pkg_en-GB\"}', '', '', NULL, NULL, 0, 0, NULL),
(242, 241, 'English (en-GB)', 'language', 'en-GB', NULL, '', 0, 1, 1, 1, 1, '{\"name\":\"English (en-GB)\",\"type\":\"language\",\"creationDate\":\"2024-11\",\"author\":\"Joomla! Project\",\"copyright\":\"(C) 2006 Open Source Matters, Inc.\",\"authorEmail\":\"admin@joomla.org\",\"authorUrl\":\"www.joomla.org\",\"version\":\"5.2.2\",\"description\":\"en-GB site language\",\"group\":\"\"}', '', '', NULL, NULL, 0, 0, NULL),
(243, 241, 'English (en-GB)', 'language', 'en-GB', NULL, '', 1, 1, 1, 1, 1, '{\"name\":\"English (en-GB)\",\"type\":\"language\",\"creationDate\":\"2024-11\",\"author\":\"Joomla! Project\",\"copyright\":\"(C) 2005 Open Source Matters, Inc.\",\"authorEmail\":\"admin@joomla.org\",\"authorUrl\":\"www.joomla.org\",\"version\":\"5.2.2\",\"description\":\"en-GB administrator language\",\"group\":\"\"}', '', '', NULL, NULL, 0, 0, NULL),
(244, 241, 'English (en-GB)', 'language', 'en-GB', NULL, '', 3, 1, 1, 1, 1, '{\"name\":\"English (en-GB)\",\"type\":\"language\",\"creationDate\":\"2024-11\",\"author\":\"Joomla! Project\",\"copyright\":\"(C) 2020 Open Source Matters, Inc.\",\"authorEmail\":\"admin@joomla.org\",\"authorUrl\":\"www.joomla.org\",\"version\":\"5.2.2\",\"description\":\"en-GB api language\",\"group\":\"\"}', '', '', NULL, NULL, 0, 0, NULL),
(245, 0, 'cassiopeia_blackdog', 'template', 'cassiopeia_blackdog', '', '', 0, 1, 1, 0, 0, '{\"name\":\"cassiopeia_blackdog\",\"type\":\"template\",\"creationDate\":\"March 2025\",\"author\":\"admin\",\"copyright\":\"(C) 2017 Open Source Matters, Inc.\",\"authorEmail\":\"team@blackdog.com\",\"authorUrl\":\"\",\"version\":\"1.0\",\"description\":\"TPL_CASSIOPEIA_XML_DESCRIPTION\",\"group\":\"\",\"inheritable\":false,\"parent\":\"cassiopeia\",\"filename\":\"templateDetails\"}', '{\"brand\":\"1\",\"logoFile\":\"\",\"siteTitle\":\"\",\"siteDescription\":\"\",\"useFontScheme\":\"0\",\"systemFontBody\":\"\",\"systemFontHeading\":\"\",\"colorName\":\"colors_standard\",\"fluidContainer\":\"0\",\"stickyHeader\":\"0\",\"backTop\":\"0\"}', '', NULL, NULL, 0, 0, NULL);

-- --------------------------------------------------------

--
-- Table structure for table `xsrs3_fields`
--

CREATE TABLE `xsrs3_fields` (
  `id` int(10) UNSIGNED NOT NULL,
  `asset_id` int(10) UNSIGNED NOT NULL DEFAULT 0,
  `context` varchar(255) NOT NULL DEFAULT '',
  `group_id` int(10) UNSIGNED NOT NULL DEFAULT 0,
  `title` varchar(255) NOT NULL DEFAULT '',
  `name` varchar(255) NOT NULL DEFAULT '',
  `label` varchar(255) NOT NULL DEFAULT '',
  `default_value` text DEFAULT NULL,
  `type` varchar(255) NOT NULL DEFAULT 'text',
  `note` varchar(255) NOT NULL DEFAULT '',
  `description` text NOT NULL,
  `state` tinyint(4) NOT NULL DEFAULT 0,
  `required` tinyint(4) NOT NULL DEFAULT 0,
  `only_use_in_subform` tinyint(4) NOT NULL DEFAULT 0,
  `checked_out` int(10) UNSIGNED DEFAULT NULL,
  `checked_out_time` datetime DEFAULT NULL,
  `ordering` int(11) NOT NULL DEFAULT 0,
  `params` text NOT NULL,
  `fieldparams` text NOT NULL,
  `language` char(7) NOT NULL DEFAULT '',
  `created_time` datetime NOT NULL,
  `created_user_id` int(10) UNSIGNED NOT NULL DEFAULT 0,
  `modified_time` datetime NOT NULL,
  `modified_by` int(10) UNSIGNED NOT NULL DEFAULT 0,
  `access` int(11) NOT NULL DEFAULT 1
) ENGINE=InnoDB DEFAULT CHARSET=utf8mb4 COLLATE=utf8mb4_unicode_ci;

-- --------------------------------------------------------

--
-- Table structure for table `xsrs3_fields_categories`
--

CREATE TABLE `xsrs3_fields_categories` (
  `field_id` int(11) NOT NULL DEFAULT 0,
  `category_id` int(11) NOT NULL DEFAULT 0
) ENGINE=InnoDB DEFAULT CHARSET=utf8mb4 COLLATE=utf8mb4_unicode_ci;

-- --------------------------------------------------------

--
-- Table structure for table `xsrs3_fields_groups`
--

CREATE TABLE `xsrs3_fields_groups` (
  `id` int(10) UNSIGNED NOT NULL,
  `asset_id` int(10) UNSIGNED NOT NULL DEFAULT 0,
  `context` varchar(255) NOT NULL DEFAULT '',
  `title` varchar(255) NOT NULL DEFAULT '',
  `note` varchar(255) NOT NULL DEFAULT '',
  `description` text NOT NULL,
  `state` tinyint(4) NOT NULL DEFAULT 0,
  `checked_out` int(10) UNSIGNED DEFAULT NULL,
  `checked_out_time` datetime DEFAULT NULL,
  `ordering` int(11) NOT NULL DEFAULT 0,
  `params` text NOT NULL,
  `language` char(7) NOT NULL DEFAULT '',
  `created` datetime NOT NULL,
  `created_by` int(10) UNSIGNED NOT NULL DEFAULT 0,
  `modified` datetime NOT NULL,
  `modified_by` int(10) UNSIGNED NOT NULL DEFAULT 0,
  `access` int(11) NOT NULL DEFAULT 1
) ENGINE=InnoDB DEFAULT CHARSET=utf8mb4 COLLATE=utf8mb4_unicode_ci;

-- --------------------------------------------------------

--
-- Table structure for table `xsrs3_fields_values`
--

CREATE TABLE `xsrs3_fields_values` (
  `field_id` int(10) UNSIGNED NOT NULL,
  `item_id` varchar(255) NOT NULL COMMENT 'Allow references to items which have strings as ids, eg. none db systems.',
  `value` mediumtext DEFAULT NULL
) ENGINE=InnoDB DEFAULT CHARSET=utf8mb4 COLLATE=utf8mb4_unicode_ci;

-- --------------------------------------------------------

--
-- Table structure for table `xsrs3_finder_filters`
--

CREATE TABLE `xsrs3_finder_filters` (
  `filter_id` int(10) UNSIGNED NOT NULL,
  `title` varchar(255) NOT NULL,
  `alias` varchar(255) NOT NULL,
  `state` tinyint(4) NOT NULL DEFAULT 1,
  `created` datetime NOT NULL,
  `created_by` int(10) UNSIGNED NOT NULL DEFAULT 0,
  `created_by_alias` varchar(255) NOT NULL DEFAULT '',
  `modified` datetime NOT NULL,
  `modified_by` int(10) UNSIGNED NOT NULL DEFAULT 0,
  `checked_out` int(10) UNSIGNED DEFAULT NULL,
  `checked_out_time` datetime DEFAULT NULL,
  `map_count` int(10) UNSIGNED NOT NULL DEFAULT 0,
  `data` text DEFAULT NULL,
  `params` mediumtext DEFAULT NULL
) ENGINE=InnoDB DEFAULT CHARSET=utf8mb4 COLLATE=utf8mb4_unicode_ci;

-- --------------------------------------------------------

--
-- Table structure for table `xsrs3_finder_links`
--

CREATE TABLE `xsrs3_finder_links` (
  `link_id` int(10) UNSIGNED NOT NULL,
  `url` varchar(255) NOT NULL,
  `route` varchar(400) NOT NULL,
  `title` varchar(400) DEFAULT NULL,
  `description` text DEFAULT NULL,
  `indexdate` datetime NOT NULL,
  `md5sum` varchar(32) DEFAULT NULL,
  `published` tinyint(4) NOT NULL DEFAULT 1,
  `state` int(11) NOT NULL DEFAULT 1,
  `access` int(11) NOT NULL DEFAULT 0,
  `language` char(7) NOT NULL DEFAULT '',
  `publish_start_date` datetime DEFAULT NULL,
  `publish_end_date` datetime DEFAULT NULL,
  `start_date` datetime DEFAULT NULL,
  `end_date` datetime DEFAULT NULL,
  `list_price` double UNSIGNED NOT NULL DEFAULT 0,
  `sale_price` double UNSIGNED NOT NULL DEFAULT 0,
  `type_id` int(11) NOT NULL,
  `object` mediumblob DEFAULT NULL
) ENGINE=InnoDB DEFAULT CHARSET=utf8mb4 COLLATE=utf8mb4_unicode_ci;

-- --------------------------------------------------------

--
-- Table structure for table `xsrs3_finder_links_terms`
--

CREATE TABLE `xsrs3_finder_links_terms` (
  `link_id` int(10) UNSIGNED NOT NULL,
  `term_id` int(10) UNSIGNED NOT NULL,
  `weight` float UNSIGNED NOT NULL DEFAULT 0
) ENGINE=InnoDB DEFAULT CHARSET=utf8mb4 COLLATE=utf8mb4_unicode_ci;

-- --------------------------------------------------------

--
-- Table structure for table `xsrs3_finder_logging`
--

CREATE TABLE `xsrs3_finder_logging` (
  `searchterm` varchar(255) NOT NULL DEFAULT '',
  `md5sum` varchar(32) NOT NULL DEFAULT '',
  `query` blob NOT NULL,
  `hits` int(11) NOT NULL DEFAULT 1,
  `results` int(11) NOT NULL DEFAULT 0
) ENGINE=InnoDB DEFAULT CHARSET=utf8mb4 COLLATE=utf8mb4_unicode_ci;

-- --------------------------------------------------------

--
-- Table structure for table `xsrs3_finder_taxonomy`
--

CREATE TABLE `xsrs3_finder_taxonomy` (
  `id` int(10) UNSIGNED NOT NULL,
  `parent_id` int(10) UNSIGNED NOT NULL DEFAULT 0,
  `lft` int(11) NOT NULL DEFAULT 0,
  `rgt` int(11) NOT NULL DEFAULT 0,
  `level` int(10) UNSIGNED NOT NULL DEFAULT 0,
  `path` varchar(400) NOT NULL DEFAULT '',
  `title` varchar(255) NOT NULL DEFAULT '',
  `alias` varchar(400) NOT NULL DEFAULT '',
  `state` tinyint(3) UNSIGNED NOT NULL DEFAULT 1,
  `access` tinyint(3) UNSIGNED NOT NULL DEFAULT 1,
  `language` char(7) NOT NULL DEFAULT ''
) ENGINE=InnoDB DEFAULT CHARSET=utf8mb4 COLLATE=utf8mb4_unicode_ci;

--
-- Dumping data for table `xsrs3_finder_taxonomy`
--

INSERT INTO `xsrs3_finder_taxonomy` (`id`, `parent_id`, `lft`, `rgt`, `level`, `path`, `title`, `alias`, `state`, `access`, `language`) VALUES
(1, 0, 0, 1, 0, '', 'ROOT', 'root', 1, 1, '*');

-- --------------------------------------------------------

--
-- Table structure for table `xsrs3_finder_taxonomy_map`
--

CREATE TABLE `xsrs3_finder_taxonomy_map` (
  `link_id` int(10) UNSIGNED NOT NULL,
  `node_id` int(10) UNSIGNED NOT NULL
) ENGINE=InnoDB DEFAULT CHARSET=utf8mb4 COLLATE=utf8mb4_unicode_ci;

-- --------------------------------------------------------

--
-- Table structure for table `xsrs3_finder_terms`
--

CREATE TABLE `xsrs3_finder_terms` (
  `term_id` int(10) UNSIGNED NOT NULL,
  `term` varchar(75) CHARACTER SET utf8mb4 COLLATE utf8mb4_bin NOT NULL,
  `stem` varchar(75) CHARACTER SET utf8mb4 COLLATE utf8mb4_bin NOT NULL DEFAULT '',
  `common` tinyint(3) UNSIGNED NOT NULL DEFAULT 0,
  `phrase` tinyint(3) UNSIGNED NOT NULL DEFAULT 0,
  `weight` float UNSIGNED NOT NULL DEFAULT 0,
  `soundex` varchar(75) CHARACTER SET utf8mb4 COLLATE utf8mb4_bin NOT NULL DEFAULT '',
  `links` int(11) NOT NULL DEFAULT 0,
  `language` char(7) NOT NULL DEFAULT ''
) ENGINE=InnoDB DEFAULT CHARSET=utf8mb4 COLLATE=utf8mb4_unicode_ci;

-- --------------------------------------------------------

--
-- Table structure for table `xsrs3_finder_terms_common`
--

CREATE TABLE `xsrs3_finder_terms_common` (
  `term` varchar(75) CHARACTER SET utf8mb4 COLLATE utf8mb4_bin NOT NULL DEFAULT '',
  `language` char(7) NOT NULL DEFAULT '',
  `custom` int(11) NOT NULL DEFAULT 0
) ENGINE=InnoDB DEFAULT CHARSET=utf8mb4 COLLATE=utf8mb4_unicode_ci;

--
-- Dumping data for table `xsrs3_finder_terms_common`
--

INSERT INTO `xsrs3_finder_terms_common` (`term`, `language`, `custom`) VALUES
('a', 'en', 0),
('about', 'en', 0),
('above', 'en', 0),
('after', 'en', 0),
('again', 'en', 0),
('against', 'en', 0),
('all', 'en', 0),
('am', 'en', 0),
('an', 'en', 0),
('and', 'en', 0),
('any', 'en', 0),
('are', 'en', 0),
('aren\'t', 'en', 0),
('as', 'en', 0),
('at', 'en', 0),
('be', 'en', 0),
('because', 'en', 0),
('been', 'en', 0),
('before', 'en', 0),
('being', 'en', 0),
('below', 'en', 0),
('between', 'en', 0),
('both', 'en', 0),
('but', 'en', 0),
('by', 'en', 0),
('can\'t', 'en', 0),
('cannot', 'en', 0),
('could', 'en', 0),
('couldn\'t', 'en', 0),
('did', 'en', 0),
('didn\'t', 'en', 0),
('do', 'en', 0),
('does', 'en', 0),
('doesn\'t', 'en', 0),
('doing', 'en', 0),
('don\'t', 'en', 0),
('down', 'en', 0),
('during', 'en', 0),
('each', 'en', 0),
('few', 'en', 0),
('for', 'en', 0),
('from', 'en', 0),
('further', 'en', 0),
('had', 'en', 0),
('hadn\'t', 'en', 0),
('has', 'en', 0),
('hasn\'t', 'en', 0),
('have', 'en', 0),
('haven\'t', 'en', 0),
('having', 'en', 0),
('he', 'en', 0),
('he\'d', 'en', 0),
('he\'ll', 'en', 0),
('he\'s', 'en', 0),
('her', 'en', 0),
('here', 'en', 0),
('here\'s', 'en', 0),
('hers', 'en', 0),
('herself', 'en', 0),
('him', 'en', 0),
('himself', 'en', 0),
('his', 'en', 0),
('how', 'en', 0),
('how\'s', 'en', 0),
('i', 'en', 0),
('i\'d', 'en', 0),
('i\'ll', 'en', 0),
('i\'m', 'en', 0),
('i\'ve', 'en', 0),
('if', 'en', 0),
('in', 'en', 0),
('into', 'en', 0),
('is', 'en', 0),
('isn\'t', 'en', 0),
('it', 'en', 0),
('it\'s', 'en', 0),
('its', 'en', 0),
('itself', 'en', 0),
('let\'s', 'en', 0),
('me', 'en', 0),
('more', 'en', 0),
('most', 'en', 0),
('mustn\'t', 'en', 0),
('my', 'en', 0),
('myself', 'en', 0),
('no', 'en', 0),
('nor', 'en', 0),
('not', 'en', 0),
('of', 'en', 0),
('off', 'en', 0),
('on', 'en', 0),
('once', 'en', 0),
('only', 'en', 0),
('or', 'en', 0),
('other', 'en', 0),
('ought', 'en', 0),
('our', 'en', 0),
('ours', 'en', 0),
('ourselves', 'en', 0),
('out', 'en', 0),
('over', 'en', 0),
('own', 'en', 0),
('same', 'en', 0),
('shan\'t', 'en', 0),
('she', 'en', 0),
('she\'d', 'en', 0),
('she\'ll', 'en', 0),
('she\'s', 'en', 0),
('should', 'en', 0),
('shouldn\'t', 'en', 0),
('so', 'en', 0),
('some', 'en', 0),
('such', 'en', 0),
('than', 'en', 0),
('that', 'en', 0),
('that\'s', 'en', 0),
('the', 'en', 0),
('their', 'en', 0),
('theirs', 'en', 0),
('them', 'en', 0),
('themselves', 'en', 0),
('then', 'en', 0),
('there', 'en', 0),
('there\'s', 'en', 0),
('these', 'en', 0),
('they', 'en', 0),
('they\'d', 'en', 0),
('they\'ll', 'en', 0),
('they\'re', 'en', 0),
('they\'ve', 'en', 0),
('this', 'en', 0),
('those', 'en', 0),
('through', 'en', 0),
('to', 'en', 0),
('too', 'en', 0),
('under', 'en', 0),
('until', 'en', 0),
('up', 'en', 0),
('very', 'en', 0),
('was', 'en', 0),
('wasn\'t', 'en', 0),
('we', 'en', 0),
('we\'d', 'en', 0),
('we\'ll', 'en', 0),
('we\'re', 'en', 0),
('we\'ve', 'en', 0),
('were', 'en', 0),
('weren\'t', 'en', 0),
('what', 'en', 0),
('what\'s', 'en', 0),
('when', 'en', 0),
('when\'s', 'en', 0),
('where', 'en', 0),
('where\'s', 'en', 0),
('which', 'en', 0),
('while', 'en', 0),
('who', 'en', 0),
('who\'s', 'en', 0),
('whom', 'en', 0),
('why', 'en', 0),
('why\'s', 'en', 0),
('with', 'en', 0),
('won\'t', 'en', 0),
('would', 'en', 0),
('wouldn\'t', 'en', 0),
('you', 'en', 0),
('you\'d', 'en', 0),
('you\'ll', 'en', 0),
('you\'re', 'en', 0),
('you\'ve', 'en', 0),
('your', 'en', 0),
('yours', 'en', 0),
('yourself', 'en', 0),
('yourselves', 'en', 0);

-- --------------------------------------------------------

--
-- Table structure for table `xsrs3_finder_tokens`
--

CREATE TABLE `xsrs3_finder_tokens` (
  `term` varchar(75) CHARACTER SET utf8mb4 COLLATE utf8mb4_bin NOT NULL,
  `stem` varchar(75) CHARACTER SET utf8mb4 COLLATE utf8mb4_bin NOT NULL DEFAULT '',
  `common` tinyint(3) UNSIGNED NOT NULL DEFAULT 0,
  `phrase` tinyint(3) UNSIGNED NOT NULL DEFAULT 0,
  `weight` float UNSIGNED NOT NULL DEFAULT 1,
  `context` tinyint(3) UNSIGNED NOT NULL DEFAULT 2,
  `language` char(7) NOT NULL DEFAULT ''
) ENGINE=MEMORY DEFAULT CHARSET=utf8mb4 COLLATE=utf8mb4_unicode_ci;

-- --------------------------------------------------------

--
-- Table structure for table `xsrs3_finder_tokens_aggregate`
--

CREATE TABLE `xsrs3_finder_tokens_aggregate` (
  `term_id` int(10) UNSIGNED NOT NULL,
  `term` varchar(75) CHARACTER SET utf8mb4 COLLATE utf8mb4_bin NOT NULL,
  `stem` varchar(75) CHARACTER SET utf8mb4 COLLATE utf8mb4_bin NOT NULL DEFAULT '',
  `common` tinyint(3) UNSIGNED NOT NULL DEFAULT 0,
  `phrase` tinyint(3) UNSIGNED NOT NULL DEFAULT 0,
  `term_weight` float UNSIGNED NOT NULL DEFAULT 0,
  `context` tinyint(3) UNSIGNED NOT NULL DEFAULT 2,
  `context_weight` float UNSIGNED NOT NULL DEFAULT 0,
  `total_weight` float UNSIGNED NOT NULL DEFAULT 0,
  `language` char(7) NOT NULL DEFAULT ''
) ENGINE=MEMORY DEFAULT CHARSET=utf8mb4 COLLATE=utf8mb4_unicode_ci;

-- --------------------------------------------------------

--
-- Table structure for table `xsrs3_finder_types`
--

CREATE TABLE `xsrs3_finder_types` (
  `id` int(10) UNSIGNED NOT NULL,
  `title` varchar(100) NOT NULL,
  `mime` varchar(100) NOT NULL DEFAULT ''
) ENGINE=InnoDB DEFAULT CHARSET=utf8mb4 COLLATE=utf8mb4_unicode_ci;

--
-- Dumping data for table `xsrs3_finder_types`
--

INSERT INTO `xsrs3_finder_types` (`id`, `title`, `mime`) VALUES
(1, 'Category', ''),
(2, 'Contact', ''),
(3, 'Article', ''),
(4, 'News Feed', ''),
(5, 'Tag', '');

-- --------------------------------------------------------

--
-- Table structure for table `xsrs3_guidedtours`
--

CREATE TABLE `xsrs3_guidedtours` (
  `id` int(11) NOT NULL,
  `title` varchar(255) NOT NULL DEFAULT '',
  `uid` varchar(400) CHARACTER SET utf8mb4 COLLATE utf8mb4_bin NOT NULL,
  `description` text NOT NULL,
  `ordering` int(11) NOT NULL DEFAULT 0,
  `extensions` text NOT NULL,
  `url` varchar(255) NOT NULL,
  `created` datetime NOT NULL,
  `created_by` int(11) NOT NULL DEFAULT 0,
  `modified` datetime NOT NULL,
  `modified_by` int(11) NOT NULL DEFAULT 0,
  `checked_out_time` datetime DEFAULT NULL,
  `checked_out` int(10) UNSIGNED DEFAULT NULL,
  `published` tinyint(4) NOT NULL DEFAULT 0,
  `language` varchar(7) NOT NULL,
  `note` varchar(255) NOT NULL DEFAULT '',
  `access` int(10) UNSIGNED NOT NULL DEFAULT 0,
  `autostart` int(11) NOT NULL DEFAULT 0
) ENGINE=InnoDB DEFAULT CHARSET=utf8mb4 COLLATE=utf8mb4_unicode_ci;

--
-- Dumping data for table `xsrs3_guidedtours`
--

INSERT INTO `xsrs3_guidedtours` (`id`, `title`, `uid`, `description`, `ordering`, `extensions`, `url`, `created`, `created_by`, `modified`, `modified_by`, `checked_out_time`, `checked_out`, `published`, `language`, `note`, `access`, `autostart`) VALUES
(1, 'COM_GUIDEDTOURS_TOUR_GUIDEDTOURS_TITLE', 'joomla-guidedtours', 'COM_GUIDEDTOURS_TOUR_GUIDEDTOURS_DESCRIPTION', 1, '[\"com_guidedtours\"]', 'administrator/index.php?option=com_guidedtours&view=tours', '2025-03-05 07:49:48', 503, '2025-03-05 07:49:48', 503, NULL, NULL, 1, '*', '', 1, 0),
(2, 'COM_GUIDEDTOURS_TOUR_GUIDEDTOURSTEPS_TITLE', 'joomla-guidedtoursteps', 'COM_GUIDEDTOURS_TOUR_GUIDEDTOURSTEPS_DESCRIPTION', 2, '[\"com_guidedtours\"]', 'administrator/index.php?option=com_guidedtours&view=tours', '2025-03-05 07:49:48', 503, '2025-03-05 07:49:48', 503, NULL, NULL, 1, '*', '', 1, 0),
(3, 'COM_GUIDEDTOURS_TOUR_ARTICLES_TITLE', 'joomla-articles', 'COM_GUIDEDTOURS_TOUR_ARTICLES_DESCRIPTION', 3, '[\"com_content\",\"com_categories\"]', 'administrator/index.php?option=com_content&view=articles', '2025-03-05 07:49:48', 503, '2025-03-05 07:49:48', 503, NULL, NULL, 1, '*', '', 1, 0),
(4, 'COM_GUIDEDTOURS_TOUR_CATEGORIES_TITLE', 'joomla-categories', 'COM_GUIDEDTOURS_TOUR_CATEGORIES_DESCRIPTION', 4, '[\"com_content\",\"com_categories\"]', 'administrator/index.php?option=com_categories&view=categories&extension=com_content', '2025-03-05 07:49:48', 503, '2025-03-05 07:49:48', 503, NULL, NULL, 1, '*', '', 1, 0),
(5, 'COM_GUIDEDTOURS_TOUR_MENUS_TITLE', 'joomla-menus', 'COM_GUIDEDTOURS_TOUR_MENUS_DESCRIPTION', 5, '[\"com_menus\"]', 'administrator/index.php?option=com_menus&view=menus', '2025-03-05 07:49:48', 503, '2025-03-05 07:49:48', 503, NULL, NULL, 1, '*', '', 1, 0),
(6, 'COM_GUIDEDTOURS_TOUR_TAGS_TITLE', 'joomla-tags', 'COM_GUIDEDTOURS_TOUR_TAGS_DESCRIPTION', 6, '[\"com_tags\"]', 'administrator/index.php?option=com_tags&view=tags', '2025-03-05 07:49:48', 503, '2025-03-05 07:49:48', 503, NULL, NULL, 1, '*', '', 1, 0),
(7, 'COM_GUIDEDTOURS_TOUR_BANNERS_TITLE', 'joomla-banners', 'COM_GUIDEDTOURS_TOUR_BANNERS_DESCRIPTION', 7, '[\"com_banners\"]', 'administrator/index.php?option=com_banners&view=banners', '2025-03-05 07:49:48', 503, '2025-03-05 07:49:48', 503, NULL, NULL, 1, '*', '', 1, 0),
(8, 'COM_GUIDEDTOURS_TOUR_CONTACTS_TITLE', 'joomla-contacts', 'COM_GUIDEDTOURS_TOUR_CONTACTS_DESCRIPTION', 8, '[\"com_contact\"]', 'administrator/index.php?option=com_contact&view=contacts', '2025-03-05 07:49:48', 503, '2025-03-05 07:49:48', 503, NULL, NULL, 1, '*', '', 1, 0),
(9, 'COM_GUIDEDTOURS_TOUR_NEWSFEEDS_TITLE', 'joomla-newsfeeds', 'COM_GUIDEDTOURS_TOUR_NEWSFEEDS_DESCRIPTION', 9, '[\"com_newsfeeds\"]', 'administrator/index.php?option=com_newsfeeds&view=newsfeeds', '2025-03-05 07:49:48', 503, '2025-03-05 07:49:48', 503, NULL, NULL, 1, '*', '', 1, 0),
(10, 'COM_GUIDEDTOURS_TOUR_SMARTSEARCH_TITLE', 'joomla-smartsearch', 'COM_GUIDEDTOURS_TOUR_SMARTSEARCH_DESCRIPTION', 10, '[\"com_finder\"]', 'administrator/index.php?option=com_finder&view=filters', '2025-03-05 07:49:48', 503, '2025-03-05 07:49:48', 503, NULL, NULL, 1, '*', '', 1, 0),
(11, 'COM_GUIDEDTOURS_TOUR_USERS_TITLE', 'joomla-users', 'COM_GUIDEDTOURS_TOUR_USERS_DESCRIPTION', 11, '[\"com_users\"]', 'administrator/index.php?option=com_users&view=users', '2025-03-05 07:49:48', 503, '2025-03-05 07:49:48', 503, NULL, NULL, 1, '*', '', 1, 0),
(12, 'COM_GUIDEDTOURS_TOUR_WELCOMETOJOOMLA_TITLE', 'joomla-welcome', 'COM_GUIDEDTOURS_TOUR_WELCOMETOJOOMLA_DESCRIPTION', 12, '[\"com_cpanel\"]', 'administrator/index.php', '2025-03-05 07:49:48', 503, '2025-03-05 07:49:48', 503, NULL, NULL, 1, '*', '', 1, 1);

-- --------------------------------------------------------

--
-- Table structure for table `xsrs3_guidedtour_steps`
--

CREATE TABLE `xsrs3_guidedtour_steps` (
  `id` int(11) NOT NULL,
  `tour_id` int(11) NOT NULL DEFAULT 0,
  `title` varchar(255) NOT NULL,
  `published` tinyint(4) NOT NULL DEFAULT 0,
  `description` text NOT NULL,
  `ordering` int(11) NOT NULL DEFAULT 0,
  `position` varchar(255) NOT NULL,
  `target` varchar(255) NOT NULL,
  `type` int(11) NOT NULL,
  `interactive_type` int(11) NOT NULL DEFAULT 1,
  `url` varchar(255) NOT NULL,
  `created` datetime NOT NULL,
  `created_by` int(10) UNSIGNED NOT NULL DEFAULT 0,
  `modified` datetime NOT NULL,
  `modified_by` int(10) UNSIGNED NOT NULL DEFAULT 0,
  `checked_out_time` datetime DEFAULT NULL,
  `checked_out` int(10) UNSIGNED DEFAULT NULL,
  `language` varchar(7) NOT NULL,
  `note` varchar(255) NOT NULL DEFAULT '',
  `params` text DEFAULT NULL
) ENGINE=InnoDB DEFAULT CHARSET=utf8mb4 COLLATE=utf8mb4_unicode_ci;

--
-- Dumping data for table `xsrs3_guidedtour_steps`
--

INSERT INTO `xsrs3_guidedtour_steps` (`id`, `tour_id`, `title`, `published`, `description`, `ordering`, `position`, `target`, `type`, `interactive_type`, `url`, `created`, `created_by`, `modified`, `modified_by`, `checked_out_time`, `checked_out`, `language`, `note`, `params`) VALUES
(1, 1, 'COM_GUIDEDTOURS_TOUR_GUIDEDTOURS_STEP_NEW_TITLE', 1, 'COM_GUIDEDTOURS_TOUR_GUIDEDTOURS_STEP_NEW_DESCRIPTION', 1, 'bottom', '.button-new', 2, 1, 'administrator/index.php?option=com_guidedtours&view=tours', '2025-03-05 07:49:48', 503, '2025-03-05 07:49:48', 503, NULL, NULL, '*', '', NULL),
(2, 1, 'COM_GUIDEDTOURS_TOUR_GUIDEDTOURS_STEP_TITLE_TITLE', 1, 'COM_GUIDEDTOURS_TOUR_GUIDEDTOURS_STEP_TITLE_DESCRIPTION', 2, 'bottom', '#jform_title', 2, 2, 'administrator/index.php?option=com_guidedtours&view=tour&layout=edit', '2025-03-05 07:49:48', 503, '2025-03-05 07:49:48', 503, NULL, NULL, '*', '', NULL),
(3, 1, 'COM_GUIDEDTOURS_TOUR_GUIDEDTOURS_STEP_URL_TITLE', 1, 'COM_GUIDEDTOURS_TOUR_GUIDEDTOURS_STEP_URL_DESCRIPTION', 3, 'top', '#jform_url', 2, 2, 'administrator/index.php?option=com_guidedtours&view=tour&layout=edit', '2025-03-05 07:49:48', 503, '2025-03-05 07:49:48', 503, NULL, NULL, '*', '', NULL),
(4, 1, 'COM_GUIDEDTOURS_TOUR_GUIDEDTOURS_STEP_CONTENT_TITLE', 1, 'COM_GUIDEDTOURS_TOUR_GUIDEDTOURS_STEP_CONTENT_DESCRIPTION', 4, 'bottom', '#jform_description,#jform_description_ifr', 2, 3, 'administrator/index.php?option=com_guidedtours&view=tour&layout=edit', '2025-03-05 07:49:48', 503, '2025-03-05 07:49:48', 503, NULL, NULL, '*', '', NULL),
(5, 1, 'COM_GUIDEDTOURS_TOUR_GUIDEDTOURS_STEP_COMPONENT_TITLE', 1, 'COM_GUIDEDTOURS_TOUR_GUIDEDTOURS_STEP_COMPONENT_DESCRIPTION', 5, 'top', 'joomla-field-fancy-select .choices', 2, 3, 'administrator/index.php?option=com_guidedtours&view=tour&layout=edit', '2025-03-05 07:49:48', 503, '2025-03-05 07:49:48', 503, NULL, NULL, '*', '', NULL),
(6, 1, 'COM_GUIDEDTOURS_TOUR_GUIDEDTOURS_STEP_AUTOSTART_TITLE', 1, 'COM_GUIDEDTOURS_TOUR_GUIDEDTOURS_STEP_AUTOSTART_DESCRIPTION', 6, 'bottom', '#jform_autostart0', 2, 3, '', '2025-03-05 07:49:48', 503, '2025-03-05 07:49:48', 503, NULL, NULL, '*', '', NULL),
(7, 1, 'COM_GUIDEDTOURS_TOUR_GUIDEDTOURS_STEP_SAVECLOSE_TITLE', 1, 'COM_GUIDEDTOURS_TOUR_GUIDEDTOURS_STEP_SAVECLOSE_DESCRIPTION', 7, 'top', '#save-group-children-save .button-save', 2, 1, 'administrator/index.php?option=com_guidedtours&view=tour&layout=edit', '2025-03-05 07:49:48', 503, '2025-03-05 07:49:48', 503, NULL, NULL, '*', '', NULL),
(8, 1, 'COM_GUIDEDTOURS_TOUR_GUIDEDTOURS_STEP_CONGRATULATIONS_TITLE', 1, 'COM_GUIDEDTOURS_TOUR_GUIDEDTOURS_STEP_CONGRATULATIONS_DESCRIPTION', 8, 'bottom', '', 0, 1, 'administrator/index.php?option=com_guidedtours&view=tour&layout=edit', '2025-03-05 07:49:48', 503, '2025-03-05 07:49:48', 503, NULL, NULL, '*', '', NULL),
(9, 2, 'COM_GUIDEDTOURS_TOUR_GUIDEDTOURSTEPS_STEP_COUNTER_TITLE', 1, 'COM_GUIDEDTOURS_TOUR_GUIDEDTOURSTEPS_STEP_COUNTER_DESCRIPTION', 9, 'top', '#toursList tbody tr:nth-last-of-type(1) td:nth-of-type(5) .btn', 2, 1, '', '2025-03-05 07:49:48', 503, '2025-03-05 07:49:48', 503, NULL, NULL, '*', '', NULL),
(10, 2, 'COM_GUIDEDTOURS_TOUR_GUIDEDTOURSTEPS_STEP_NEW_TITLE', 1, 'COM_GUIDEDTOURS_TOUR_GUIDEDTOURSTEPS_STEP_NEW_DESCRIPTION', 10, 'bottom', '.button-new', 2, 1, '', '2025-03-05 07:49:48', 503, '2025-03-05 07:49:48', 503, NULL, NULL, '*', '', NULL),
(11, 2, 'COM_GUIDEDTOURS_TOUR_GUIDEDTOURSTEPS_STEP_TITLE_TITLE', 1, 'COM_GUIDEDTOURS_TOUR_GUIDEDTOURSTEPS_STEP_TITLE_DESCRIPTION', 11, 'bottom', '#jform_title', 2, 2, '', '2025-03-05 07:49:48', 503, '2025-03-05 07:49:48', 503, NULL, NULL, '*', '', NULL),
(12, 2, 'COM_GUIDEDTOURS_TOUR_GUIDEDTOURSTEPS_STEP_DESCRIPTION_TITLE', 1, 'COM_GUIDEDTOURS_TOUR_GUIDEDTOURSTEPS_STEP_DESCRIPTION_DESCRIPTION', 12, 'bottom', '#jform_description,#jform_description_ifr', 2, 3, '', '2025-03-05 07:49:48', 503, '2025-03-05 07:49:48', 503, NULL, NULL, '*', '', NULL),
(13, 2, 'COM_GUIDEDTOURS_TOUR_GUIDEDTOURSTEPS_STEP_STATUS_TITLE', 1, 'COM_GUIDEDTOURS_TOUR_GUIDEDTOURSTEPS_STEP_STATUS_DESCRIPTION', 13, 'bottom', '#jform_published', 2, 3, '', '2025-03-05 07:49:48', 503, '2025-03-05 07:49:48', 503, NULL, NULL, '*', '', NULL),
(14, 2, 'COM_GUIDEDTOURS_TOUR_GUIDEDTOURSTEPS_STEP_POSITION_TITLE', 1, 'COM_GUIDEDTOURS_TOUR_GUIDEDTOURSTEPS_STEP_POSITION_DESCRIPTION', 14, 'top', '#jform_position', 2, 3, '', '2025-03-05 07:49:48', 503, '2025-03-05 07:49:48', 503, NULL, NULL, '*', '', NULL),
(15, 2, 'COM_GUIDEDTOURS_TOUR_GUIDEDTOURSTEPS_STEP_TARGET_TITLE', 1, 'COM_GUIDEDTOURS_TOUR_GUIDEDTOURSTEPS_STEP_TARGET_DESCRIPTION', 15, 'top', '#jform_target', 2, 3, '', '2025-03-05 07:49:48', 503, '2025-03-05 07:49:48', 503, NULL, NULL, '*', '', NULL),
(16, 2, 'COM_GUIDEDTOURS_TOUR_GUIDEDTOURSTEPS_STEP_TYPE_TITLE', 1, 'COM_GUIDEDTOURS_TOUR_GUIDEDTOURSTEPS_STEP_TYPE_DESCRIPTION', 16, 'top', '#jform_type', 2, 3, '', '2025-03-05 07:49:48', 503, '2025-03-05 07:49:48', 503, NULL, NULL, '*', '', NULL),
(17, 2, 'COM_GUIDEDTOURS_TOUR_GUIDEDTOURSTEPS_STEP_SAVECLOSE_TITLE', 1, 'COM_GUIDEDTOURS_TOUR_GUIDEDTOURSTEPS_STEP_SAVECLOSE_DESCRIPTION', 17, 'bottom', '#save-group-children-save .button-save', 2, 1, '', '2025-03-05 07:49:48', 503, '2025-03-05 07:49:48', 503, NULL, NULL, '*', '', NULL),
(18, 2, 'COM_GUIDEDTOURS_TOUR_GUIDEDTOURSTEPS_STEP_CONGRATULATIONS_TITLE', 1, 'COM_GUIDEDTOURS_TOUR_GUIDEDTOURSTEPS_STEP_CONGRATULATIONS_DESCRIPTION', 18, 'bottom', '', 0, 1, '', '2025-03-05 07:49:48', 503, '2025-03-05 07:49:48', 503, NULL, NULL, '*', '', NULL),
(19, 3, 'COM_GUIDEDTOURS_TOUR_ARTICLES_STEP_NEW_TITLE', 1, 'COM_GUIDEDTOURS_TOUR_ARTICLES_STEP_NEW_DESCRIPTION', 19, 'bottom', '.button-new', 2, 1, 'administrator/index.php?option=com_content&view=articles', '2025-03-05 07:49:48', 503, '2025-03-05 07:49:48', 503, NULL, NULL, '*', '', NULL),
(20, 3, 'COM_GUIDEDTOURS_TOUR_ARTICLES_STEP_TITLE_TITLE', 1, 'COM_GUIDEDTOURS_TOUR_ARTICLES_STEP_TITLE_DESCRIPTION', 20, 'bottom', '#jform_title', 2, 2, 'administrator/index.php?option=com_content&view=article&layout=edit', '2025-03-05 07:49:48', 503, '2025-03-05 07:49:48', 503, NULL, NULL, '*', '', NULL),
(21, 3, 'COM_GUIDEDTOURS_TOUR_ARTICLES_STEP_ALIAS_TITLE', 1, 'COM_GUIDEDTOURS_TOUR_ARTICLES_STEP_ALIAS_DESCRIPTION', 21, 'bottom', '#jform_alias', 2, 2, 'administrator/index.php?option=com_content&view=article&layout=edit', '2025-03-05 07:49:48', 503, '2025-03-05 07:49:48', 503, NULL, NULL, '*', '', NULL),
(22, 3, 'COM_GUIDEDTOURS_TOUR_ARTICLES_STEP_CONTENT_TITLE', 1, 'COM_GUIDEDTOURS_TOUR_ARTICLES_STEP_CONTENT_DESCRIPTION', 22, 'bottom', '#jform_articletext,#jform_articletext_ifr', 2, 3, 'administrator/index.php?option=com_content&view=article&layout=edit', '2025-03-05 07:49:48', 503, '2025-03-05 07:49:48', 503, NULL, NULL, '*', '', NULL),
(23, 3, 'COM_GUIDEDTOURS_TOUR_ARTICLES_STEP_STATUS_TITLE', 1, 'COM_GUIDEDTOURS_TOUR_ARTICLES_STEP_STATUS_DESCRIPTION', 23, 'bottom', '#jform_state', 2, 3, 'administrator/index.php?option=com_content&view=article&layout=edit', '2025-03-05 07:49:48', 503, '2025-03-05 07:49:48', 503, NULL, NULL, '*', '', NULL),
(24, 3, 'COM_GUIDEDTOURS_TOUR_ARTICLES_STEP_CATEGORY_TITLE', 1, 'COM_GUIDEDTOURS_TOUR_ARTICLES_STEP_CATEGORY_DESCRIPTION', 24, 'top', 'joomla-field-fancy-select .choices[data-type=select-one]', 2, 3, 'administrator/index.php?option=com_content&view=article&layout=edit', '2025-03-05 07:49:48', 503, '2025-03-05 07:49:48', 503, NULL, NULL, '*', '', NULL),
(25, 3, 'COM_GUIDEDTOURS_TOUR_ARTICLES_STEP_FEATURED_TITLE', 1, 'COM_GUIDEDTOURS_TOUR_ARTICLES_STEP_FEATURED_DESCRIPTION', 25, 'bottom', '#jform_featured0', 2, 3, 'administrator/index.php?option=com_content&view=article&layout=edit', '2025-03-05 07:49:48', 503, '2025-03-05 07:49:48', 503, NULL, NULL, '*', '', NULL),
(26, 3, 'COM_GUIDEDTOURS_TOUR_ARTICLES_STEP_ACCESS_TITLE', 1, 'COM_GUIDEDTOURS_TOUR_ARTICLES_STEP_ACCESS_DESCRIPTION', 26, 'bottom', '#jform_access', 2, 3, 'administrator/index.php?option=com_content&view=article&layout=edit', '2025-03-05 07:49:48', 503, '2025-03-05 07:49:48', 503, NULL, NULL, '*', '', NULL),
(27, 3, 'COM_GUIDEDTOURS_TOUR_ARTICLES_STEP_TAGS_TITLE', 1, 'COM_GUIDEDTOURS_TOUR_ARTICLES_STEP_TAGS_DESCRIPTION', 27, 'top', 'joomla-field-fancy-select .choices[data-type=select-multiple]', 2, 3, 'administrator/index.php?option=com_content&view=article&layout=edit', '2025-03-05 07:49:48', 503, '2025-03-05 07:49:48', 503, NULL, NULL, '*', '', NULL),
(28, 3, 'COM_GUIDEDTOURS_TOUR_ARTICLES_STEP_NOTE_TITLE', 1, 'COM_GUIDEDTOURS_TOUR_ARTICLES_STEP_NOTE_DESCRIPTION', 28, 'top', '#jform_note', 2, 2, 'administrator/index.php?option=com_content&view=article&layout=edit', '2025-03-05 07:49:48', 503, '2025-03-05 07:49:48', 503, NULL, NULL, '*', '', NULL),
(29, 3, 'COM_GUIDEDTOURS_TOUR_ARTICLES_STEP_VERSIONNOTE_TITLE', 1, 'COM_GUIDEDTOURS_TOUR_ARTICLES_STEP_VERSIONNOTE_DESCRIPTION', 29, 'top', '#jform_version_note', 2, 2, 'administrator/index.php?option=com_content&view=article&layout=edit', '2025-03-05 07:49:48', 503, '2025-03-05 07:49:48', 503, NULL, NULL, '*', '', NULL),
(30, 3, 'COM_GUIDEDTOURS_TOUR_ARTICLES_STEP_SAVECLOSE_TITLE', 1, 'COM_GUIDEDTOURS_TOUR_ARTICLES_STEP_SAVECLOSE_DESCRIPTION', 30, 'bottom', '#save-group-children-save .button-save', 2, 1, 'administrator/index.php?option=com_content&view=article&layout=edit', '2025-03-05 07:49:48', 503, '2025-03-05 07:49:48', 503, NULL, NULL, '*', '', NULL),
(31, 3, 'COM_GUIDEDTOURS_TOUR_ARTICLES_STEP_CONGRATULATIONS_TITLE', 1, 'COM_GUIDEDTOURS_TOUR_ARTICLES_STEP_CONGRATULATIONS_DESCRIPTION', 31, 'bottom', '', 0, 1, 'administrator/index.php?option=com_content&view=article&layout=edit', '2025-03-05 07:49:48', 503, '2025-03-05 07:49:48', 503, NULL, NULL, '*', '', NULL),
(32, 4, 'COM_GUIDEDTOURS_TOUR_CATEGORIES_STEP_NEW_TITLE', 1, 'COM_GUIDEDTOURS_TOUR_CATEGORIES_STEP_NEW_DESCRIPTION', 32, 'bottom', '.button-new', 2, 1, 'administrator/index.php?option=com_categories&view=categories&extension=com_content', '2025-03-05 07:49:48', 503, '2025-03-05 07:49:48', 503, NULL, NULL, '*', '', NULL),
(33, 4, 'COM_GUIDEDTOURS_TOUR_CATEGORIES_STEP_TITLE_TITLE', 1, 'COM_GUIDEDTOURS_TOUR_CATEGORIES_STEP_TITLE_DESCRIPTION', 33, 'bottom', '#jform_title', 2, 2, 'administrator/index.php?option=com_categories&view=category&layout=edit&extension=com_content', '2025-03-05 07:49:48', 503, '2025-03-05 07:49:48', 503, NULL, NULL, '*', '', NULL),
(34, 4, 'COM_GUIDEDTOURS_TOUR_CATEGORIES_STEP_ALIAS_TITLE', 1, 'COM_GUIDEDTOURS_TOUR_CATEGORIES_STEP_ALIAS_DESCRIPTION', 34, 'bottom', '#jform_alias', 2, 2, 'administrator/index.php?option=com_categories&view=category&layout=edit&extension=com_content', '2025-03-05 07:49:48', 503, '2025-03-05 07:49:48', 503, NULL, NULL, '*', '', NULL),
(35, 4, 'COM_GUIDEDTOURS_TOUR_CATEGORIES_STEP_CONTENT_TITLE', 1, 'COM_GUIDEDTOURS_TOUR_CATEGORIES_STEP_CONTENT_DESCRIPTION', 35, 'bottom', '#jform_description,#jform_description_ifr', 2, 3, 'administrator/index.php?option=com_categories&view=category&layout=edit&extension=com_content', '2025-03-05 07:49:48', 503, '2025-03-05 07:49:48', 503, NULL, NULL, '*', '', NULL),
(36, 4, 'COM_GUIDEDTOURS_TOUR_CATEGORIES_STEP_PARENT_TITLE', 1, 'COM_GUIDEDTOURS_TOUR_CATEGORIES_STEP_PARENT_DESCRIPTION', 36, 'top', 'joomla-field-fancy-select .choices[data-type=select-one]', 2, 3, 'administrator/index.php?option=com_categories&view=category&layout=edit&extension=com_content', '2025-03-05 07:49:48', 503, '2025-03-05 07:49:48', 503, NULL, NULL, '*', '', NULL),
(37, 4, 'COM_GUIDEDTOURS_TOUR_CATEGORIES_STEP_STATUS_TITLE', 1, 'COM_GUIDEDTOURS_TOUR_CATEGORIES_STEP_STATUS_DESCRIPTION', 37, 'bottom', '#jform_published', 2, 3, 'administrator/index.php?option=com_categories&view=category&layout=edit&extension=com_content', '2025-03-05 07:49:48', 503, '2025-03-05 07:49:48', 503, NULL, NULL, '*', '', NULL),
(38, 4, 'COM_GUIDEDTOURS_TOUR_CATEGORIES_STEP_ACCESS_TITLE', 1, 'COM_GUIDEDTOURS_TOUR_CATEGORIES_STEP_ACCESS_DESCRIPTION', 38, 'bottom', '#jform_access', 2, 3, 'administrator/index.php?option=com_categories&view=category&layout=edit&extension=com_content', '2025-03-05 07:49:48', 503, '2025-03-05 07:49:48', 503, NULL, NULL, '*', '', NULL),
(39, 4, 'COM_GUIDEDTOURS_TOUR_CATEGORIES_STEP_TAGS_TITLE', 1, 'COM_GUIDEDTOURS_TOUR_CATEGORIES_STEP_TAGS_DESCRIPTION', 39, 'top', 'joomla-field-fancy-select .choices[data-type=select-multiple]', 2, 3, 'administrator/index.php?option=com_categories&view=category&layout=edit&extension=com_content', '2025-03-05 07:49:48', 503, '2025-03-05 07:49:48', 503, NULL, NULL, '*', '', NULL),
(40, 4, 'COM_GUIDEDTOURS_TOUR_CATEGORIES_STEP_NOTE_TITLE', 1, 'COM_GUIDEDTOURS_TOUR_CATEGORIES_STEP_NOTE_DESCRIPTION', 40, 'top', '#jform_note', 2, 2, 'administrator/index.php?option=com_categories&view=category&layout=edit&extension=com_content', '2025-03-05 07:49:48', 503, '2025-03-05 07:49:48', 503, NULL, NULL, '*', '', NULL),
(41, 4, 'COM_GUIDEDTOURS_TOUR_CATEGORIES_STEP_VERSIONNOTE_TITLE', 1, 'COM_GUIDEDTOURS_TOUR_CATEGORIES_STEP_VERSIONNOTE_DESCRIPTION', 41, 'top', '#jform_version_note', 2, 2, 'administrator/index.php?option=com_categories&view=category&layout=edit&extension=com_content', '2025-03-05 07:49:48', 503, '2025-03-05 07:49:48', 503, NULL, NULL, '*', '', NULL),
(42, 4, 'COM_GUIDEDTOURS_TOUR_CATEGORIES_STEP_SAVECLOSE_TITLE', 1, 'COM_GUIDEDTOURS_TOUR_CATEGORIES_STEP_SAVECLOSE_DESCRIPTION', 42, 'bottom', '#save-group-children-save .button-save', 2, 1, 'administrator/index.php?option=com_categories&view=category&layout=edit&extension=com_content', '2025-03-05 07:49:48', 503, '2025-03-05 07:49:48', 503, NULL, NULL, '*', '', NULL),
(43, 4, 'COM_GUIDEDTOURS_TOUR_CATEGORIES_STEP_CONGRATULATIONS_TITLE', 1, 'COM_GUIDEDTOURS_TOUR_CATEGORIES_STEP_CONGRATULATIONS_DESCRIPTION', 43, 'bottom', '', 0, 1, 'administrator/index.php?option=com_categories&view=category&layout=edit&extension=com_content', '2025-03-05 07:49:48', 503, '2025-03-05 07:49:48', 503, NULL, NULL, '*', '', NULL),
(44, 5, 'COM_GUIDEDTOURS_TOUR_MENUS_STEP_NEW_TITLE', 1, 'COM_GUIDEDTOURS_TOUR_MENUS_STEP_NEW_DESCRIPTION', 44, 'bottom', '.button-new', 2, 1, 'administrator/index.php?option=com_menus&view=menus', '2025-03-05 07:49:48', 503, '2025-03-05 07:49:48', 503, NULL, NULL, '*', '', NULL),
(45, 5, 'COM_GUIDEDTOURS_TOUR_MENUS_STEP_TITLE_TITLE', 1, 'COM_GUIDEDTOURS_TOUR_MENUS_STEP_TITLE_DESCRIPTION', 45, 'bottom', '#jform_title', 2, 2, 'administrator/index.php?option=com_menus&view=menu&layout=edit', '2025-03-05 07:49:48', 503, '2025-03-05 07:49:48', 503, NULL, NULL, '*', '', NULL),
(46, 5, 'COM_GUIDEDTOURS_TOUR_MENUS_STEP_UNIQUENAME_TITLE', 1, 'COM_GUIDEDTOURS_TOUR_MENUS_STEP_UNIQUENAME_DESCRIPTION', 46, 'top', '#jform_menutype', 2, 2, 'administrator/index.php?option=com_menus&view=menu&layout=edit', '2025-03-05 07:49:48', 503, '2025-03-05 07:49:48', 503, NULL, NULL, '*', '', NULL),
(47, 5, 'COM_GUIDEDTOURS_TOUR_MENUS_STEP_DESCRIPTION_TITLE', 1, 'COM_GUIDEDTOURS_TOUR_MENUS_STEP_DESCRIPTION_DESCRIPTION', 47, 'top', '#jform_menudescription', 2, 2, 'administrator/index.php?option=com_menus&view=menu&layout=edit', '2025-03-05 07:49:48', 503, '2025-03-05 07:49:48', 503, NULL, NULL, '*', '', NULL),
(48, 5, 'COM_GUIDEDTOURS_TOUR_MENUS_STEP_SAVECLOSE_TITLE', 1, 'COM_GUIDEDTOURS_TOUR_MENUS_STEP_SAVECLOSE_DESCRIPTION', 48, 'bottom', '#save-group-children-save .button-save', 2, 1, 'administrator/index.php?option=com_menus&view=menu&layout=edit', '2025-03-05 07:49:48', 503, '2025-03-05 07:49:48', 503, NULL, NULL, '*', '', NULL),
(49, 5, 'COM_GUIDEDTOURS_TOUR_MENUS_STEP_CONGRATULATIONS_TITLE', 1, 'COM_GUIDEDTOURS_TOUR_MENUS_STEP_CONGRATULATIONS_DESCRIPTION', 49, 'bottom', '', 0, 1, 'administrator/index.php?option=com_menus&view=menu&layout=edit', '2025-03-05 07:49:48', 503, '2025-03-05 07:49:48', 503, NULL, NULL, '*', '', NULL),
(50, 6, 'COM_GUIDEDTOURS_TOUR_TAGS_STEP_NEW_TITLE', 1, 'COM_GUIDEDTOURS_TOUR_TAGS_STEP_NEW_DESCRIPTION', 50, 'bottom', '.button-new', 2, 1, 'administrator/index.php?option=com_tags&view=tags', '2025-03-05 07:49:48', 503, '2025-03-05 07:49:48', 503, NULL, NULL, '*', '', NULL),
(51, 6, 'COM_GUIDEDTOURS_TOUR_TAGS_STEP_TITLE_TITLE', 1, 'COM_GUIDEDTOURS_TOUR_TAGS_STEP_TITLE_DESCRIPTION', 51, 'bottom', '#jform_title', 2, 2, 'administrator/index.php?option=com_tags&view=tag&layout=edit', '2025-03-05 07:49:48', 503, '2025-03-05 07:49:48', 503, NULL, NULL, '*', '', NULL),
(52, 6, 'COM_GUIDEDTOURS_TOUR_TAGS_STEP_ALIAS_TITLE', 1, 'COM_GUIDEDTOURS_TOUR_TAGS_STEP_ALIAS_DESCRIPTION', 52, 'bottom', '#jform_alias', 2, 2, 'administrator/index.php?option=com_tags&view=tag&layout=edit', '2025-03-05 07:49:48', 503, '2025-03-05 07:49:48', 503, NULL, NULL, '*', '', NULL),
(53, 6, 'COM_GUIDEDTOURS_TOUR_TAGS_STEP_CONTENT_TITLE', 1, 'COM_GUIDEDTOURS_TOUR_TAGS_STEP_CONTENT_DESCRIPTION', 53, 'bottom', '#jform_description,#jform_description_ifr', 2, 3, 'administrator/index.php?option=com_tags&view=tag&layout=edit', '2025-03-05 07:49:48', 503, '2025-03-05 07:49:48', 503, NULL, NULL, '*', '', NULL),
(54, 6, 'COM_GUIDEDTOURS_TOUR_TAGS_STEP_PARENT_TITLE', 1, 'COM_GUIDEDTOURS_TOUR_TAGS_STEP_PARENT_DESCRIPTION', 54, 'top', 'joomla-field-fancy-select .choices[data-type=select-one]', 2, 3, 'administrator/index.php?option=com_tags&view=tag&layout=edit', '2025-03-05 07:49:48', 503, '2025-03-05 07:49:48', 503, NULL, NULL, '*', '', NULL),
(55, 6, 'COM_GUIDEDTOURS_TOUR_TAGS_STEP_STATUS_TITLE', 1, 'COM_GUIDEDTOURS_TOUR_TAGS_STEP_STATUS_DESCRIPTION', 55, 'bottom', '#jform_published', 2, 3, 'administrator/index.php?option=com_tags&view=tag&layout=edit', '2025-03-05 07:49:48', 503, '2025-03-05 07:49:48', 503, NULL, NULL, '*', '', NULL),
(56, 6, 'COM_GUIDEDTOURS_TOUR_TAGS_STEP_ACCESS_TITLE', 1, 'COM_GUIDEDTOURS_TOUR_TAGS_STEP_ACCESS_DESCRIPTION', 56, 'bottom', '#jform_access', 2, 3, 'administrator/index.php?option=com_tags&view=tag&layout=edit', '2025-03-05 07:49:48', 503, '2025-03-05 07:49:48', 503, NULL, NULL, '*', '', NULL),
(57, 6, 'COM_GUIDEDTOURS_TOUR_TAGS_STEP_NOTE_TITLE', 1, 'COM_GUIDEDTOURS_TOUR_TAGS_STEP_NOTE_DESCRIPTION', 57, 'top', '#jform_note', 2, 2, 'administrator/index.php?option=com_tags&view=tag&layout=edit', '2025-03-05 07:49:48', 503, '2025-03-05 07:49:48', 503, NULL, NULL, '*', '', NULL),
(58, 6, 'COM_GUIDEDTOURS_TOUR_TAGS_STEP_VERSIONNOTE_TITLE', 1, 'COM_GUIDEDTOURS_TOUR_TAGS_STEP_VERSIONNOTE_DESCRIPTION', 58, 'top', '#jform_version_note', 2, 2, 'administrator/index.php?option=com_tags&view=tag&layout=edit', '2025-03-05 07:49:48', 503, '2025-03-05 07:49:48', 503, NULL, NULL, '*', '', NULL),
(59, 6, 'COM_GUIDEDTOURS_TOUR_TAGS_STEP_SAVECLOSE_TITLE', 1, 'COM_GUIDEDTOURS_TOUR_TAGS_STEP_SAVECLOSE_DESCRIPTION', 59, 'bottom', '#save-group-children-save .button-save', 2, 1, 'administrator/index.php?option=com_tags&view=tag&layout=edit', '2025-03-05 07:49:48', 503, '2025-03-05 07:49:48', 503, NULL, NULL, '*', '', NULL),
(60, 6, 'COM_GUIDEDTOURS_TOUR_TAGS_STEP_CONGRATULATIONS_TITLE', 1, 'COM_GUIDEDTOURS_TOUR_TAGS_STEP_CONGRATULATIONS_DESCRIPTION', 60, 'bottom', '', 0, 1, 'administrator/index.php?option=com_tags&view=tag&layout=edit', '2025-03-05 07:49:48', 503, '2025-03-05 07:49:48', 503, NULL, NULL, '*', '', NULL),
(61, 7, 'COM_GUIDEDTOURS_TOUR_BANNERS_STEP_NEW_TITLE', 1, 'COM_GUIDEDTOURS_TOUR_BANNERS_STEP_NEW_DESCRIPTION', 61, 'bottom', '.button-new', 2, 1, 'administrator/index.php?option=com_banners&view=banners', '2025-03-05 07:49:48', 503, '2025-03-05 07:49:48', 503, NULL, NULL, '*', '', NULL),
(62, 7, 'COM_GUIDEDTOURS_TOUR_BANNERS_STEP_TITLE_TITLE', 1, 'COM_GUIDEDTOURS_TOUR_BANNERS_STEP_TITLE_DESCRIPTION', 62, 'bottom', '#jform_name', 2, 2, 'administrator/index.php?option=com_banners&view=banner&layout=edit', '2025-03-05 07:49:48', 503, '2025-03-05 07:49:48', 503, NULL, NULL, '*', '', NULL),
(63, 7, 'COM_GUIDEDTOURS_TOUR_BANNERS_STEP_ALIAS_TITLE', 1, 'COM_GUIDEDTOURS_TOUR_BANNERS_STEP_ALIAS_DESCRIPTION', 63, 'bottom', '#jform_alias', 2, 2, 'administrator/index.php?option=com_banners&view=banner&layout=edit', '2025-03-05 07:49:48', 503, '2025-03-05 07:49:48', 503, NULL, NULL, '*', '', NULL),
(64, 7, 'COM_GUIDEDTOURS_TOUR_BANNERS_STEP_DETAILS_TITLE', 1, 'COM_GUIDEDTOURS_TOUR_BANNERS_STEP_DETAILS_DESCRIPTION', 64, 'bottom', '.col-lg-9', 2, 3, 'administrator/index.php?option=com_banners&view=banner&layout=edit', '2025-03-05 07:49:48', 503, '2025-03-05 07:49:48', 503, NULL, NULL, '*', '', NULL),
(65, 7, 'COM_GUIDEDTOURS_TOUR_BANNERS_STEP_STATUS_TITLE', 1, 'COM_GUIDEDTOURS_TOUR_BANNERS_STEP_STATUS_DESCRIPTION', 65, 'bottom', '#jform_state', 2, 3, 'administrator/index.php?option=com_banners&view=banner&layout=edit', '2025-03-05 07:49:48', 503, '2025-03-05 07:49:48', 503, NULL, NULL, '*', '', NULL),
(66, 7, 'COM_GUIDEDTOURS_TOUR_BANNERS_STEP_CATEGORY_TITLE', 1, 'COM_GUIDEDTOURS_TOUR_BANNERS_STEP_CATEGORY_DESCRIPTION', 66, 'top', 'joomla-field-fancy-select .choices[data-type=select-one]', 2, 3, 'administrator/index.php?option=com_banners&view=banner&layout=edit', '2025-03-05 07:49:48', 503, '2025-03-05 07:49:48', 503, NULL, NULL, '*', '', NULL),
(67, 7, 'COM_GUIDEDTOURS_TOUR_BANNERS_STEP_PINNED_TITLE', 1, 'COM_GUIDEDTOURS_TOUR_BANNERS_STEP_PINNED_DESCRIPTION', 67, 'bottom', '#jform_sticky1', 2, 3, 'administrator/index.php?option=com_banners&view=banner&layout=edit', '2025-03-05 07:49:48', 503, '2025-03-05 07:49:48', 503, NULL, NULL, '*', '', NULL),
(68, 7, 'COM_GUIDEDTOURS_TOUR_BANNERS_STEP_VERSIONNOTE_TITLE', 1, 'COM_GUIDEDTOURS_TOUR_BANNERS_STEP_VERSIONNOTE_DESCRIPTION', 68, 'top', '#jform_version_note', 2, 2, 'administrator/index.php?option=com_banners&view=banner&layout=edit', '2025-03-05 07:49:48', 503, '2025-03-05 07:49:48', 503, NULL, NULL, '*', '', NULL),
(69, 7, 'COM_GUIDEDTOURS_TOUR_BANNERS_STEP_SAVECLOSE_TITLE', 1, 'COM_GUIDEDTOURS_TOUR_BANNERS_STEP_SAVECLOSE_DESCRIPTION', 69, 'bottom', '#save-group-children-save .button-save', 2, 1, 'administrator/index.php?option=com_banners&view=banner&layout=edit', '2025-03-05 07:49:48', 503, '2025-03-05 07:49:48', 503, NULL, NULL, '*', '', NULL),
(70, 7, 'COM_GUIDEDTOURS_TOUR_BANNERS_STEP_CONGRATULATIONS_TITLE', 1, 'COM_GUIDEDTOURS_TOUR_BANNERS_STEP_CONGRATULATIONS_DESCRIPTION', 70, 'bottom', '', 0, 1, 'administrator/index.php?option=com_banners&view=banner&layout=edit', '2025-03-05 07:49:48', 503, '2025-03-05 07:49:48', 503, NULL, NULL, '*', '', NULL),
(71, 8, 'COM_GUIDEDTOURS_TOUR_CONTACTS_STEP_NEW_TITLE', 1, 'COM_GUIDEDTOURS_TOUR_CONTACTS_STEP_NEW_DESCRIPTION', 71, 'bottom', '.button-new', 2, 1, 'administrator/index.php?option=com_contact&view=contacts', '2025-03-05 07:49:48', 503, '2025-03-05 07:49:48', 503, NULL, NULL, '*', '', NULL),
(72, 8, 'COM_GUIDEDTOURS_TOUR_CONTACTS_STEP_TITLE_TITLE', 1, 'COM_GUIDEDTOURS_TOUR_CONTACTS_STEP_TITLE_DESCRIPTION', 72, 'bottom', '#jform_name', 2, 2, 'administrator/index.php?option=com_contact&view=contact&layout=edit', '2025-03-05 07:49:48', 503, '2025-03-05 07:49:48', 503, NULL, NULL, '*', '', NULL),
(73, 8, 'COM_GUIDEDTOURS_TOUR_CONTACTS_STEP_ALIAS_TITLE', 1, 'COM_GUIDEDTOURS_TOUR_CONTACTS_STEP_ALIAS_DESCRIPTION', 73, 'bottom', '#jform_alias', 2, 2, 'administrator/index.php?option=com_contact&view=contact&layout=edit', '2025-03-05 07:49:48', 503, '2025-03-05 07:49:48', 503, NULL, NULL, '*', '', NULL),
(74, 8, 'COM_GUIDEDTOURS_TOUR_CONTACTS_STEP_DETAILS_TITLE', 1, 'COM_GUIDEDTOURS_TOUR_CONTACTS_STEP_DETAILS_DESCRIPTION', 74, 'bottom', '.col-lg-9', 0, 1, 'administrator/index.php?option=com_contact&view=contact&layout=edit', '2025-03-05 07:49:48', 503, '2025-03-05 07:49:48', 503, NULL, NULL, '*', '', NULL),
(75, 8, 'COM_GUIDEDTOURS_TOUR_CONTACTS_STEP_STATUS_TITLE', 1, 'COM_GUIDEDTOURS_TOUR_CONTACTS_STEP_STATUS_DESCRIPTION', 75, 'bottom', '#jform_published', 2, 3, 'administrator/index.php?option=com_contact&view=contact&layout=edit', '2025-03-05 07:49:48', 503, '2025-03-05 07:49:48', 503, NULL, NULL, '*', '', NULL),
(76, 8, 'COM_GUIDEDTOURS_TOUR_CONTACTS_STEP_CATEGORY_TITLE', 1, 'COM_GUIDEDTOURS_TOUR_CONTACTS_STEP_CATEGORY_DESCRIPTION', 76, 'top', 'joomla-field-fancy-select .choices[data-type=select-one]', 2, 3, 'administrator/index.php?option=com_contact&view=contact&layout=edit', '2025-03-05 07:49:48', 503, '2025-03-05 07:49:48', 503, NULL, NULL, '*', '', NULL),
(77, 8, 'COM_GUIDEDTOURS_TOUR_CONTACTS_STEP_FEATURED_TITLE', 1, 'COM_GUIDEDTOURS_TOUR_CONTACTS_STEP_FEATURED_DESCRIPTION', 77, 'bottom', '#jform_featured0', 2, 3, 'administrator/index.php?option=com_contact&view=contact&layout=edit', '2025-03-05 07:49:48', 503, '2025-03-05 07:49:48', 503, NULL, NULL, '*', '', NULL),
(78, 8, 'COM_GUIDEDTOURS_TOUR_CONTACTS_STEP_ACCESS_TITLE', 1, 'COM_GUIDEDTOURS_TOUR_CONTACTS_STEP_ACCESS_DESCRIPTION', 78, 'bottom', '#jform_access', 2, 3, 'administrator/index.php?option=com_contact&view=contact&layout=edit', '2025-03-05 07:49:48', 503, '2025-03-05 07:49:48', 503, NULL, NULL, '*', '', NULL),
(79, 8, 'COM_GUIDEDTOURS_TOUR_CONTACTS_STEP_TAGS_TITLE', 1, 'COM_GUIDEDTOURS_TOUR_CONTACTS_STEP_TAGS_DESCRIPTION', 79, 'top', 'joomla-field-fancy-select .choices[data-type=select-multiple]', 2, 3, 'administrator/index.php?option=com_contact&view=contact&layout=edit', '2025-03-05 07:49:48', 503, '2025-03-05 07:49:48', 503, NULL, NULL, '*', '', NULL),
(80, 8, 'COM_GUIDEDTOURS_TOUR_CONTACTS_STEP_VERSIONNOTE_TITLE', 1, 'COM_GUIDEDTOURS_TOUR_CONTACTS_STEP_VERSIONNOTE_DESCRIPTION', 80, 'top', '#jform_version_note', 2, 2, 'administrator/index.php?option=com_contact&view=contact&layout=edit', '2025-03-05 07:49:48', 503, '2025-03-05 07:49:48', 503, NULL, NULL, '*', '', NULL),
(81, 8, 'COM_GUIDEDTOURS_TOUR_CONTACTS_STEP_SAVECLOSE_TITLE', 1, 'COM_GUIDEDTOURS_TOUR_CONTACTS_STEP_SAVECLOSE_DESCRIPTION', 81, 'bottom', '#save-group-children-save .button-save', 2, 1, 'administrator/index.php?option=com_contact&view=contact&layout=edit', '2025-03-05 07:49:48', 503, '2025-03-05 07:49:48', 503, NULL, NULL, '*', '', NULL),
(82, 8, 'COM_GUIDEDTOURS_TOUR_CONTACTS_STEP_CONGRATULATIONS_TITLE', 1, 'COM_GUIDEDTOURS_TOUR_CONTACTS_STEP_CONGRATULATIONS_DESCRIPTION', 82, 'bottom', '', 0, 1, 'administrator/index.php?option=com_contact&view=contact&layout=edit', '2025-03-05 07:49:48', 503, '2025-03-05 07:49:48', 503, NULL, NULL, '*', '', NULL),
(83, 9, 'COM_GUIDEDTOURS_TOUR_NEWSFEEDS_STEP_NEW_TITLE', 1, 'COM_GUIDEDTOURS_TOUR_NEWSFEEDS_STEP_NEW_DESCRIPTION', 83, 'bottom', '.button-new', 2, 1, 'administrator/index.php?option=com_newsfeeds&view=newsfeeds', '2025-03-05 07:49:48', 503, '2025-03-05 07:49:48', 503, NULL, NULL, '*', '', NULL),
(84, 9, 'COM_GUIDEDTOURS_TOUR_NEWSFEEDS_STEP_TITLE_TITLE', 1, 'COM_GUIDEDTOURS_TOUR_NEWSFEEDS_STEP_TITLE_DESCRIPTION', 84, 'bottom', '#jform_name', 2, 2, 'administrator/index.php?option=com_newsfeeds&view=newsfeed&layout=edit', '2025-03-05 07:49:48', 503, '2025-03-05 07:49:48', 503, NULL, NULL, '*', '', NULL),
(85, 9, 'COM_GUIDEDTOURS_TOUR_NEWSFEEDS_STEP_ALIAS_TITLE', 1, 'COM_GUIDEDTOURS_TOUR_NEWSFEEDS_STEP_ALIAS_DESCRIPTION', 85, 'bottom', '#jform_alias', 2, 2, 'administrator/index.php?option=com_newsfeeds&view=newsfeed&layout=edit', '2025-03-05 07:49:48', 503, '2025-03-05 07:49:48', 503, NULL, NULL, '*', '', NULL),
(86, 9, 'COM_GUIDEDTOURS_TOUR_NEWSFEEDS_STEP_LINK_TITLE', 1, 'COM_GUIDEDTOURS_TOUR_NEWSFEEDS_STEP_LINK_DESCRIPTION', 86, 'bottom', '#jform_link', 2, 2, 'administrator/index.php?option=com_newsfeeds&view=newsfeed&layout=edit', '2025-03-05 07:49:48', 503, '2025-03-05 07:49:48', 503, NULL, NULL, '*', '', NULL),
(87, 9, 'COM_GUIDEDTOURS_TOUR_NEWSFEEDS_STEP_DESCRIPTION_TITLE', 1, 'COM_GUIDEDTOURS_TOUR_NEWSFEEDS_STEP_DESCRIPTION_DESCRIPTION', 87, 'bottom', '#jform_description,#jform_description_ifr', 2, 3, 'administrator/index.php?option=com_newsfeeds&view=newsfeed&layout=edit', '2025-03-05 07:49:48', 503, '2025-03-05 07:49:48', 503, NULL, NULL, '*', '', NULL),
(88, 9, 'COM_GUIDEDTOURS_TOUR_NEWSFEEDS_STEP_STATUS_TITLE', 1, 'COM_GUIDEDTOURS_TOUR_NEWSFEEDS_STEP_STATUS_DESCRIPTION', 88, 'bottom', '#jform_published', 2, 3, 'administrator/index.php?option=com_newsfeeds&view=newsfeed&layout=edit', '2025-03-05 07:49:48', 503, '2025-03-05 07:49:48', 503, NULL, NULL, '*', '', NULL),
(89, 9, 'COM_GUIDEDTOURS_TOUR_NEWSFEEDS_STEP_CATEGORY_TITLE', 1, 'COM_GUIDEDTOURS_TOUR_NEWSFEEDS_STEP_CATEGORY_DESCRIPTION', 89, 'top', 'joomla-field-fancy-select .choices[data-type=select-one]', 2, 3, 'administrator/index.php?option=com_newsfeeds&view=newsfeed&layout=edit', '2025-03-05 07:49:48', 503, '2025-03-05 07:49:48', 503, NULL, NULL, '*', '', NULL),
(90, 9, 'COM_GUIDEDTOURS_TOUR_NEWSFEEDS_STEP_ACCESS_TITLE', 1, 'COM_GUIDEDTOURS_TOUR_NEWSFEEDS_STEP_ACCESS_DESCRIPTION', 90, 'bottom', '#jform_access', 2, 3, 'administrator/index.php?option=com_newsfeeds&view=newsfeed&layout=edit', '2025-03-05 07:49:48', 503, '2025-03-05 07:49:48', 503, NULL, NULL, '*', '', NULL),
(91, 9, 'COM_GUIDEDTOURS_TOUR_NEWSFEEDS_STEP_TAGS_TITLE', 1, 'COM_GUIDEDTOURS_TOUR_NEWSFEEDS_STEP_TAGS_DESCRIPTION', 91, 'top', 'joomla-field-fancy-select .choices[data-type=select-multiple]', 2, 3, 'administrator/index.php?option=com_newsfeeds&view=newsfeed&layout=edit', '2025-03-05 07:49:48', 503, '2025-03-05 07:49:48', 503, NULL, NULL, '*', '', NULL),
(92, 9, 'COM_GUIDEDTOURS_TOUR_NEWSFEEDS_STEP_VERSIONNOTE_TITLE', 1, 'COM_GUIDEDTOURS_TOUR_NEWSFEEDS_STEP_VERSIONNOTE_DESCRIPTION', 92, 'top', '#jform_version_note', 2, 2, 'administrator/index.php?option=com_newsfeeds&view=newsfeed&layout=edit', '2025-03-05 07:49:48', 503, '2025-03-05 07:49:48', 503, NULL, NULL, '*', '', NULL),
(93, 9, 'COM_GUIDEDTOURS_TOUR_NEWSFEEDS_STEP_SAVECLOSE_TITLE', 1, 'COM_GUIDEDTOURS_TOUR_NEWSFEEDS_STEP_SAVECLOSE_DESCRIPTION', 93, 'bottom', '#save-group-children-save .button-save', 2, 1, 'administrator/index.php?option=com_newsfeeds&view=newsfeed&layout=edit', '2025-03-05 07:49:48', 503, '2025-03-05 07:49:48', 503, NULL, NULL, '*', '', NULL),
(94, 9, 'COM_GUIDEDTOURS_TOUR_NEWSFEEDS_STEP_CONGRATULATIONS_TITLE', 1, 'COM_GUIDEDTOURS_TOUR_NEWSFEEDS_STEP_CONGRATULATIONS_DESCRIPTION', 94, 'bottom', '', 0, 1, 'administrator/index.php?option=com_newsfeeds&view=newsfeed&layout=edit', '2025-03-05 07:49:48', 503, '2025-03-05 07:49:48', 503, NULL, NULL, '*', '', NULL),
(95, 10, 'COM_GUIDEDTOURS_TOUR_SMARTSEARCH_STEP_NEW_TITLE', 1, 'COM_GUIDEDTOURS_TOUR_SMARTSEARCH_STEP_NEW_DESCRIPTION', 95, 'bottom', '.button-new', 2, 1, 'administrator/index.php?option=com_finder&view=filters', '2025-03-05 07:49:48', 503, '2025-03-05 07:49:48', 503, NULL, NULL, '*', '', NULL),
(96, 10, 'COM_GUIDEDTOURS_TOUR_SMARTSEARCH_STEP_TITLE_TITLE', 1, 'COM_GUIDEDTOURS_TOUR_SMARTSEARCH_STEP_TITLE_DESCRIPTION', 96, 'bottom', '#jform_title', 2, 2, 'administrator/index.php?option=com_finder&view=filter&layout=edit', '2025-03-05 07:49:48', 503, '2025-03-05 07:49:48', 503, NULL, NULL, '*', '', NULL),
(97, 10, 'COM_GUIDEDTOURS_TOUR_SMARTSEARCH_STEP_ALIAS_TITLE', 1, 'COM_GUIDEDTOURS_TOUR_SMARTSEARCH_STEP_ALIAS_DESCRIPTION', 97, 'bottom', '#jform_alias', 2, 2, 'administrator/index.php?option=com_finder&view=filter&layout=edit', '2025-03-05 07:49:48', 503, '2025-03-05 07:49:48', 503, NULL, NULL, '*', '', NULL),
(98, 10, 'COM_GUIDEDTOURS_TOUR_SMARTSEARCH_STEP_CONTENT_TITLE', 1, 'COM_GUIDEDTOURS_TOUR_SMARTSEARCH_STEP_CONTENT_DESCRIPTION', 98, 'bottom', '.col-lg-9', 0, 1, 'administrator/index.php?option=com_finder&view=filter&layout=edit', '2025-03-05 07:49:48', 503, '2025-03-05 07:49:48', 503, NULL, NULL, '*', '', NULL),
(99, 10, 'COM_GUIDEDTOURS_TOUR_SMARTSEARCH_STEP_STATUS_TITLE', 1, 'COM_GUIDEDTOURS_TOUR_SMARTSEARCH_STEP_STATUS_DESCRIPTION', 99, 'bottom', '#jform_state', 2, 3, 'administrator/index.php?option=com_finder&view=filter&layout=edit', '2025-03-05 07:49:48', 503, '2025-03-05 07:49:48', 503, NULL, NULL, '*', '', NULL),
(100, 10, 'COM_GUIDEDTOURS_TOUR_SMARTSEARCH_STEP_SAVECLOSE_TITLE', 1, 'COM_GUIDEDTOURS_TOUR_SMARTSEARCH_STEP_SAVECLOSE_DESCRIPTION', 100, 'bottom', '#save-group-children-save .button-save', 2, 1, 'administrator/index.php?option=com_finder&view=filter&layout=edit', '2025-03-05 07:49:48', 503, '2025-03-05 07:49:48', 503, NULL, NULL, '*', '', NULL),
(101, 10, 'COM_GUIDEDTOURS_TOUR_SMARTSEARCH_STEP_CONGRATULATIONS_TITLE', 1, 'COM_GUIDEDTOURS_TOUR_SMARTSEARCH_STEP_CONGRATULATIONS_DESCRIPTION', 101, 'bottom', '', 0, 1, 'administrator/index.php?option=com_finder&view=filter&layout=edit', '2025-03-05 07:49:48', 503, '2025-03-05 07:49:48', 503, NULL, NULL, '*', '', NULL),
(102, 11, 'COM_GUIDEDTOURS_TOUR_USERS_STEP_NEW_TITLE', 1, 'COM_GUIDEDTOURS_TOUR_USERS_STEP_NEW_DESCRIPTION', 102, 'bottom', '.button-new', 2, 1, 'administrator/index.php?option=com_users&view=user&layout=edit', '2025-03-05 07:49:48', 503, '2025-03-05 07:49:48', 503, NULL, NULL, '*', '', NULL),
(103, 11, 'COM_GUIDEDTOURS_TOUR_USERS_STEP_NAME_TITLE', 1, 'COM_GUIDEDTOURS_TOUR_USERS_STEP_NAME_DESCRIPTION', 103, 'bottom', '#jform_name', 2, 2, 'administrator/index.php?option=com_users&view=user&layout=edit', '2025-03-05 07:49:48', 503, '2025-03-05 07:49:48', 503, NULL, NULL, '*', '', NULL),
(104, 11, 'COM_GUIDEDTOURS_TOUR_USERS_STEP_LOGINNAME_TITLE', 1, 'COM_GUIDEDTOURS_TOUR_USERS_STEP_LOGINNAME_DESCRIPTION', 104, 'bottom', '#jform_username', 2, 2, 'administrator/index.php?option=com_users&view=user&layout=edit', '2025-03-05 07:49:48', 503, '2025-03-05 07:49:48', 503, NULL, NULL, '*', '', NULL),
(105, 11, 'COM_GUIDEDTOURS_TOUR_USERS_STEP_PASSWORD_TITLE', 1, 'COM_GUIDEDTOURS_TOUR_USERS_STEP_PASSWORD_DESCRIPTION', 105, 'bottom', '#jform_password', 2, 2, 'administrator/index.php?option=com_users&view=user&layout=edit', '2025-03-05 07:49:48', 503, '2025-03-05 07:49:48', 503, NULL, NULL, '*', '', NULL),
(106, 11, 'COM_GUIDEDTOURS_TOUR_USERS_STEP_PASSWORD2_TITLE', 1, 'COM_GUIDEDTOURS_TOUR_USERS_STEP_PASSWORD2_DESCRIPTION', 106, 'bottom', '#jform_password2', 2, 2, 'administrator/index.php?option=com_users&view=user&layout=edit', '2025-03-05 07:49:48', 503, '2025-03-05 07:49:48', 503, NULL, NULL, '*', '', NULL),
(107, 11, 'COM_GUIDEDTOURS_TOUR_USERS_STEP_EMAIL_TITLE', 1, 'COM_GUIDEDTOURS_TOUR_USERS_STEP_EMAIL_DESCRIPTION', 107, 'bottom', '#jform_email', 2, 2, 'administrator/index.php?option=com_users&view=user&layout=edit', '2025-03-05 07:49:48', 503, '2025-03-05 07:49:48', 503, NULL, NULL, '*', '', NULL),
(108, 11, 'COM_GUIDEDTOURS_TOUR_USERS_STEP_SYSTEMEMAIL_TITLE', 1, 'COM_GUIDEDTOURS_TOUR_USERS_STEP_SYSTEMEMAIL_DESCRIPTION', 108, 'top', '#jform_sendEmail0', 2, 3, 'administrator/index.php?option=com_users&view=user&layout=edit', '2025-03-05 07:49:48', 503, '2025-03-05 07:49:48', 503, NULL, NULL, '*', '', NULL),
(109, 11, 'COM_GUIDEDTOURS_TOUR_USERS_STEP_STATUS_TITLE', 1, 'COM_GUIDEDTOURS_TOUR_USERS_STEP_STATUS_DESCRIPTION', 109, 'top', '#jform_block0', 2, 3, 'administrator/index.php?option=com_users&view=user&layout=edit', '2025-03-05 07:49:48', 503, '2025-03-05 07:49:48', 503, NULL, NULL, '*', '', NULL),
(110, 11, 'COM_GUIDEDTOURS_TOUR_USERS_STEP_PASSWORDRESET_TITLE', 1, 'COM_GUIDEDTOURS_TOUR_USERS_STEP_PASSWORDRESET_DESCRIPTION', 110, 'top', '#jform_requireReset0', 2, 3, 'administrator/index.php?option=com_users&view=user&layout=edit', '2025-03-05 07:49:48', 503, '2025-03-05 07:49:48', 503, NULL, NULL, '*', '', NULL),
(111, 11, 'COM_GUIDEDTOURS_TOUR_USERS_STEP_SAVECLOSE_TITLE', 1, 'COM_GUIDEDTOURS_TOUR_USERS_STEP_SAVECLOSE_DESCRIPTION', 111, 'bottom', '#save-group-children-save .button-save', 2, 1, 'administrator/index.php?option=com_users&view=user&layout=edit', '2025-03-05 07:49:48', 503, '2025-03-05 07:49:48', 503, NULL, NULL, '*', '', NULL),
(112, 11, 'COM_GUIDEDTOURS_TOUR_USERS_STEP_CONGRATULATIONS_TITLE', 1, 'COM_GUIDEDTOURS_TOUR_USERS_STEP_CONGRATULATIONS_DESCRIPTION', 112, 'bottom', '', 0, 1, 'administrator/index.php?option=com_users&view=user&layout=edit', '2025-03-05 07:49:48', 503, '2025-03-05 07:49:48', 503, NULL, NULL, '*', '', NULL),
(113, 12, 'COM_GUIDEDTOURS_TOUR_WELCOMETOJOOMLA_STEP_MENUS_TITLE', 1, 'COM_GUIDEDTOURS_TOUR_WELCOMETOJOOMLA_STEP_MENUS_DESCRIPTION', 113, 'right', '#sidebarmenu', 0, 1, '', '2025-03-05 07:49:48', 503, '2025-03-05 07:49:48', 503, NULL, NULL, '*', '', NULL),
(114, 12, 'COM_GUIDEDTOURS_TOUR_WELCOMETOJOOMLA_STEP_QUICKACCESS_TITLE', 1, 'COM_GUIDEDTOURS_TOUR_WELCOMETOJOOMLA_STEP_QUICKACCESS_DESCRIPTION', 114, 'center', '', 0, 1, '', '2025-03-05 07:49:48', 503, '2025-03-05 07:49:48', 503, NULL, NULL, '*', '', NULL),
(115, 12, 'COM_GUIDEDTOURS_TOUR_WELCOMETOJOOMLA_STEP_NOTIFICATIONS_TITLE', 1, 'COM_GUIDEDTOURS_TOUR_WELCOMETOJOOMLA_STEP_NOTIFICATIONS_DESCRIPTION', 115, 'left', '.quickicons-for-update_quickicon .card', 0, 1, '', '2025-03-05 07:49:48', 503, '2025-03-05 07:49:48', 503, NULL, NULL, '*', '', NULL),
(116, 12, 'COM_GUIDEDTOURS_TOUR_WELCOMETOJOOMLA_STEP_TOPBAR_TITLE', 1, 'COM_GUIDEDTOURS_TOUR_WELCOMETOJOOMLA_STEP_TOPBAR_DESCRIPTION', 116, 'bottom', '#header', 0, 1, '', '2025-03-05 07:49:48', 503, '2025-03-05 07:49:48', 503, NULL, NULL, '*', '', NULL),
(117, 12, 'COM_GUIDEDTOURS_TOUR_WELCOMETOJOOMLA_STEP_FINALWORDS_TITLE', 1, 'COM_GUIDEDTOURS_TOUR_WELCOMETOJOOMLA_STEP_FINALWORDS_DESCRIPTION', 117, 'right', '#sidebarmenu nav > ul:first-of-type > li:last-child', 0, 1, '', '2025-03-05 07:49:48', 503, '2025-03-05 07:49:48', 503, NULL, NULL, '*', '', NULL);

-- --------------------------------------------------------

--
-- Table structure for table `xsrs3_history`
--

CREATE TABLE `xsrs3_history` (
  `version_id` int(10) UNSIGNED NOT NULL,
  `item_id` varchar(50) NOT NULL,
  `version_note` varchar(255) NOT NULL DEFAULT '' COMMENT 'Optional version name',
  `save_date` datetime NOT NULL,
  `editor_user_id` int(10) UNSIGNED NOT NULL DEFAULT 0,
  `character_count` int(10) UNSIGNED NOT NULL DEFAULT 0 COMMENT 'Number of characters in this version.',
  `sha1_hash` varchar(50) NOT NULL DEFAULT '' COMMENT 'SHA1 hash of the version_data column.',
  `version_data` mediumtext NOT NULL COMMENT 'json-encoded string of version data',
  `keep_forever` tinyint(4) NOT NULL DEFAULT 0 COMMENT '0=auto delete; 1=keep'
) ENGINE=InnoDB DEFAULT CHARSET=utf8mb4 COLLATE=utf8mb4_unicode_ci;

-- --------------------------------------------------------

--
-- Table structure for table `xsrs3_languages`
--

CREATE TABLE `xsrs3_languages` (
  `lang_id` int(10) UNSIGNED NOT NULL,
  `asset_id` int(10) UNSIGNED NOT NULL DEFAULT 0,
  `lang_code` char(7) CHARACTER SET utf8mb4 COLLATE utf8mb4_bin NOT NULL,
  `title` varchar(50) NOT NULL,
  `title_native` varchar(50) NOT NULL,
  `sef` varchar(50) NOT NULL,
  `image` varchar(50) NOT NULL,
  `description` varchar(512) NOT NULL,
  `metakey` text DEFAULT NULL,
  `metadesc` text NOT NULL,
  `sitename` varchar(1024) NOT NULL DEFAULT '',
  `published` int(11) NOT NULL DEFAULT 0,
  `access` int(10) UNSIGNED NOT NULL DEFAULT 0,
  `ordering` int(11) NOT NULL DEFAULT 0
) ENGINE=InnoDB DEFAULT CHARSET=utf8mb4 COLLATE=utf8mb4_unicode_ci;

--
-- Dumping data for table `xsrs3_languages`
--

INSERT INTO `xsrs3_languages` (`lang_id`, `asset_id`, `lang_code`, `title`, `title_native`, `sef`, `image`, `description`, `metakey`, `metadesc`, `sitename`, `published`, `access`, `ordering`) VALUES
(1, 0, 'en-GB', 'English (en-GB)', 'English (United Kingdom)', 'en', 'en_gb', '', '', '', '', 1, 1, 1);

-- --------------------------------------------------------

--
-- Table structure for table `xsrs3_mail_templates`
--

CREATE TABLE `xsrs3_mail_templates` (
  `template_id` varchar(127) NOT NULL DEFAULT '',
  `extension` varchar(127) NOT NULL DEFAULT '',
  `language` char(7) NOT NULL DEFAULT '',
  `subject` varchar(255) NOT NULL DEFAULT '',
  `body` text NOT NULL,
  `htmlbody` mediumtext NOT NULL,
  `attachments` text NOT NULL,
  `params` text NOT NULL
) ENGINE=InnoDB DEFAULT CHARSET=utf8mb4 COLLATE=utf8mb4_unicode_ci;

--
-- Dumping data for table `xsrs3_mail_templates`
--

INSERT INTO `xsrs3_mail_templates` (`template_id`, `extension`, `language`, `subject`, `body`, `htmlbody`, `attachments`, `params`) VALUES
('com_actionlogs.notification', 'com_actionlogs', '', 'COM_ACTIONLOGS_EMAIL_SUBJECT', 'COM_ACTIONLOGS_EMAIL_BODY', 'COM_ACTIONLOGS_EMAIL_HTMLBODY', '', '{\"tags\":[\"message\",\"date\",\"extension\",\"username\"]}'),
('com_config.test_mail', 'com_config', '', 'COM_CONFIG_SENDMAIL_SUBJECT', 'COM_CONFIG_SENDMAIL_BODY', '', '', '{\"tags\":[\"sitename\",\"method\"]}'),
('com_contact.mail', 'com_contact', '', 'COM_CONTACT_ENQUIRY_SUBJECT', 'COM_CONTACT_ENQUIRY_TEXT', '', '', '{\"tags\":[\"sitename\",\"name\",\"email\",\"subject\",\"body\",\"url\",\"customfields\"]}'),
('com_contact.mail.copy', 'com_contact', '', 'COM_CONTACT_COPYSUBJECT_OF', 'COM_CONTACT_COPYTEXT_OF', '', '', '{\"tags\":[\"sitename\",\"name\",\"email\",\"subject\",\"body\",\"url\",\"customfields\",\"contactname\"]}'),
('com_messages.new_message', 'com_messages', '', 'COM_MESSAGES_NEW_MESSAGE', 'COM_MESSAGES_NEW_MESSAGE_BODY', '', '', '{\"tags\":[\"subject\",\"message\",\"fromname\",\"sitename\",\"siteurl\",\"fromemail\",\"toname\",\"toemail\"]}'),
('com_privacy.notification.admin.export', 'com_privacy', '', 'COM_PRIVACY_EMAIL_ADMIN_REQUEST_SUBJECT_EXPORT_REQUEST', 'COM_PRIVACY_EMAIL_ADMIN_REQUEST_BODY_EXPORT_REQUEST', '', '', '{\"tags\":[\"sitename\",\"url\",\"tokenurl\",\"formurl\",\"token\"]}'),
('com_privacy.notification.admin.remove', 'com_privacy', '', 'COM_PRIVACY_EMAIL_ADMIN_REQUEST_SUBJECT_REMOVE_REQUEST', 'COM_PRIVACY_EMAIL_ADMIN_REQUEST_BODY_REMOVE_REQUEST', '', '', '{\"tags\":[\"sitename\",\"url\",\"tokenurl\",\"formurl\",\"token\"]}'),
('com_privacy.notification.export', 'com_privacy', '', 'COM_PRIVACY_EMAIL_REQUEST_SUBJECT_EXPORT_REQUEST', 'COM_PRIVACY_EMAIL_REQUEST_BODY_EXPORT_REQUEST', '', '', '{\"tags\":[\"sitename\",\"url\",\"tokenurl\",\"formurl\",\"token\"]}'),
('com_privacy.notification.remove', 'com_privacy', '', 'COM_PRIVACY_EMAIL_REQUEST_SUBJECT_REMOVE_REQUEST', 'COM_PRIVACY_EMAIL_REQUEST_BODY_REMOVE_REQUEST', '', '', '{\"tags\":[\"sitename\",\"url\",\"tokenurl\",\"formurl\",\"token\"]}'),
('com_privacy.userdataexport', 'com_privacy', '', 'COM_PRIVACY_EMAIL_DATA_EXPORT_COMPLETED_SUBJECT', 'COM_PRIVACY_EMAIL_DATA_EXPORT_COMPLETED_BODY', '', '', '{\"tags\":[\"sitename\",\"url\"]}'),
('com_users.massmail.mail', 'com_users', '', 'COM_USERS_MASSMAIL_MAIL_SUBJECT', 'COM_USERS_MASSMAIL_MAIL_BODY', '', '', '{\"tags\":[\"subject\",\"body\",\"subjectprefix\",\"bodysuffix\"]}'),
('com_users.password_reset', 'com_users', '', 'COM_USERS_EMAIL_PASSWORD_RESET_SUBJECT', 'COM_USERS_EMAIL_PASSWORD_RESET_BODY', '', '', '{\"tags\":[\"name\",\"email\",\"sitename\",\"link_text\",\"link_html\",\"token\"]}'),
('com_users.registration.admin.new_notification', 'com_users', '', 'COM_USERS_EMAIL_ACCOUNT_DETAILS', 'COM_USERS_EMAIL_REGISTERED_NOTIFICATION_TO_ADMIN_BODY', '', '', '{\"tags\":[\"name\",\"sitename\",\"siteurl\",\"username\"]}'),
('com_users.registration.admin.verification_request', 'com_users', '', 'COM_USERS_EMAIL_ACTIVATE_WITH_ADMIN_ACTIVATION_SUBJECT', 'COM_USERS_EMAIL_ACTIVATE_WITH_ADMIN_ACTIVATION_BODY', '', '', '{\"tags\":[\"name\",\"sitename\",\"email\",\"username\",\"activate\"]}'),
('com_users.registration.user.admin_activated', 'com_users', '', 'COM_USERS_EMAIL_ACTIVATED_BY_ADMIN_ACTIVATION_SUBJECT', 'COM_USERS_EMAIL_ACTIVATED_BY_ADMIN_ACTIVATION_BODY', '', '', '{\"tags\":[\"name\",\"sitename\",\"siteurl\",\"username\"]}'),
('com_users.registration.user.admin_activation', 'com_users', '', 'COM_USERS_EMAIL_ACCOUNT_DETAILS', 'COM_USERS_EMAIL_REGISTERED_WITH_ADMIN_ACTIVATION_BODY_NOPW', '', '', '{\"tags\":[\"name\",\"sitename\",\"activate\",\"siteurl\",\"username\"]}'),
('com_users.registration.user.admin_activation_w_pw', 'com_users', '', 'COM_USERS_EMAIL_ACCOUNT_DETAILS', 'COM_USERS_EMAIL_REGISTERED_WITH_ADMIN_ACTIVATION_BODY', '', '', '{\"tags\":[\"name\",\"sitename\",\"activate\",\"siteurl\",\"username\",\"password_clear\"]}'),
('com_users.registration.user.registration_mail', 'com_users', '', 'COM_USERS_EMAIL_ACCOUNT_DETAILS', 'COM_USERS_EMAIL_REGISTERED_BODY_NOPW', '', '', '{\"tags\":[\"name\",\"sitename\",\"siteurl\",\"username\"]}'),
('com_users.registration.user.registration_mail_w_pw', 'com_users', '', 'COM_USERS_EMAIL_ACCOUNT_DETAILS', 'COM_USERS_EMAIL_REGISTERED_BODY', '', '', '{\"tags\":[\"name\",\"sitename\",\"siteurl\",\"username\",\"password_clear\"]}'),
('com_users.registration.user.self_activation', 'com_users', '', 'COM_USERS_EMAIL_ACCOUNT_DETAILS', 'COM_USERS_EMAIL_REGISTERED_WITH_ACTIVATION_BODY_NOPW', '', '', '{\"tags\":[\"name\",\"sitename\",\"activate\",\"siteurl\",\"username\"]}'),
('com_users.registration.user.self_activation_w_pw', 'com_users', '', 'COM_USERS_EMAIL_ACCOUNT_DETAILS', 'COM_USERS_EMAIL_REGISTERED_WITH_ACTIVATION_BODY', '', '', '{\"tags\":[\"name\",\"sitename\",\"activate\",\"siteurl\",\"username\",\"password_clear\"]}'),
('com_users.reminder', 'com_users', '', 'COM_USERS_EMAIL_USERNAME_REMINDER_SUBJECT', 'COM_USERS_EMAIL_USERNAME_REMINDER_BODY', '', '', '{\"tags\":[\"name\",\"username\",\"sitename\",\"email\",\"link_text\",\"link_html\"]}'),
('plg_multifactorauth_email.mail', 'plg_multifactorauth_email', '', 'PLG_MULTIFACTORAUTH_EMAIL_EMAIL_SUBJECT', 'PLG_MULTIFACTORAUTH_EMAIL_EMAIL_BODY', '', '', '{\"tags\":[\"code\",\"sitename\",\"siteurl\",\"username\",\"email\",\"fullname\"]}'),
('plg_system_tasknotification.failure_mail', 'plg_system_tasknotification', '', 'PLG_SYSTEM_TASK_NOTIFICATION_FAILURE_MAIL_SUBJECT', 'PLG_SYSTEM_TASK_NOTIFICATION_FAILURE_MAIL_BODY', '', '', '{\"tags\": [\"task_id\", \"task_title\", \"exit_code\", \"exec_data_time\", \"task_output\"]}'),
('plg_system_tasknotification.fatal_recovery_mail', 'plg_system_tasknotification', '', 'PLG_SYSTEM_TASK_NOTIFICATION_FATAL_MAIL_SUBJECT', 'PLG_SYSTEM_TASK_NOTIFICATION_FATAL_MAIL_BODY', '', '', '{\"tags\": [\"task_id\", \"task_title\"]}'),
('plg_system_tasknotification.orphan_mail', 'plg_system_tasknotification', '', 'PLG_SYSTEM_TASK_NOTIFICATION_ORPHAN_MAIL_SUBJECT', 'PLG_SYSTEM_TASK_NOTIFICATION_ORPHAN_MAIL_BODY', '', '', '{\"tags\": [\"task_id\", \"task_title\"]}'),
('plg_system_tasknotification.success_mail', 'plg_system_tasknotification', '', 'PLG_SYSTEM_TASK_NOTIFICATION_SUCCESS_MAIL_SUBJECT', 'PLG_SYSTEM_TASK_NOTIFICATION_SUCCESS_MAIL_BODY', '', '', '{\"tags\":[\"task_id\", \"task_title\", \"exec_data_time\", \"task_output\"]}'),
('plg_task_privacyconsent.request.reminder', 'plg_task_privacyconsent', '', 'PLG_TASK_PRIVACYCONSENT_EMAIL_REMIND_SUBJECT', 'PLG_TASK_PRIVACYCONSENT_EMAIL_REMIND_BODY', '', '', '{\"tags\":[\"sitename\",\"url\",\"tokenurl\",\"formurl\",\"token\"]}'),
('plg_task_updatenotification.mail', 'plg_task_updatenotification', '', 'PLG_TASK_UPDATENOTIFICATION_EMAIL_SUBJECT', 'PLG_TASK_UPDATENOTIFICATION_EMAIL_BODY', '', '', '{\"tags\":[\"newversion\",\"curversion\",\"sitename\",\"url\",\"link\",\"releasenews\"]}'),
('plg_user_joomla.mail', 'plg_user_joomla', '', 'PLG_USER_JOOMLA_NEW_USER_EMAIL_SUBJECT', 'PLG_USER_JOOMLA_NEW_USER_EMAIL_BODY', '', '', '{\"tags\":[\"name\",\"sitename\",\"url\",\"username\",\"password\",\"email\"]}');

-- --------------------------------------------------------

--
-- Table structure for table `xsrs3_menu`
--

CREATE TABLE `xsrs3_menu` (
  `id` int(11) NOT NULL,
  `menutype` varchar(24) NOT NULL COMMENT 'The type of menu this item belongs to. FK to #__menu_types.menutype',
  `title` varchar(255) NOT NULL COMMENT 'The display title of the menu item.',
  `alias` varchar(400) CHARACTER SET utf8mb4 COLLATE utf8mb4_bin NOT NULL COMMENT 'The SEF alias of the menu item.',
  `note` varchar(255) NOT NULL DEFAULT '',
  `path` varchar(1024) NOT NULL COMMENT 'The computed path of the menu item based on the alias field.',
  `link` varchar(1024) NOT NULL COMMENT 'The actually link the menu item refers to.',
  `type` varchar(16) NOT NULL COMMENT 'The type of link: Component, URL, Alias, Separator',
  `published` tinyint(4) NOT NULL DEFAULT 0 COMMENT 'The published state of the menu link.',
  `parent_id` int(10) UNSIGNED NOT NULL DEFAULT 1 COMMENT 'The parent menu item in the menu tree.',
  `level` int(10) UNSIGNED NOT NULL DEFAULT 0 COMMENT 'The relative level in the tree.',
  `component_id` int(10) UNSIGNED NOT NULL DEFAULT 0 COMMENT 'FK to #__extensions.id',
  `checked_out` int(10) UNSIGNED DEFAULT NULL COMMENT 'FK to #__users.id',
  `checked_out_time` datetime DEFAULT NULL COMMENT 'The time the menu item was checked out.',
  `browserNav` tinyint(4) NOT NULL DEFAULT 0 COMMENT 'The click behaviour of the link.',
  `access` int(10) UNSIGNED NOT NULL DEFAULT 0 COMMENT 'The access level required to view the menu item.',
  `img` varchar(255) NOT NULL COMMENT 'The image of the menu item.',
  `template_style_id` int(10) UNSIGNED NOT NULL DEFAULT 0,
  `params` text NOT NULL COMMENT 'JSON encoded data for the menu item.',
  `lft` int(11) NOT NULL DEFAULT 0 COMMENT 'Nested set lft.',
  `rgt` int(11) NOT NULL DEFAULT 0 COMMENT 'Nested set rgt.',
  `home` tinyint(3) UNSIGNED NOT NULL DEFAULT 0 COMMENT 'Indicates if this menu item is the home or default page.',
  `language` char(7) NOT NULL DEFAULT '',
  `client_id` tinyint(4) NOT NULL DEFAULT 0,
  `publish_up` datetime DEFAULT NULL,
  `publish_down` datetime DEFAULT NULL
) ENGINE=InnoDB DEFAULT CHARSET=utf8mb4 COLLATE=utf8mb4_unicode_ci;

--
-- Dumping data for table `xsrs3_menu`
--

INSERT INTO `xsrs3_menu` (`id`, `menutype`, `title`, `alias`, `note`, `path`, `link`, `type`, `published`, `parent_id`, `level`, `component_id`, `checked_out`, `checked_out_time`, `browserNav`, `access`, `img`, `template_style_id`, `params`, `lft`, `rgt`, `home`, `language`, `client_id`, `publish_up`, `publish_down`) VALUES
(1, '', 'Menu_Item_Root', 'root', '', '', '', '', 1, 0, 0, 0, NULL, NULL, 0, 0, '', 0, '', 0, 43, 0, '*', 0, NULL, NULL),
(2, 'main', 'com_banners', 'Banners', '', 'Banners', 'index.php?option=com_banners', 'component', 1, 1, 1, 3, NULL, NULL, 0, 0, 'class:bookmark', 0, '', 1, 10, 0, '*', 1, NULL, NULL),
(3, 'main', 'com_banners', 'Banners', '', 'Banners/Banners', 'index.php?option=com_banners&view=banners', 'component', 1, 2, 2, 3, NULL, NULL, 0, 0, 'class:banners', 0, '', 2, 3, 0, '*', 1, NULL, NULL),
(4, 'main', 'com_banners_categories', 'Categories', '', 'Banners/Categories', 'index.php?option=com_categories&view=categories&extension=com_banners', 'component', 1, 2, 2, 5, NULL, NULL, 0, 0, 'class:banners-cat', 0, '', 4, 5, 0, '*', 1, NULL, NULL),
(5, 'main', 'com_banners_clients', 'Clients', '', 'Banners/Clients', 'index.php?option=com_banners&view=clients', 'component', 1, 2, 2, 3, NULL, NULL, 0, 0, 'class:banners-clients', 0, '', 6, 7, 0, '*', 1, NULL, NULL),
(6, 'main', 'com_banners_tracks', 'Tracks', '', 'Banners/Tracks', 'index.php?option=com_banners&view=tracks', 'component', 1, 2, 2, 3, NULL, NULL, 0, 0, 'class:banners-tracks', 0, '', 8, 9, 0, '*', 1, NULL, NULL),
(7, 'main', 'com_contact', 'Contacts', '', 'Contacts', 'index.php?option=com_contact', 'component', 1, 1, 1, 7, NULL, NULL, 0, 0, 'class:address-book', 0, '', 11, 20, 0, '*', 1, NULL, NULL),
(8, 'main', 'com_contact_contacts', 'Contacts', '', 'Contacts/Contacts', 'index.php?option=com_contact&view=contacts', 'component', 1, 7, 2, 7, NULL, NULL, 0, 0, 'class:contact', 0, '', 12, 13, 0, '*', 1, NULL, NULL),
(9, 'main', 'com_contact_categories', 'Categories', '', 'Contacts/Categories', 'index.php?option=com_categories&view=categories&extension=com_contact', 'component', 1, 7, 2, 5, NULL, NULL, 0, 0, 'class:contact-cat', 0, '', 14, 15, 0, '*', 1, NULL, NULL),
(10, 'main', 'com_newsfeeds', 'News Feeds', '', 'News Feeds', 'index.php?option=com_newsfeeds', 'component', 1, 1, 1, 16, NULL, NULL, 0, 0, 'class:rss', 0, '', 23, 28, 0, '*', 1, NULL, NULL),
(11, 'main', 'com_newsfeeds_feeds', 'Feeds', '', 'News Feeds/Feeds', 'index.php?option=com_newsfeeds&view=newsfeeds', 'component', 1, 10, 2, 16, NULL, NULL, 0, 0, 'class:newsfeeds', 0, '', 24, 25, 0, '*', 1, NULL, NULL),
(12, 'main', 'com_newsfeeds_categories', 'Categories', '', 'News Feeds/Categories', 'index.php?option=com_categories&view=categories&extension=com_newsfeeds', 'component', 1, 10, 2, 5, NULL, NULL, 0, 0, 'class:newsfeeds-cat', 0, '', 26, 27, 0, '*', 1, NULL, NULL),
(13, 'main', 'com_finder', 'Smart Search', '', 'Smart Search', 'index.php?option=com_finder', 'component', 1, 1, 1, 23, NULL, NULL, 0, 0, 'class:search-plus', 0, '', 29, 38, 0, '*', 1, NULL, NULL),
(14, 'main', 'com_tags', 'Tags', '', 'Tags', 'index.php?option=com_tags&view=tags', 'component', 1, 1, 1, 25, NULL, NULL, 0, 1, 'class:tags', 0, '', 39, 40, 0, '', 1, NULL, NULL),
(15, 'main', 'com_associations', 'Multilingual Associations', '', 'Multilingual Associations', 'index.php?option=com_associations&view=associations', 'component', 1, 1, 1, 30, NULL, NULL, 0, 0, 'class:language', 0, '', 21, 22, 0, '*', 1, NULL, NULL),
(16, 'main', 'mod_menu_fields', 'Contact Custom Fields', '', 'contact/Custom Fields', 'index.php?option=com_fields&context=com_contact.contact', 'component', 1, 7, 2, 29, NULL, NULL, 0, 0, 'class:messages-add', 0, '', 16, 17, 0, '*', 1, NULL, NULL),
(17, 'main', 'mod_menu_fields_group', 'Contact Custom Fields Group', '', 'contact/Custom Fields Group', 'index.php?option=com_fields&view=groups&context=com_contact.contact', 'component', 1, 7, 2, 29, NULL, NULL, 0, 0, 'class:messages-add', 0, '', 18, 19, 0, '*', 1, NULL, NULL),
(18, 'main', 'com_finder_index', 'Smart-Search-Index', '', 'Smart Search/Index', 'index.php?option=com_finder&view=index', 'component', 1, 13, 2, 23, NULL, NULL, 0, 0, 'class:finder', 0, '', 30, 31, 0, '*', 1, NULL, NULL),
(19, 'main', 'com_finder_maps', 'Smart-Search-Maps', '', 'Smart Search/Maps', 'index.php?option=com_finder&view=maps', 'component', 1, 13, 2, 23, NULL, NULL, 0, 0, 'class:finder-maps', 0, '', 32, 33, 0, '*', 1, NULL, NULL),
(20, 'main', 'com_finder_filters', 'Smart-Search-Filters', '', 'Smart Search/Filters', 'index.php?option=com_finder&view=filters', 'component', 1, 13, 2, 23, NULL, NULL, 0, 0, 'class:finder-filters', 0, '', 34, 35, 0, '*', 1, NULL, NULL),
(21, 'main', 'com_finder_searches', 'Smart-Search-Searches', '', 'Smart Search/Searches', 'index.php?option=com_finder&view=searches', 'component', 1, 13, 2, 23, NULL, NULL, 0, 0, 'class:finder-searches', 0, '', 36, 37, 0, '*', 1, NULL, NULL),
(101, 'mainmenu', 'Home', 'home', '', 'home', 'index.php?option=com_content&view=featured', 'component', 1, 1, 1, 19, NULL, NULL, 0, 1, '', 0, '{\"featured_categories\":[\"\"],\"layout_type\":\"blog\",\"blog_class_leading\":\"\",\"blog_class\":\"\",\"num_leading_articles\":\"1\",\"num_intro_articles\":\"3\",\"num_links\":\"0\",\"link_intro_image\":\"\",\"orderby_pri\":\"\",\"orderby_sec\":\"front\",\"order_date\":\"\",\"show_pagination\":\"2\",\"show_pagination_results\":\"1\",\"show_title\":\"\",\"link_titles\":\"\",\"show_intro\":\"\",\"info_block_position\":\"\",\"info_block_show_title\":\"\",\"show_category\":\"\",\"link_category\":\"\",\"show_parent_category\":\"\",\"link_parent_category\":\"\",\"show_associations\":\"\",\"show_author\":\"\",\"link_author\":\"\",\"show_create_date\":\"\",\"show_modify_date\":\"\",\"show_publish_date\":\"\",\"show_item_navigation\":\"\",\"show_vote\":\"\",\"show_readmore\":\"\",\"show_readmore_title\":\"\",\"show_hits\":\"\",\"show_tags\":\"\",\"show_noauth\":\"\",\"show_feed_link\":\"1\",\"feed_summary\":\"\",\"menu-anchor_title\":\"\",\"menu-anchor_css\":\"\",\"menu_image\":\"\",\"menu_image_css\":\"\",\"menu_text\":1,\"menu_show\":1,\"page_title\":\"\",\"show_page_heading\":\"1\",\"page_heading\":\"\",\"pageclass_sfx\":\"\",\"menu-meta_description\":\"\",\"robots\":\"\"}', 41, 42, 1, '*', 0, NULL, NULL);

-- --------------------------------------------------------

--
-- Table structure for table `xsrs3_menu_types`
--

CREATE TABLE `xsrs3_menu_types` (
  `id` int(10) UNSIGNED NOT NULL,
  `asset_id` int(10) UNSIGNED NOT NULL DEFAULT 0,
  `menutype` varchar(24) NOT NULL,
  `title` varchar(48) NOT NULL,
  `description` varchar(255) NOT NULL DEFAULT '',
  `client_id` int(11) NOT NULL DEFAULT 0,
  `ordering` int(11) NOT NULL DEFAULT 0
) ENGINE=InnoDB DEFAULT CHARSET=utf8mb4 COLLATE=utf8mb4_unicode_ci;

--
-- Dumping data for table `xsrs3_menu_types`
--

INSERT INTO `xsrs3_menu_types` (`id`, `asset_id`, `menutype`, `title`, `description`, `client_id`, `ordering`) VALUES
(1, 0, 'mainmenu', 'Main Menu', 'The main menu for the site', 0, 1);

-- --------------------------------------------------------

--
-- Table structure for table `xsrs3_messages`
--

CREATE TABLE `xsrs3_messages` (
  `message_id` int(10) UNSIGNED NOT NULL,
  `user_id_from` int(10) UNSIGNED NOT NULL DEFAULT 0,
  `user_id_to` int(10) UNSIGNED NOT NULL DEFAULT 0,
  `folder_id` tinyint(3) UNSIGNED NOT NULL DEFAULT 0,
  `date_time` datetime NOT NULL,
  `state` tinyint(4) NOT NULL DEFAULT 0,
  `priority` tinyint(3) UNSIGNED NOT NULL DEFAULT 0,
  `subject` varchar(255) NOT NULL DEFAULT '',
  `message` text NOT NULL
) ENGINE=InnoDB DEFAULT CHARSET=utf8mb4 COLLATE=utf8mb4_unicode_ci;

-- --------------------------------------------------------

--
-- Table structure for table `xsrs3_messages_cfg`
--

CREATE TABLE `xsrs3_messages_cfg` (
  `user_id` int(10) UNSIGNED NOT NULL DEFAULT 0,
  `cfg_name` varchar(100) NOT NULL DEFAULT '',
  `cfg_value` varchar(255) NOT NULL DEFAULT ''
) ENGINE=InnoDB DEFAULT CHARSET=utf8mb4 COLLATE=utf8mb4_unicode_ci;

-- --------------------------------------------------------

--
-- Table structure for table `xsrs3_modules`
--

CREATE TABLE `xsrs3_modules` (
  `id` int(11) NOT NULL,
  `asset_id` int(10) UNSIGNED NOT NULL DEFAULT 0 COMMENT 'FK to the #__assets table.',
  `title` varchar(100) NOT NULL DEFAULT '',
  `note` varchar(255) NOT NULL DEFAULT '',
  `content` text DEFAULT NULL,
  `ordering` int(11) NOT NULL DEFAULT 0,
  `position` varchar(50) NOT NULL DEFAULT '',
  `checked_out` int(10) UNSIGNED DEFAULT NULL,
  `checked_out_time` datetime DEFAULT NULL,
  `publish_up` datetime DEFAULT NULL,
  `publish_down` datetime DEFAULT NULL,
  `published` tinyint(4) NOT NULL DEFAULT 0,
  `module` varchar(50) DEFAULT NULL,
  `access` int(10) UNSIGNED NOT NULL DEFAULT 0,
  `showtitle` tinyint(3) UNSIGNED NOT NULL DEFAULT 1,
  `params` text NOT NULL,
  `client_id` tinyint(4) NOT NULL DEFAULT 0,
  `language` char(7) NOT NULL
) ENGINE=InnoDB DEFAULT CHARSET=utf8mb4 COLLATE=utf8mb4_unicode_ci;

--
-- Dumping data for table `xsrs3_modules`
--

INSERT INTO `xsrs3_modules` (`id`, `asset_id`, `title`, `note`, `content`, `ordering`, `position`, `checked_out`, `checked_out_time`, `publish_up`, `publish_down`, `published`, `module`, `access`, `showtitle`, `params`, `client_id`, `language`) VALUES
(1, 39, 'Main Menu', '', '', 1, 'sidebar-right', NULL, NULL, NULL, NULL, 0, 'mod_menu', 1, 1, '{\"menutype\":\"mainmenu\",\"startLevel\":\"0\",\"endLevel\":\"0\",\"showAllChildren\":\"1\",\"tag_id\":\"\",\"class_sfx\":\"\",\"window_open\":\"\",\"layout\":\"_:default\",\"moduleclass_sfx\":\"\",\"cache\":\"1\",\"cache_time\":\"900\",\"cachemode\":\"itemid\"}', 0, '*'),
(2, 40, 'Login', '', '', 1, 'login', NULL, NULL, NULL, NULL, 1, 'mod_login', 1, 1, '', 1, '*'),
(3, 41, 'Popular Articles', '', '', 6, 'cpanel', NULL, NULL, NULL, NULL, 1, 'mod_popular', 3, 1, '{\"count\":\"5\",\"catid\":\"\",\"user_id\":\"0\",\"layout\":\"_:default\",\"moduleclass_sfx\":\"\",\"cache\":\"0\", \"bootstrap_size\": \"12\",\"header_tag\":\"h2\"}', 1, '*'),
(4, 42, 'Recently Added Articles', '', '', 4, 'cpanel', NULL, NULL, NULL, NULL, 1, 'mod_latest', 3, 1, '{\"count\":\"5\",\"ordering\":\"c_dsc\",\"catid\":\"\",\"user_id\":\"0\",\"layout\":\"_:default\",\"moduleclass_sfx\":\"\",\"cache\":\"0\", \"bootstrap_size\": \"12\",\"header_tag\":\"h2\"}', 1, '*'),
(8, 43, 'Toolbar', '', '', 1, 'toolbar', NULL, NULL, NULL, NULL, 1, 'mod_toolbar', 3, 1, '', 1, '*'),
(9, 44, 'Notifications', '', '', 3, 'icon', NULL, NULL, NULL, NULL, 1, 'mod_quickicon', 3, 1, '{\"context\":\"update_quickicon\",\"header_icon\":\"icon-sync\",\"show_jupdate\":\"1\",\"show_eupdate\":\"1\",\"show_oupdate\":\"1\",\"show_privacy\":\"1\",\"layout\":\"_:default\",\"moduleclass_sfx\":\"\",\"cache\":1,\"cache_time\":900,\"style\":\"0\",\"module_tag\":\"div\",\"bootstrap_size\":\"12\",\"header_tag\":\"h2\",\"header_class\":\"\"}', 1, '*'),
(10, 45, 'Logged-in Users', '', '', 2, 'cpanel', NULL, NULL, NULL, NULL, 1, 'mod_logged', 3, 1, '{\"count\":\"5\",\"name\":\"1\",\"layout\":\"_:default\",\"moduleclass_sfx\":\"\",\"cache\":\"0\", \"bootstrap_size\": \"12\",\"header_tag\":\"h2\"}', 1, '*'),
(12, 46, 'Admin Menu', '', '', 1, 'menu', NULL, NULL, NULL, NULL, 1, 'mod_menu', 3, 1, '{\"layout\":\"\",\"moduleclass_sfx\":\"\",\"shownew\":\"1\",\"showhelp\":\"1\",\"cache\":\"0\"}', 1, '*'),
(15, 49, 'Title', '', '', 1, 'title', NULL, NULL, NULL, NULL, 1, 'mod_title', 3, 1, '', 1, '*'),
(16, 50, 'Login Form', '', '', 7, 'sidebar-right', NULL, NULL, NULL, NULL, 0, 'mod_login', 1, 1, '{\"greeting\":\"1\",\"name\":\"0\"}', 0, '*'),
(17, 51, 'Breadcrumbs', '', '', 1, 'breadcrumbs', NULL, NULL, NULL, NULL, 0, 'mod_breadcrumbs', 1, 1, '{\"moduleclass_sfx\":\"\",\"showHome\":\"1\",\"homeText\":\"\",\"showComponent\":\"1\",\"separator\":\"\",\"cache\":\"0\",\"cache_time\":\"0\",\"cachemode\":\"itemid\"}', 0, '*'),
(79, 52, 'Multilanguage status', '', '', 2, 'status', NULL, NULL, NULL, NULL, 1, 'mod_multilangstatus', 3, 1, '{\"layout\":\"_:default\",\"moduleclass_sfx\":\"\",\"cache\":\"0\"}', 1, '*'),
(86, 53, 'Joomla Version', '', '', 1, 'status', NULL, NULL, NULL, NULL, 1, 'mod_version', 3, 1, '{\"layout\":\"_:default\",\"moduleclass_sfx\":\"\",\"cache\":\"0\"}', 1, '*'),
(87, 55, 'Sample Data', '', '', 1, 'cpanel', NULL, NULL, NULL, NULL, 1, 'mod_sampledata', 6, 1, '{\"bootstrap_size\": \"12\",\"header_tag\":\"h2\"}', 1, '*'),
(88, 67, 'Latest Actions', '', '', 3, 'cpanel', NULL, NULL, NULL, NULL, 1, 'mod_latestactions', 6, 1, '{\"bootstrap_size\": \"12\",\"header_tag\":\"h2\"}', 1, '*'),
(89, 68, 'Privacy Dashboard', '', '', 5, 'cpanel', NULL, NULL, NULL, NULL, 1, 'mod_privacy_dashboard', 6, 1, '{\"bootstrap_size\": \"12\",\"header_tag\":\"h2\"}', 1, '*'),
(90, 89, 'Login Support', '', '', 1, 'sidebar', NULL, NULL, NULL, NULL, 1, 'mod_loginsupport', 1, 1, '{\"forum_url\":\"https://forum.joomla.org/\",\"documentation_url\":\"https://docs.joomla.org/\",\"news_url\":\"https://www.joomla.org/announcements.html\",\"automatic_title\":1,\"prepare_content\":1,\"layout\":\"_:default\",\"moduleclass_sfx\":\"\",\"cache\":1,\"cache_time\":900,\"module_tag\":\"div\",\"bootstrap_size\":\"0\",\"header_tag\":\"h3\",\"header_class\":\"\",\"style\":\"0\"}', 1, '*'),
(91, 72, 'System Dashboard', '', '', 1, 'cpanel-system', NULL, NULL, NULL, NULL, 1, 'mod_submenu', 1, 0, '{\"menutype\":\"*\",\"preset\":\"system\",\"layout\":\"_:default\",\"moduleclass_sfx\":\"\",\"module_tag\":\"div\",\"bootstrap_size\":\"12\",\"header_tag\":\"h2\",\"header_class\":\"\",\"style\":\"System-none\"}', 1, '*'),
(92, 73, 'Content Dashboard', '', '', 1, 'cpanel-content', NULL, NULL, NULL, NULL, 1, 'mod_submenu', 1, 0, '{\"menutype\":\"*\",\"preset\":\"content\",\"layout\":\"_:default\",\"moduleclass_sfx\":\"\",\"module_tag\":\"div\",\"bootstrap_size\":\"12\",\"header_tag\":\"h2\",\"header_class\":\"\",\"style\":\"System-none\"}', 1, '*'),
(93, 74, 'Menus Dashboard', '', '', 1, 'cpanel-menus', NULL, NULL, NULL, NULL, 1, 'mod_submenu', 1, 0, '{\"menutype\":\"*\",\"preset\":\"menus\",\"layout\":\"_:default\",\"moduleclass_sfx\":\"\",\"module_tag\":\"div\",\"bootstrap_size\":\"12\",\"header_tag\":\"h2\",\"header_class\":\"\",\"style\":\"System-none\"}', 1, '*'),
(94, 75, 'Components Dashboard', '', '', 1, 'cpanel-components', NULL, NULL, NULL, NULL, 1, 'mod_submenu', 1, 0, '{\"menutype\":\"*\",\"preset\":\"components\",\"layout\":\"_:default\",\"moduleclass_sfx\":\"\",\"module_tag\":\"div\",\"bootstrap_size\":\"12\",\"header_tag\":\"h2\",\"header_class\":\"\",\"style\":\"System-none\"}', 1, '*'),
(95, 76, 'Users Dashboard', '', '', 1, 'cpanel-users', NULL, NULL, NULL, NULL, 1, 'mod_submenu', 1, 0, '{\"menutype\":\"*\",\"preset\":\"users\",\"layout\":\"_:default\",\"moduleclass_sfx\":\"\",\"module_tag\":\"div\",\"bootstrap_size\":\"12\",\"header_tag\":\"h2\",\"header_class\":\"\",\"style\":\"System-none\"}', 1, '*'),
(96, 86, 'Popular Articles', '', '', 3, 'cpanel-content', NULL, NULL, NULL, NULL, 1, 'mod_popular', 3, 1, '{\"count\":\"5\",\"catid\":\"\",\"user_id\":\"0\",\"layout\":\"_:default\",\"moduleclass_sfx\":\"\",\"cache\":\"0\", \"bootstrap_size\": \"12\",\"header_tag\":\"h2\"}', 1, '*'),
(97, 87, 'Recently Added Articles', '', '', 4, 'cpanel-content', NULL, NULL, NULL, NULL, 1, 'mod_latest', 3, 1, '{\"count\":\"5\",\"ordering\":\"c_dsc\",\"catid\":\"\",\"user_id\":\"0\",\"layout\":\"_:default\",\"moduleclass_sfx\":\"\",\"cache\":\"0\", \"bootstrap_size\": \"12\",\"header_tag\":\"h2\"}', 1, '*'),
(98, 88, 'Logged-in Users', '', '', 2, 'cpanel-users', NULL, NULL, NULL, NULL, 1, 'mod_logged', 3, 1, '{\"count\":\"5\",\"name\":\"1\",\"layout\":\"_:default\",\"moduleclass_sfx\":\"\",\"cache\":\"0\", \"bootstrap_size\": \"12\",\"header_tag\":\"h2\"}', 1, '*'),
(99, 77, 'Frontend Link', '', '', 5, 'status', NULL, NULL, NULL, NULL, 1, 'mod_frontend', 1, 1, '', 1, '*'),
(100, 78, 'Messages', '', '', 4, 'status', NULL, NULL, NULL, NULL, 1, 'mod_messages', 3, 1, '', 1, '*'),
(101, 79, 'Post Install Messages', '', '', 3, 'status', NULL, NULL, NULL, NULL, 1, 'mod_post_installation_messages', 3, 1, '', 1, '*'),
(102, 80, 'User Status', '', '', 6, 'status', NULL, NULL, NULL, NULL, 1, 'mod_user', 3, 1, '', 1, '*'),
(103, 70, 'Site', '', '', 1, 'icon', NULL, NULL, NULL, NULL, 1, 'mod_quickicon', 1, 1, '{\"context\":\"site_quickicon\",\"header_icon\":\"icon-desktop\",\"show_users\":\"1\",\"show_articles\":\"1\",\"show_categories\":\"1\",\"show_media\":\"1\",\"show_menuItems\":\"1\",\"show_modules\":\"1\",\"show_plugins\":\"1\",\"show_templates\":\"1\",\"layout\":\"_:default\",\"moduleclass_sfx\":\"\",\"cache\":1,\"cache_time\":900,\"style\":\"0\",\"module_tag\":\"div\",\"bootstrap_size\":\"12\",\"header_tag\":\"h2\",\"header_class\":\"\"}', 1, '*'),
(104, 71, 'System', '', '', 2, 'icon', NULL, NULL, NULL, NULL, 1, 'mod_quickicon', 1, 1, '{\"context\":\"system_quickicon\",\"header_icon\":\"icon-wrench\",\"show_global\":\"1\",\"show_checkin\":\"1\",\"show_cache\":\"1\",\"layout\":\"_:default\",\"moduleclass_sfx\":\"\",\"cache\":1,\"cache_time\":900,\"style\":\"0\",\"module_tag\":\"div\",\"bootstrap_size\":\"12\",\"header_tag\":\"h2\",\"header_class\":\"\"}', 1, '*'),
(105, 82, '3rd Party', '', '', 4, 'icon', NULL, NULL, NULL, NULL, 1, 'mod_quickicon', 1, 1, '{\"context\":\"mod_quickicon\",\"header_icon\":\"icon-boxes\",\"load_plugins\":\"1\",\"layout\":\"_:default\",\"moduleclass_sfx\":\"\",\"cache\":1,\"cache_time\":900,\"style\":\"0\",\"module_tag\":\"div\",\"bootstrap_size\":\"12\",\"header_tag\":\"h2\",\"header_class\":\"\"}', 1, '*'),
(106, 83, 'Help Dashboard', '', '', 1, 'cpanel-help', NULL, NULL, NULL, NULL, 1, 'mod_submenu', 1, 0, '{\"menutype\":\"*\",\"preset\":\"help\",\"layout\":\"_:default\",\"moduleclass_sfx\":\"\",\"style\":\"System-none\",\"module_tag\":\"div\",\"bootstrap_size\":\"12\",\"header_tag\":\"h2\",\"header_class\":\"\"}', 1, '*'),
(107, 84, 'Privacy Requests', '', '', 1, 'cpanel-privacy', NULL, NULL, NULL, NULL, 1, 'mod_privacy_dashboard', 1, 1, '{\"layout\":\"_:default\",\"moduleclass_sfx\":\"\",\"cache\":1,\"cache_time\":900,\"cachemode\":\"static\",\"style\":\"0\",\"module_tag\":\"div\",\"bootstrap_size\":\"12\",\"header_tag\":\"h2\",\"header_class\":\"\"}', 1, '*'),
(108, 85, 'Privacy Status', '', '', 1, 'cpanel-privacy', NULL, NULL, NULL, NULL, 1, 'mod_privacy_status', 1, 1, '{\"layout\":\"_:default\",\"moduleclass_sfx\":\"\",\"cache\":1,\"cache_time\":900,\"cachemode\":\"static\",\"style\":\"0\",\"module_tag\":\"div\",\"bootstrap_size\":\"12\",\"header_tag\":\"h2\",\"header_class\":\"\"}', 1, '*'),
(109, 96, 'Guided Tours', '', '', 1, 'status', NULL, NULL, NULL, NULL, 1, 'mod_guidedtours', 1, 1, '', 1, '*'),
(110, 100, 'top button', '', '    <div class=\"hed-btn\">\r\n  <a class=\"global-btn\" href=\"tel:425-671-7318\"><img src=\"/images/knauss/svg/phone-icn.svg\" alt=\"phone\" class=\"climg\"> 425-671-7318</a>\r\n</div>', 1, '', 503, '2025-03-05 08:13:06', NULL, NULL, 1, 'mod_custom', 1, 1, '{\"prepare_content\":0,\"backgroundimage\":\"\",\"layout\":\"_:default\",\"moduleclass_sfx\":\"\",\"cache\":1,\"cache_time\":900,\"cachemode\":\"static\",\"module_tag\":\"div\",\"bootstrap_size\":\"0\",\"header_tag\":\"h3\",\"header_class\":\"\",\"style\":\"0\"}', 0, '*');

-- --------------------------------------------------------

--
-- Table structure for table `xsrs3_modules_menu`
--

CREATE TABLE `xsrs3_modules_menu` (
  `moduleid` int(11) NOT NULL DEFAULT 0,
  `menuid` int(11) NOT NULL DEFAULT 0
) ENGINE=InnoDB DEFAULT CHARSET=utf8mb4 COLLATE=utf8mb4_unicode_ci;

--
-- Dumping data for table `xsrs3_modules_menu`
--

INSERT INTO `xsrs3_modules_menu` (`moduleid`, `menuid`) VALUES
(1, 0),
(2, 0),
(3, 0),
(4, 0),
(6, 0),
(7, 0),
(8, 0),
(9, 0),
(10, 0),
(12, 0),
(14, 0),
(15, 0),
(16, 0),
(17, 0),
(79, 0),
(86, 0),
(87, 0),
(88, 0),
(89, 0),
(90, 0),
(91, 0),
(92, 0),
(93, 0),
(94, 0),
(95, 0),
(96, 0),
(97, 0),
(98, 0),
(99, 0),
(100, 0),
(101, 0),
(102, 0),
(103, 0),
(104, 0),
(105, 0),
(106, 0),
(107, 0),
(108, 0),
(109, 0),
(110, 0);

-- --------------------------------------------------------

--
-- Table structure for table `xsrs3_newsfeeds`
--

CREATE TABLE `xsrs3_newsfeeds` (
  `catid` int(11) NOT NULL DEFAULT 0,
  `id` int(10) UNSIGNED NOT NULL,
  `name` varchar(100) NOT NULL DEFAULT '',
  `alias` varchar(400) CHARACTER SET utf8mb4 COLLATE utf8mb4_bin NOT NULL DEFAULT '',
  `link` varchar(2048) NOT NULL DEFAULT '',
  `published` tinyint(4) NOT NULL DEFAULT 0,
  `numarticles` int(10) UNSIGNED NOT NULL DEFAULT 1,
  `cache_time` int(10) UNSIGNED NOT NULL DEFAULT 3600,
  `checked_out` int(10) UNSIGNED DEFAULT NULL,
  `checked_out_time` datetime DEFAULT NULL,
  `ordering` int(11) NOT NULL DEFAULT 0,
  `rtl` tinyint(4) NOT NULL DEFAULT 0,
  `access` int(10) UNSIGNED NOT NULL DEFAULT 0,
  `language` char(7) NOT NULL DEFAULT '',
  `params` text NOT NULL,
  `created` datetime NOT NULL,
  `created_by` int(10) UNSIGNED NOT NULL DEFAULT 0,
  `created_by_alias` varchar(255) NOT NULL DEFAULT '',
  `modified` datetime NOT NULL,
  `modified_by` int(10) UNSIGNED NOT NULL DEFAULT 0,
  `metakey` text DEFAULT NULL,
  `metadesc` text NOT NULL,
  `metadata` text NOT NULL,
  `publish_up` datetime DEFAULT NULL,
  `publish_down` datetime DEFAULT NULL,
  `description` text NOT NULL,
  `version` int(10) UNSIGNED NOT NULL DEFAULT 1,
  `hits` int(10) UNSIGNED NOT NULL DEFAULT 0,
  `images` text NOT NULL
) ENGINE=InnoDB DEFAULT CHARSET=utf8mb4 COLLATE=utf8mb4_unicode_ci;

-- --------------------------------------------------------

--
-- Table structure for table `xsrs3_overrider`
--

CREATE TABLE `xsrs3_overrider` (
  `id` int(11) NOT NULL COMMENT 'Primary Key',
  `constant` varchar(255) NOT NULL,
  `string` text NOT NULL,
  `file` varchar(255) NOT NULL
) ENGINE=InnoDB DEFAULT CHARSET=utf8mb4 COLLATE=utf8mb4_unicode_ci;

-- --------------------------------------------------------

--
-- Table structure for table `xsrs3_postinstall_messages`
--

CREATE TABLE `xsrs3_postinstall_messages` (
  `postinstall_message_id` bigint(20) UNSIGNED NOT NULL,
  `extension_id` bigint(20) NOT NULL DEFAULT 700 COMMENT 'FK to #__extensions',
  `title_key` varchar(255) NOT NULL DEFAULT '' COMMENT 'Lang key for the title',
  `description_key` varchar(255) NOT NULL DEFAULT '' COMMENT 'Lang key for description',
  `action_key` varchar(255) NOT NULL DEFAULT '',
  `language_extension` varchar(255) NOT NULL DEFAULT 'com_postinstall' COMMENT 'Extension holding lang keys',
  `language_client_id` tinyint(4) NOT NULL DEFAULT 1,
  `type` varchar(10) NOT NULL DEFAULT 'link' COMMENT 'Message type - message, link, action',
  `action_file` varchar(255) DEFAULT '' COMMENT 'RAD URI to the PHP file containing action method',
  `action` varchar(255) DEFAULT '' COMMENT 'Action method name or URL',
  `condition_file` varchar(255) DEFAULT NULL COMMENT 'RAD URI to file holding display condition method',
  `condition_method` varchar(255) DEFAULT NULL COMMENT 'Display condition method, must return boolean',
  `version_introduced` varchar(50) NOT NULL DEFAULT '3.2.0' COMMENT 'Version when this message was introduced',
  `enabled` tinyint(4) NOT NULL DEFAULT 1
) ENGINE=InnoDB DEFAULT CHARSET=utf8mb4 COLLATE=utf8mb4_unicode_ci;

--
-- Dumping data for table `xsrs3_postinstall_messages`
--

INSERT INTO `xsrs3_postinstall_messages` (`postinstall_message_id`, `extension_id`, `title_key`, `description_key`, `action_key`, `language_extension`, `language_client_id`, `type`, `action_file`, `action`, `condition_file`, `condition_method`, `version_introduced`, `enabled`) VALUES
(1, 240, 'COM_CPANEL_WELCOME_BEGINNERS_TITLE', 'COM_CPANEL_WELCOME_BEGINNERS_MESSAGE', '', 'com_cpanel', 1, 'message', '', '', '', '', '3.2.0', 1),
(2, 240, 'COM_CPANEL_MSG_STATS_COLLECTION_TITLE', 'COM_CPANEL_MSG_STATS_COLLECTION_BODY', '', 'com_cpanel', 1, 'message', '', '', 'admin://components/com_admin/postinstall/statscollection.php', 'admin_postinstall_statscollection_condition', '3.5.0', 1),
(3, 240, 'PLG_SYSTEM_HTTPHEADERS_POSTINSTALL_INTRODUCTION_TITLE', 'PLG_SYSTEM_HTTPHEADERS_POSTINSTALL_INTRODUCTION_BODY', 'PLG_SYSTEM_HTTPHEADERS_POSTINSTALL_INTRODUCTION_ACTION', 'plg_system_httpheaders', 1, 'action', 'site://plugins/system/httpheaders/postinstall/introduction.php', 'httpheaders_postinstall_action', 'site://plugins/system/httpheaders/postinstall/introduction.php', 'httpheaders_postinstall_condition', '4.0.0', 1),
(4, 240, 'COM_USERS_POSTINSTALL_MULTIFACTORAUTH_TITLE', 'COM_USERS_POSTINSTALL_MULTIFACTORAUTH_BODY', 'COM_USERS_POSTINSTALL_MULTIFACTORAUTH_ACTION', 'com_users', 1, 'action', 'admin://components/com_users/postinstall/multifactorauth.php', 'com_users_postinstall_mfa_action', 'admin://components/com_users/postinstall/multifactorauth.php', 'com_users_postinstall_mfa_condition', '4.2.0', 1);

-- --------------------------------------------------------

--
-- Table structure for table `xsrs3_privacy_consents`
--

CREATE TABLE `xsrs3_privacy_consents` (
  `id` int(10) UNSIGNED NOT NULL,
  `user_id` int(10) UNSIGNED NOT NULL DEFAULT 0,
  `state` int(11) NOT NULL DEFAULT 1,
  `created` datetime NOT NULL,
  `subject` varchar(255) NOT NULL DEFAULT '',
  `body` text NOT NULL,
  `remind` tinyint(4) NOT NULL DEFAULT 0,
  `token` varchar(100) NOT NULL DEFAULT ''
) ENGINE=InnoDB DEFAULT CHARSET=utf8mb4 COLLATE=utf8mb4_unicode_ci;

-- --------------------------------------------------------

--
-- Table structure for table `xsrs3_privacy_requests`
--

CREATE TABLE `xsrs3_privacy_requests` (
  `id` int(10) UNSIGNED NOT NULL,
  `email` varchar(100) NOT NULL DEFAULT '',
  `requested_at` datetime NOT NULL,
  `status` tinyint(4) NOT NULL DEFAULT 0,
  `request_type` varchar(25) NOT NULL DEFAULT '',
  `confirm_token` varchar(100) NOT NULL DEFAULT '',
  `confirm_token_created_at` datetime DEFAULT NULL
) ENGINE=InnoDB DEFAULT CHARSET=utf8mb4 COLLATE=utf8mb4_unicode_ci;

-- --------------------------------------------------------

--
-- Table structure for table `xsrs3_redirect_links`
--

CREATE TABLE `xsrs3_redirect_links` (
  `id` int(10) UNSIGNED NOT NULL,
  `old_url` varchar(2048) NOT NULL,
  `new_url` varchar(2048) DEFAULT NULL,
  `referer` varchar(2048) NOT NULL,
  `comment` varchar(255) NOT NULL DEFAULT '',
  `hits` int(10) UNSIGNED NOT NULL DEFAULT 0,
  `published` tinyint(4) NOT NULL,
  `created_date` datetime NOT NULL,
  `modified_date` datetime NOT NULL,
  `header` smallint(6) NOT NULL DEFAULT 301
) ENGINE=InnoDB DEFAULT CHARSET=utf8mb4 COLLATE=utf8mb4_unicode_ci;

-- --------------------------------------------------------

--
-- Table structure for table `xsrs3_scheduler_tasks`
--

CREATE TABLE `xsrs3_scheduler_tasks` (
  `id` int(10) UNSIGNED NOT NULL,
  `asset_id` int(10) UNSIGNED NOT NULL DEFAULT 0 COMMENT 'FK to the #__assets table.',
  `title` varchar(255) NOT NULL DEFAULT '',
  `type` varchar(128) NOT NULL COMMENT 'unique identifier for job defined by plugin',
  `execution_rules` text DEFAULT NULL COMMENT 'Execution Rules, Unprocessed',
  `cron_rules` text DEFAULT NULL COMMENT 'Processed execution rules, crontab-like JSON form',
  `state` tinyint(4) NOT NULL DEFAULT 0,
  `last_exit_code` int(11) NOT NULL DEFAULT 0 COMMENT 'Exit code when job was last run',
  `last_execution` datetime DEFAULT NULL COMMENT 'Timestamp of last run',
  `next_execution` datetime DEFAULT NULL COMMENT 'Timestamp of next (planned) run, referred for execution on trigger',
  `times_executed` int(11) DEFAULT 0 COMMENT 'Count of successful triggers',
  `times_failed` int(11) DEFAULT 0 COMMENT 'Count of failures',
  `locked` datetime DEFAULT NULL,
  `priority` smallint(6) NOT NULL DEFAULT 0,
  `ordering` int(11) NOT NULL DEFAULT 0 COMMENT 'Configurable list ordering',
  `cli_exclusive` smallint(6) NOT NULL DEFAULT 0 COMMENT 'If 1, the task is only accessible via CLI',
  `params` text NOT NULL,
  `note` text DEFAULT NULL,
  `created` datetime NOT NULL,
  `created_by` int(10) UNSIGNED NOT NULL DEFAULT 0,
  `checked_out` int(10) UNSIGNED DEFAULT NULL,
  `checked_out_time` datetime DEFAULT NULL
) ENGINE=InnoDB DEFAULT CHARSET=utf8mb4 COLLATE=utf8mb4_unicode_ci;

--
-- Dumping data for table `xsrs3_scheduler_tasks`
--

INSERT INTO `xsrs3_scheduler_tasks` (`id`, `asset_id`, `title`, `type`, `execution_rules`, `cron_rules`, `state`, `last_exit_code`, `last_execution`, `next_execution`, `times_executed`, `times_failed`, `locked`, `priority`, `ordering`, `cli_exclusive`, `params`, `note`, `created`, `created_by`, `checked_out`, `checked_out_time`) VALUES
(1, 97, 'Rotate Logs', 'rotation.logs', '{\"rule-type\":\"interval-days\",\"interval-days\":\"30\",\"exec-day\":\"5\",\"exec-time\":\"07:00\"}', '{\"type\":\"interval\",\"exp\":\"P30D\"}', 1, 0, NULL, '2025-04-04 07:00:00', 0, 0, NULL, 0, 0, 0, '{\"individual_log\":false,\"log_file\":\"\",\"notifications\":{\"success_mail\":\"0\",\"failure_mail\":\"1\",\"fatal_failure_mail\":\"1\",\"orphan_mail\":\"1\"},\"logstokeep\":1}', NULL, '2025-03-05 07:49:48', 503, NULL, NULL),
(2, 98, 'Session GC', 'session.gc', '{\"rule-type\":\"interval-hours\",\"interval-hours\":\"24\",\"exec-day\":\"01\",\"exec-time\":\"07:00\"}', '{\"type\":\"interval\",\"exp\":\"PT24H\"}', 1, 0, NULL, '2025-03-06 07:00:00', 0, 0, NULL, 0, 0, 0, '{\"individual_log\":false,\"log_file\":\"\",\"notifications\":{\"success_mail\":\"0\",\"failure_mail\":\"1\",\"fatal_failure_mail\":\"1\",\"orphan_mail\":\"1\"},\"enable_session_gc\":1,\"enable_session_metadata_gc\":1}', NULL, '2025-03-05 07:49:48', 503, NULL, NULL),
(3, 99, 'Update Notification', 'update.notification', '{\"rule-type\":\"interval-hours\",\"interval-hours\":\"24\",\"exec-day\":\"01\",\"exec-time\":\"07:00\"}', '{\"type\":\"interval\",\"exp\":\"PT24H\"}', 1, 0, NULL, '2025-03-06 07:00:00', 0, 0, NULL, 0, 0, 0, '{\"individual_log\":false,\"log_file\":\"\",\"notifications\":{\"success_mail\":\"0\",\"failure_mail\":\"1\",\"fatal_failure_mail\":\"1\",\"orphan_mail\":\"1\"},\"email\":\"\",\"language_override\":\"\"}', NULL, '2025-03-05 07:49:48', 503, NULL, NULL);

-- --------------------------------------------------------

--
-- Table structure for table `xsrs3_schemaorg`
--

CREATE TABLE `xsrs3_schemaorg` (
  `id` int(10) UNSIGNED NOT NULL,
  `itemId` int(10) UNSIGNED DEFAULT NULL,
  `context` varchar(100) DEFAULT NULL,
  `schemaType` varchar(100) DEFAULT NULL,
  `schema` text DEFAULT NULL
) ENGINE=InnoDB DEFAULT CHARSET=utf8mb4 COLLATE=utf8mb4_unicode_ci;

-- --------------------------------------------------------

--
-- Table structure for table `xsrs3_schemas`
--

CREATE TABLE `xsrs3_schemas` (
  `extension_id` int(11) NOT NULL,
  `version_id` varchar(20) NOT NULL
) ENGINE=InnoDB DEFAULT CHARSET=utf8mb4 COLLATE=utf8mb4_unicode_ci;

--
-- Dumping data for table `xsrs3_schemas`
--

INSERT INTO `xsrs3_schemas` (`extension_id`, `version_id`) VALUES
(240, '5.2.2-2024-09-24');

-- --------------------------------------------------------

--
-- Table structure for table `xsrs3_session`
--

CREATE TABLE `xsrs3_session` (
  `session_id` varbinary(192) NOT NULL,
  `client_id` tinyint(3) UNSIGNED DEFAULT NULL,
  `guest` tinyint(3) UNSIGNED DEFAULT 1,
  `time` int(11) NOT NULL DEFAULT 0,
  `data` mediumtext DEFAULT NULL,
  `userid` int(11) DEFAULT 0,
  `username` varchar(150) DEFAULT ''
) ENGINE=InnoDB DEFAULT CHARSET=utf8mb4 COLLATE=utf8mb4_unicode_ci;

--
-- Dumping data for table `xsrs3_session`
--

INSERT INTO `xsrs3_session` (`session_id`, `client_id`, `guest`, `time`, `data`, `userid`, `username`) VALUES
(0x3534316363393766663634303730363864313662356262363030663932643230, 0, 1, 1741161930, 'joomla|s:848:\"TzoyNDoiSm9vbWxhXFJlZ2lzdHJ5XFJlZ2lzdHJ5IjozOntzOjc6IgAqAGRhdGEiO086ODoic3RkQ2xhc3MiOjQ6e3M6Nzoic2Vzc2lvbiI7Tzo4OiJzdGRDbGFzcyI6Mzp7czo3OiJjb3VudGVyIjtpOjE7czo1OiJ0aW1lciI7Tzo4OiJzdGRDbGFzcyI6Mzp7czo1OiJzdGFydCI7aToxNzQxMTYxOTMwO3M6NDoibGFzdCI7aToxNzQxMTYxOTMwO3M6Mzoibm93IjtpOjE3NDExNjE5MzA7fXM6NToidG9rZW4iO3M6MzI6ImMwMThjNmY4YjAyNmE5NTM0NTU2YmYyZDM2YWJmM2NiIjt9czo4OiJyZWdpc3RyeSI7TzoyNDoiSm9vbWxhXFJlZ2lzdHJ5XFJlZ2lzdHJ5IjozOntzOjc6IgAqAGRhdGEiO086ODoic3RkQ2xhc3MiOjA6e31zOjE0OiIAKgBpbml0aWFsaXplZCI7YjowO3M6MTI6IgAqAHNlcGFyYXRvciI7czoxOiIuIjt9czo0OiJ1c2VyIjtPOjIwOiJKb29tbGFcQ01TXFVzZXJcVXNlciI6MTp7czoyOiJpZCI7aTowO31zOjE5OiJwbGdfc3lzdGVtX3dlYmF1dGhuIjtPOjg6InN0ZENsYXNzIjoxOntzOjk6InJldHVyblVybCI7czo0MjoiaHR0cHM6Ly93d3cuYmxhY2tkb2ctbHAuYWN0aXZhdGVkZW1vcy5jb20vIjt9fXM6MTQ6IgAqAGluaXRpYWxpemVkIjtiOjA7czoxMjoiACoAc2VwYXJhdG9yIjtzOjE6Ii4iO30=\";', 0, ''),
(0x3764363465636134393365376534666636313662666166633132336233333335, 1, 0, 1741162387, 'joomla|s:8516:\"[encoded data, 8516 characters]\";', 503, 'computerncadmin'),
(0x6233353362623261306336636134373330623561393764356462343133356430, 0, 1, 1741162270, 'joomla|s:700:\"TzoyNDoiSm9vbWxhXFJlZ2lzdHJ5XFJlZ2lzdHJ5IjozOntzOjc6IgAqAGRhdGEiO086ODoic3RkQ2xhc3MiOjM6e3M6Nzoic2Vzc2lvbiI7Tzo4OiJzdGRDbGFzcyI6Mzp7czo3OiJjb3VudGVyIjtpOjE0O3M6NToidGltZXIiO086ODoic3RkQ2xhc3MiOjM6e3M6NToic3RhcnQiO2k6MTc0MTE2MTAwODtzOjQ6Imxhc3QiO2k6MTc0MTE2MjI2NDtzOjM6Im5vdyI7aToxNzQxMTYyMjcwO31zOjU6InRva2VuIjtzOjMyOiIxMjQzMDhhNWY5ODIxODlkODEyZGRmY2ZmOGRlNjQzNiI7fXM6ODoicmVnaXN0cnkiO086MjQ6Ikpvb21sYVxSZWdpc3RyeVxSZWdpc3RyeSI6Mzp7czo3OiIAKgBkYXRhIjtPOjg6InN0ZENsYXNzIjowOnt9czoxNDoiACoAaW5pdGlhbGl6ZWQiO2I6MDtzOjEyOiIAKgBzZXBhcmF0b3IiO3M6MToiLiI7fXM6NDoidXNlciI7TzoyMDoiSm9vbWxhXENNU1xVc2VyXFVzZXIiOjE6e3M6MjoiaWQiO2k6MDt9fXM6MTQ6IgAqAGluaXRpYWxpemVkIjtiOjA7czoxMjoiACoAc2VwYXJhdG9yIjtzOjE6Ii4iO30=\";', 0, ''),
(0x6638613161646563353036346663313438316566363736643339663036393431, 0, 1, 1741161931, 'joomla|s:848:\"TzoyNDoiSm9vbWxhXFJlZ2lzdHJ5XFJlZ2lzdHJ5IjozOntzOjc6IgAqAGRhdGEiO086ODoic3RkQ2xhc3MiOjQ6e3M6Nzoic2Vzc2lvbiI7Tzo4OiJzdGRDbGFzcyI6Mzp7czo3OiJjb3VudGVyIjtpOjE7czo1OiJ0aW1lciI7Tzo4OiJzdGRDbGFzcyI6Mzp7czo1OiJzdGFydCI7aToxNzQxMTYxOTMxO3M6NDoibGFzdCI7aToxNzQxMTYxOTMxO3M6Mzoibm93IjtpOjE3NDExNjE5MzE7fXM6NToidG9rZW4iO3M6MzI6ImJhZTNjNGNlNmQ1ZTI4MjhjNzg4NGUwZDNhZTM3MjExIjt9czo4OiJyZWdpc3RyeSI7TzoyNDoiSm9vbWxhXFJlZ2lzdHJ5XFJlZ2lzdHJ5IjozOntzOjc6IgAqAGRhdGEiO086ODoic3RkQ2xhc3MiOjA6e31zOjE0OiIAKgBpbml0aWFsaXplZCI7YjowO3M6MTI6IgAqAHNlcGFyYXRvciI7czoxOiIuIjt9czo0OiJ1c2VyIjtPOjIwOiJKb29tbGFcQ01TXFVzZXJcVXNlciI6MTp7czoyOiJpZCI7aTowO31zOjE5OiJwbGdfc3lzdGVtX3dlYmF1dGhuIjtPOjg6InN0ZENsYXNzIjoxOntzOjk6InJldHVyblVybCI7czo0MjoiaHR0cHM6Ly93d3cuYmxhY2tkb2ctbHAuYWN0aXZhdGVkZW1vcy5jb20vIjt9fXM6MTQ6IgAqAGluaXRpYWxpemVkIjtiOjA7czoxMjoiACoAc2VwYXJhdG9yIjtzOjE6Ii4iO30=\";', 0, '');

-- --------------------------------------------------------

--
-- Table structure for table `xsrs3_tags`
--

CREATE TABLE `xsrs3_tags` (
  `id` int(10) UNSIGNED NOT NULL,
  `parent_id` int(10) UNSIGNED NOT NULL DEFAULT 0,
  `lft` int(11) NOT NULL DEFAULT 0,
  `rgt` int(11) NOT NULL DEFAULT 0,
  `level` int(10) UNSIGNED NOT NULL DEFAULT 0,
  `path` varchar(400) NOT NULL DEFAULT '',
  `title` varchar(255) NOT NULL,
  `alias` varchar(400) CHARACTER SET utf8mb4 COLLATE utf8mb4_bin NOT NULL DEFAULT '',
  `note` varchar(255) NOT NULL DEFAULT '',
  `description` mediumtext NOT NULL,
  `published` tinyint(4) NOT NULL DEFAULT 0,
  `checked_out` int(10) UNSIGNED DEFAULT NULL,
  `checked_out_time` datetime DEFAULT NULL,
  `access` int(10) UNSIGNED NOT NULL DEFAULT 0,
  `params` text NOT NULL,
  `metadesc` varchar(1024) NOT NULL COMMENT 'The meta description for the page.',
  `metakey` varchar(1024) NOT NULL DEFAULT '' COMMENT 'The keywords for the page.',
  `metadata` varchar(2048) NOT NULL COMMENT 'JSON encoded metadata properties.',
  `created_user_id` int(10) UNSIGNED NOT NULL DEFAULT 0,
  `created_time` datetime NOT NULL,
  `created_by_alias` varchar(255) NOT NULL DEFAULT '',
  `modified_user_id` int(10) UNSIGNED NOT NULL DEFAULT 0,
  `modified_time` datetime NOT NULL,
  `images` text NOT NULL,
  `urls` text NOT NULL,
  `hits` int(10) UNSIGNED NOT NULL DEFAULT 0,
  `language` char(7) NOT NULL,
  `version` int(10) UNSIGNED NOT NULL DEFAULT 1,
  `publish_up` datetime DEFAULT NULL,
  `publish_down` datetime DEFAULT NULL
) ENGINE=InnoDB DEFAULT CHARSET=utf8mb4 COLLATE=utf8mb4_unicode_ci;

--
-- Dumping data for table `xsrs3_tags`
--

INSERT INTO `xsrs3_tags` (`id`, `parent_id`, `lft`, `rgt`, `level`, `path`, `title`, `alias`, `note`, `description`, `published`, `checked_out`, `checked_out_time`, `access`, `params`, `metadesc`, `metakey`, `metadata`, `created_user_id`, `created_time`, `created_by_alias`, `modified_user_id`, `modified_time`, `images`, `urls`, `hits`, `language`, `version`, `publish_up`, `publish_down`) VALUES
(1, 0, 0, 1, 0, '', 'ROOT', 'root', '', '', 1, NULL, NULL, 1, '', '', '', '', 503, '2025-03-05 07:49:44', '', 503, '2025-03-05 07:49:44', '', '', 0, '*', 1, NULL, NULL);

-- --------------------------------------------------------

--
-- Table structure for table `xsrs3_template_overrides`
--

CREATE TABLE `xsrs3_template_overrides` (
  `id` int(10) UNSIGNED NOT NULL,
  `template` varchar(50) NOT NULL DEFAULT '',
  `hash_id` varchar(255) NOT NULL DEFAULT '',
  `extension_id` int(11) DEFAULT 0,
  `state` tinyint(4) NOT NULL DEFAULT 0,
  `action` varchar(50) NOT NULL DEFAULT '',
  `client_id` tinyint(3) UNSIGNED NOT NULL DEFAULT 0,
  `created_date` datetime NOT NULL,
  `modified_date` datetime DEFAULT NULL
) ENGINE=InnoDB DEFAULT CHARSET=utf8mb4 COLLATE=utf8mb4_unicode_ci;

-- --------------------------------------------------------

--
-- Table structure for table `xsrs3_template_styles`
--

CREATE TABLE `xsrs3_template_styles` (
  `id` int(10) UNSIGNED NOT NULL,
  `template` varchar(50) NOT NULL DEFAULT '',
  `client_id` tinyint(3) UNSIGNED NOT NULL DEFAULT 0,
  `home` char(7) NOT NULL DEFAULT '0',
  `title` varchar(255) NOT NULL DEFAULT '',
  `inheritable` tinyint(4) NOT NULL DEFAULT 0,
  `parent` varchar(50) DEFAULT '',
  `params` text NOT NULL
) ENGINE=InnoDB DEFAULT CHARSET=utf8mb4 COLLATE=utf8mb4_unicode_ci;

--
-- Dumping data for table `xsrs3_template_styles`
--

INSERT INTO `xsrs3_template_styles` (`id`, `template`, `client_id`, `home`, `title`, `inheritable`, `parent`, `params`) VALUES
(10, 'atum', 1, '1', 'Atum - Default', 1, '', '{\"hue\":\"hsl(214, 63%, 20%)\",\"bg-light\":\"#f0f4fb\",\"text-dark\":\"#495057\",\"text-light\":\"#ffffff\",\"link-color\":\"#2a69b8\",\"special-color\":\"#001b4c\",\"colorScheme\":\"os\",\"monochrome\":\"0\",\"loginLogo\":\"\",\"loginLogoAlt\":\"\",\"logoBrandLarge\":\"\",\"logoBrandLargeAlt\":\"\",\"logoBrandSmall\":\"\",\"logoBrandSmallAlt\":\"\"}'),
(11, 'cassiopeia', 0, '0', 'Cassiopeia - Default', 1, '', '{\"brand\":\"1\",\"logoFile\":\"\",\"siteTitle\":\"\",\"siteDescription\":\"\",\"useFontScheme\":\"0\",\"colorName\":\"colors_standard\",\"fluidContainer\":\"0\",\"stickyHeader\":0,\"backTop\":0}'),
(12, 'cassiopeia_blackdog', 0, '1', 'cassiopeia_blackdog - Default', 0, 'cassiopeia', '{\"brand\":\"0\",\"logoFile\":\"\",\"siteTitle\":\"\",\"siteDescription\":\"\",\"useFontScheme\":\"0\",\"systemFontBody\":\"\",\"systemFontHeading\":\"\",\"colorName\":\"colors_standard\",\"fluidContainer\":\"0\",\"stickyHeader\":0,\"backTop\":0}');

-- --------------------------------------------------------

--
-- Table structure for table `xsrs3_tuf_metadata`
--

CREATE TABLE `xsrs3_tuf_metadata` (
  `id` int(11) NOT NULL,
  `update_site_id` int(11) DEFAULT 0,
  `root` text DEFAULT NULL,
  `targets` text DEFAULT NULL,
  `snapshot` text DEFAULT NULL,
  `timestamp` text DEFAULT NULL,
  `mirrors` text DEFAULT NULL
) ENGINE=InnoDB DEFAULT CHARSET=utf8mb4 COLLATE=utf8mb4_unicode_ci COMMENT='Secure TUF Updates';

--
-- Dumping data for table `xsrs3_tuf_metadata`
--

INSERT INTO `xsrs3_tuf_metadata` (`id`, `update_site_id`, `root`, `targets`, `snapshot`, `timestamp`, `mirrors`) VALUES
(1, 1, '{\"signed\":{\"_type\":\"root\",\"spec_version\":\"1.0\",\"version\":6,\"expires\":\"2026-01-04T10:59:13Z\",\"keys\":{\"07eb082f367c034a95878687f6648aa76d93652b6ee73e58817053d89af6c44f\":{\"keytype\":\"ed25519\",\"scheme\":\"ed25519\",\"keyid_hash_algorithms\":[\"sha256\",\"sha512\"],\"keyval\":{\"public\":\"9b2af2d9b9727227735253d795bd27ea8f0e294a5f3603e822dc5052b44802b9\"}},\"1b1b1dd55b2c1c7258714cf1c1ae06f23e4607b28c762d016a9d81c48ffe5669\":{\"keytype\":\"ed25519\",\"scheme\":\"ed25519\",\"keyid_hash_algorithms\":[\"sha256\",\"sha512\"],\"keyval\":{\"public\":\"a18e5ebabc19d5d5984b601a292ece61ba3662ab2d071dc520da5bd4f8948799\"}},\"2dcaf3d0e552f150792f7c636d45429246dcfa34ac35b46a44f5c87cd17d457e\":{\"keytype\":\"ed25519\",\"scheme\":\"ed25519\",\"keyid_hash_algorithms\":[\"sha256\",\"sha512\"],\"keyval\":{\"public\":\"cb0a7a131961a20edea051d6dc2b091fb650bd399bd8514adb67b3c60db9f8f9\"}},\"31dd7c7290d664c9b88c0dead2697175293ea7df81b7f24153a37370fd3901c3\":{\"keytype\":\"ed25519\",\"scheme\":\"ed25519\",\"keyid_hash_algorithms\":[\"sha256\",\"sha512\"],\"keyval\":{\"public\":\"589d029a68b470deff1ca16dbf3eea6b5b3fcba0ae7bb52c468abc7fb058b2a2\"}},\"9e41a9d62d94c6a1c8a304f62c5bd72d84a9f286f27e8327cedeacb09e5156cc\":{\"keytype\":\"ed25519\",\"scheme\":\"ed25519\",\"keyid_hash_algorithms\":[\"sha256\",\"sha512\"],\"keyval\":{\"public\":\"6043c8bacc76ac5c9750f45454dd865c6ca1fc57d69e14cc192cfd420f6a66a9\"}},\"9eabc37383b243cd236375c66693db385911914b52556e1ec05fc70ed45e1bfe\":{\"keytype\":\"ed25519\",\"scheme\":\"ed25519\",\"keyid_hash_algorithms\":[\"sha256\",\"sha512\"],\"keyval\":{\"public\":\"a4b8509488f1c29ab0b1f610e7452fbec78b4f33f1fba5a418d6ff087c567429\"}},\"bfee044dd4574a281c9b7c0b6829913ef292c66c0512d1091a298cfca8493da9\":{\"keytype\":\"ed25519\",\"scheme\":\"ed25519\",\"keyid_hash_algorithms\":[\"sha256\",\"sha512\"],\"keyval\":{\"public\":\"6eb44460e5914e8e0df726ddb90bd1f3771b8ce5af19b40fb01ac5a85b023a6f\"}},\"e2229942b0fc1e6d7f82adf258e5bdadac10046d1470b7ec459c9eb4e076026b\":{\"keytype\":\"ed25519\",\"scheme\":\"ed25519\",\"keyid_hash_algorithms\":[\"sha256\",\"sha512\"],\"keyval\":{\"public\":\"ad1950e117b29ebe7a38635a2e574123e07571e4f9a011783e053b5f15d2562a\"}},\"ecc851a051c8d6439331ff0a37c7727321fc39896a34f950f73638b8a7cb472e\":{\"keytype\":\"ed25519\",\"scheme\":\"ed25519\",\"keyid_hash_algorithms\":[\"sha256\",\"sha512\"],\"keyval\":{\"public\":\"5d451915bc2b93a0e4e4745bc6a8b292d58996d50e0fb66c78c7827152a65879\"}}},\"roles\":{\"root\":{\"keyids\":[\"1b1b1dd55b2c1c7258714cf1c1ae06f23e4607b28c762d016a9d81c48ffe5669\",\"2dcaf3d0e552f150792f7c636d45429246dcfa34ac35b46a44f5c87cd17d457e\"],\"threshold\":1},\"snapshot\":{\"keyids\":[\"07eb082f367c034a95878687f6648aa76d93652b6ee73e58817053d89af6c44f\",\"2dcaf3d0e552f150792f7c636d45429246dcfa34ac35b46a44f5c87cd17d457e\",\"ecc851a051c8d6439331ff0a37c7727321fc39896a34f950f73638b8a7cb472e\",\"e2229942b0fc1e6d7f82adf258e5bdadac10046d1470b7ec459c9eb4e076026b\",\"bfee044dd4574a281c9b7c0b6829913ef292c66c0512d1091a298cfca8493da9\",\"9eabc37383b243cd236375c66693db385911914b52556e1ec05fc70ed45e1bfe\"],\"threshold\":1},\"targets\":{\"keyids\":[\"31dd7c7290d664c9b88c0dead2697175293ea7df81b7f24153a37370fd3901c3\",\"ecc851a051c8d6439331ff0a37c7727321fc39896a34f950f73638b8a7cb472e\",\"e2229942b0fc1e6d7f82adf258e5bdadac10046d1470b7ec459c9eb4e076026b\",\"bfee044dd4574a281c9b7c0b6829913ef292c66c0512d1091a298cfca8493da9\",\"9eabc37383b243cd236375c66693db385911914b52556e1ec05fc70ed45e1bfe\"],\"threshold\":1},\"timestamp\":{\"keyids\":[\"9e41a9d62d94c6a1c8a304f62c5bd72d84a9f286f27e8327cedeacb09e5156cc\"],\"threshold\":1}},\"consistent_snapshot\":true},\"signatures\":[{\"keyid\":\"1b1b1dd55b2c1c7258714cf1c1ae06f23e4607b28c762d016a9d81c48ffe5669\",\"sig\":\"ba9fc6e7ff7a8b85d8c60eb0319e6be7a501aba26898ed1ad64db6726b5315f3f426fcf29e632f2cbdb83a888324a1a0963d3145e0a0b34803be4c6e20732d0d\"}]}', '{\"signed\":{\"_type\":\"targets\",\"spec_version\":\"1.0\",\"version\":38,\"expires\":\"2025-06-04T16:43:01Z\",\"targets\":{\"Joomla_5.1.2-Stable-Upgrade_Package.zip\":{\"length\":28134889,\"hashes\":{\"sha512\":\"d6b46cdedb9b31d01a607fe4c2f3a830a3265ed6ae5c0cb7b0f836b1b016ee7c639bd8948df00baf1b61a87f2fc71368a80b39e67ef9ec2b8842ee0ab09a620f\"},\"custom\":{\"client\":\"site\",\"description\":\"Joomla! 5.1.2 Release\",\"downloads\":[{\"url\":\"https://downloads.joomla.org/cms/joomla5/5-1-2/Joomla_5.1.2-Stable-Update_Package.zip\",\"format\":\"zip\",\"type\":\"full\"},{\"url\":\"https://github.com/joomla/joomla-cms/releases/download/5.1.2/Joomla_5.1.2-Stable-Update_Package.zip\",\"format\":\"zip\",\"type\":\"full\"},{\"url\":\"https://update.joomla.org/releases/5.1.2/Joomla_5.1.2-Stable-Update_Package.zip\",\"format\":\"zip\",\"type\":\"full\"}],\"element\":\"joomla\",\"infourl\":{\"url\":\"https://www.joomla.org/announcements/release-news/5909-joomla-5-1-2-and-joomla-4-4-6-security-and-bug-fix-release.html\",\"title\":\"Joomla! 5.1.2 Release\"},\"maintainer\":\"Joomla! Production Department\",\"maintainerurl\":\"https://www.joomla.org\",\"name\":\"Joomla! 5.1.2\",\"php_minimum\":\"8.1.0\",\"channel\":\"6.x\",\"stability\":\"Stable\",\"supported_databases\":{\"mariadb\":\"10.4\",\"mysql\":\"8.0.13\",\"postgresql\":\"11.0\"},\"targetplatform\":{\"name\":\"joomla\",\"version\":\"(5\\\\.[0-4])|^(4\\\\.4)\"},\"type\":\"file\",\"version\":\"5.1.2\"}},\"Joomla_5.2.4-Stable-Update_Package.zip\":{\"length\":28601853,\"hashes\":{\"sha512\":\"5d17f86f3b760a835903dd99ac6657f40bed72cbd4a03966cd374ab8e30620cc55aa8c98739356f6e0bc3c6c3c761395fbc0aafa9275fbf1ce9523adf7f07483\"},\"custom\":{\"client\":\"site\",\"description\":\"Joomla! 5.3.0-beta2 Release\",\"downloads\":[{\"url\":\"https://github.com/joomla/joomla-cms/releases/download/5.3.0-beta2/Joomla_5.3.0-beta2-Beta-Update_Package.zip\",\"format\":\"zip\",\"type\":\"full\"}],\"element\":\"joomla\",\"infourl\":{\"url\":\"https://developer.joomla.org/news/960-joomla-5-3-0-beta-2-bug-squashing-time.html\",\"title\":\"Joomla! 5.3.0-beta2 Release\"},\"maintainer\":\"Joomla! Production Department\",\"maintainerurl\":\"https://www.joomla.org\",\"name\":\"Joomla! 5.3.0-beta2\",\"php_minimum\":\"8.1.0\",\"channel\":\"5.x\",\"stability\":\"Beta\",\"supported_databases\":{\"mariadb\":\"10.4\",\"mysql\":\"8.0.13\",\"postgresql\":\"11.0\"},\"targetplatform\":{\"name\":\"joomla\",\"version\":\"(5\\\\.[0-4])|^(4\\\\.4)\"},\"type\":\"file\",\"version\":\"5.3.0-beta2\"}},\"Joomla_5.3.0-beta1-Beta-Update_Package.zip\":{\"length\":28792987,\"hashes\":{\"sha512\":\"0cbe261005acbea63af23a477daf1b1706071d887520c954e64ff481ae663ba74d87234815ee8c1da020b0e4dea854ac6442153b8d40908a8dd3bba22869b268\"},\"custom\":{\"client\":\"site\",\"description\":\"Joomla! 5.3.0-beta1 Release\",\"downloads\":[{\"url\":\"https://github.com/joomla/joomla-cms/releases/download/5.3.0-beta1/Joomla_5.3.0-beta1-Beta-Update_Package.zip\",\"format\":\"zip\",\"type\":\"full\"}],\"element\":\"joomla\",\"infourl\":{\"url\":\"https://developer.joomla.org/news/959-joomla-5-3-0-beta-1-feature-freeze.html\",\"title\":\"Joomla! 5.3.0-beta1 Release\"},\"maintainer\":\"Joomla! Production Department\",\"maintainerurl\":\"https://www.joomla.org\",\"name\":\"Joomla! 5.3.0-beta1\",\"php_minimum\":\"8.1.0\",\"channel\":\"5.x\",\"stability\":\"Beta\",\"supported_databases\":{\"mariadb\":\"10.4\",\"mysql\":\"8.0.13\",\"postgresql\":\"11.0\"},\"targetplatform\":{\"name\":\"joomla\",\"version\":\"(5\\\\.[0-4])|^(4\\\\.4)\"},\"type\":\"file\",\"version\":\"5.3.0-beta1\"}},\"Joomla_5.3.0-beta2-Beta-Update_Package.zip\":{\"length\":28953678,\"hashes\":{\"sha512\":\"ba64a8fc6c6bf92d36a1f7f12c3951ad4f786cd9f86915d55e00fbced837e9b5103146cfdd1587271054b17c9e9405e8ffe7b14292823bc421b4a09a58af7a6d\"},\"custom\":{\"client\":\"site\",\"description\":\"Joomla! 5.3.0-beta2 Release\",\"downloads\":[{\"url\":\"https://github.com/joomla/joomla-cms/releases/download/5.3.0-beta2/Joomla_5.3.0-beta2-Beta-Update_Package.zip\",\"format\":\"zip\",\"type\":\"full\"}],\"element\":\"joomla\",\"infourl\":{\"url\":\"https://developer.joomla.org/news/960-joomla-5-3-0-beta-2-bug-squashing-time.html\",\"title\":\"Joomla! 5.3.0-beta2 Release\"},\"maintainer\":\"Joomla! Production Department\",\"maintainerurl\":\"https://www.joomla.org\",\"name\":\"Joomla! 5.3.0-beta2\",\"php_minimum\":\"8.1.0\",\"channel\":\"5.x\",\"stability\":\"Beta\",\"supported_databases\":{\"mariadb\":\"10.4\",\"mysql\":\"8.0.13\",\"postgresql\":\"11.0\"},\"targetplatform\":{\"name\":\"joomla\",\"version\":\"(5\\\\.[0-4])|^(4\\\\.4)\"},\"type\":\"file\",\"version\":\"5.3.0-beta2\"}}}},\"signatures\":[{\"keyid\":\"e2229942b0fc1e6d7f82adf258e5bdadac10046d1470b7ec459c9eb4e076026b\",\"sig\":\"24cde099af6c86539a0765fbfa4eef98cd77576b3f8edd0b438523bf5f60de03ec6935b5239c77426849209a1ae9650bbb3bdb4b743806e3d231ed4f2424290c\"}]}', '{\"signed\":{\"_type\":\"snapshot\",\"spec_version\":\"1.0\",\"version\":43,\"expires\":\"2025-09-30T16:51:14Z\",\"meta\":{\"targets.json\":{\"length\":4436,\"hashes\":{\"sha512\":\"cdf5cf1271a31e4aa2efd35a2d01db5f4804d7f27bebe5654ce94366e5b18b3843327fe8fa11da0e437c313fa20aa2788f4d3e21bcbcda2aff4b0992c460b31a\"},\"version\":38}}},\"signatures\":[{\"keyid\":\"e2229942b0fc1e6d7f82adf258e5bdadac10046d1470b7ec459c9eb4e076026b\",\"sig\":\"52556643ba34b20e6b3fd5085eabe240011eb8764b3bd5ba4a0f42ff13763893df7242c5f2eddc746feb4d8fab96e1d229b5480189f334c7ea2a9e0ffc236d01\"}]}', '{\"signed\":{\"_type\":\"timestamp\",\"spec_version\":\"1.0\",\"version\":488,\"expires\":\"2025-03-07T17:06:58Z\",\"meta\":{\"snapshot.json\":{\"length\":531,\"hashes\":{\"sha512\":\"a700fd525bacb2147ff3596650ea245d48d1e0235fe7fc33b777a47c08a5bf1a3cde4732572ee3737969da5a5bde543dbe33a0b4f88454c57f873e9ad83a9ddf\"},\"version\":43}}},\"signatures\":[{\"keyid\":\"9e41a9d62d94c6a1c8a304f62c5bd72d84a9f286f27e8327cedeacb09e5156cc\",\"sig\":\"49c50cbbdbebca7dc2c3e1512a052fa673752d07ed8dcbd053a0344f925fe94afc525905b81b29b1de187517fcf2496254d4d45e38548d214db3167e6567010b\"}]}', NULL);

-- --------------------------------------------------------

--
-- Table structure for table `xsrs3_ucm_base`
--

CREATE TABLE `xsrs3_ucm_base` (
  `ucm_id` int(10) UNSIGNED NOT NULL,
  `ucm_item_id` int(11) NOT NULL,
  `ucm_type_id` int(11) NOT NULL,
  `ucm_language_id` int(11) NOT NULL
) ENGINE=InnoDB DEFAULT CHARSET=utf8mb4 COLLATE=utf8mb4_unicode_ci;

-- --------------------------------------------------------

--
-- Table structure for table `xsrs3_ucm_content`
--

CREATE TABLE `xsrs3_ucm_content` (
  `core_content_id` int(10) UNSIGNED NOT NULL,
  `core_type_alias` varchar(400) NOT NULL DEFAULT '' COMMENT 'FK to the content types table',
  `core_title` varchar(400) NOT NULL DEFAULT '',
  `core_alias` varchar(400) CHARACTER SET utf8mb4 COLLATE utf8mb4_bin NOT NULL DEFAULT '',
  `core_body` mediumtext DEFAULT NULL,
  `core_state` tinyint(4) NOT NULL DEFAULT 0,
  `core_checked_out_time` datetime DEFAULT NULL,
  `core_checked_out_user_id` int(10) UNSIGNED DEFAULT NULL,
  `core_access` int(10) UNSIGNED NOT NULL DEFAULT 0,
  `core_params` text DEFAULT NULL,
  `core_featured` tinyint(3) UNSIGNED NOT NULL DEFAULT 0,
  `core_metadata` varchar(2048) NOT NULL DEFAULT '' COMMENT 'JSON encoded metadata properties.',
  `core_created_user_id` int(10) UNSIGNED NOT NULL DEFAULT 0,
  `core_created_by_alias` varchar(255) NOT NULL DEFAULT '',
  `core_created_time` datetime NOT NULL,
  `core_modified_user_id` int(10) UNSIGNED NOT NULL DEFAULT 0 COMMENT 'Most recent user that modified',
  `core_modified_time` datetime NOT NULL,
  `core_language` char(7) NOT NULL DEFAULT '',
  `core_publish_up` datetime DEFAULT NULL,
  `core_publish_down` datetime DEFAULT NULL,
  `core_content_item_id` int(10) UNSIGNED NOT NULL DEFAULT 0 COMMENT 'ID from the individual type table',
  `asset_id` int(10) UNSIGNED NOT NULL DEFAULT 0 COMMENT 'FK to the #__assets table.',
  `core_images` text DEFAULT NULL,
  `core_urls` text DEFAULT NULL,
  `core_hits` int(10) UNSIGNED NOT NULL DEFAULT 0,
  `core_version` int(10) UNSIGNED NOT NULL DEFAULT 1,
  `core_ordering` int(11) NOT NULL DEFAULT 0,
  `core_metakey` text DEFAULT NULL,
  `core_metadesc` text DEFAULT NULL,
  `core_catid` int(10) UNSIGNED NOT NULL DEFAULT 0,
  `core_type_id` int(10) UNSIGNED NOT NULL DEFAULT 0
) ENGINE=InnoDB DEFAULT CHARSET=utf8mb4 COLLATE=utf8mb4_unicode_ci COMMENT='Contains core content data in name spaced fields';

-- --------------------------------------------------------

--
-- Table structure for table `xsrs3_updates`
--

CREATE TABLE `xsrs3_updates` (
  `update_id` int(11) NOT NULL,
  `update_site_id` int(11) DEFAULT 0,
  `extension_id` int(11) DEFAULT 0,
  `name` varchar(100) DEFAULT '',
  `description` text NOT NULL,
  `element` varchar(100) DEFAULT '',
  `type` varchar(20) DEFAULT '',
  `folder` varchar(20) DEFAULT '',
  `client_id` tinyint(4) DEFAULT 0,
  `version` varchar(32) DEFAULT '',
  `data` text NOT NULL,
  `detailsurl` text NOT NULL,
  `infourl` text NOT NULL,
  `changelogurl` text DEFAULT NULL,
  `extra_query` varchar(1000) DEFAULT ''
) ENGINE=InnoDB DEFAULT CHARSET=utf8mb4 COLLATE=utf8mb4_unicode_ci COMMENT='Available Updates';

--
-- Dumping data for table `xsrs3_updates`
--

INSERT INTO `xsrs3_updates` (`update_id`, `update_site_id`, `extension_id`, `name`, `description`, `element`, `type`, `folder`, `client_id`, `version`, `data`, `detailsurl`, `infourl`, `changelogurl`, `extra_query`) VALUES
(1, 2, 0, 'Afrikaans', '', 'pkg_af-ZA', 'package', '', 0, '5.0.2.1', '', 'https://update.joomla.org/language/details5/af-ZA_details.xml', '', '', ''),
(2, 2, 0, 'Belarusian', '', 'pkg_be-BY', 'package', '', 0, '5.2.4.1', '', 'https://update.joomla.org/language/details5/be-BY_details.xml', '', '', ''),
(3, 2, 0, 'Bulgarian', '', 'pkg_bg-BG', 'package', '', 0, '5.2.4.1', '', 'https://update.joomla.org/language/details5/bg-BG_details.xml', '', '', ''),
(4, 2, 0, 'Catalan', '', 'pkg_ca-ES', 'package', '', 0, '5.2.4.1', '', 'https://update.joomla.org/language/details5/ca-ES_details.xml', '', '', ''),
(5, 2, 0, 'Chinese, Simplified', '', 'pkg_zh-CN', 'package', '', 0, '5.1.2.1', '', 'https://update.joomla.org/language/details5/zh-CN_details.xml', '', '', ''),
(6, 2, 0, 'Chinese, Traditional', '', 'pkg_zh-TW', 'package', '', 0, '5.0.3.1', '', 'https://update.joomla.org/language/details5/zh-TW_details.xml', '', '', ''),
(7, 2, 0, 'Croatian', '', 'pkg_hr-HR', 'package', '', 0, '5.2.1.1', '', 'https://update.joomla.org/language/details5/hr-HR_details.xml', '', '', ''),
(8, 2, 0, 'Czech', '', 'pkg_cs-CZ', 'package', '', 0, '5.2.0.1', '', 'https://update.joomla.org/language/details5/cs-CZ_details.xml', '', '', ''),
(9, 2, 0, 'Danish', '', 'pkg_da-DK', 'package', '', 0, '5.2.4.1', '', 'https://update.joomla.org/language/details5/da-DK_details.xml', '', '', ''),
(10, 2, 0, 'Dutch', '', 'pkg_nl-NL', 'package', '', 0, '5.2.3.1', '', 'https://update.joomla.org/language/details5/nl-NL_details.xml', '', '', ''),
(11, 2, 0, 'English, Australia', '', 'pkg_en-AU', 'package', '', 0, '5.0.3.1', '', 'https://update.joomla.org/language/details5/en-AU_details.xml', '', '', ''),
(12, 2, 0, 'English, Canada', '', 'pkg_en-CA', 'package', '', 0, '5.0.3.1', '', 'https://update.joomla.org/language/details5/en-CA_details.xml', '', '', ''),
(13, 2, 0, 'English, New Zealand', '', 'pkg_en-NZ', 'package', '', 0, '5.0.3.2', '', 'https://update.joomla.org/language/details5/en-NZ_details.xml', '', '', ''),
(14, 2, 0, 'English, USA', '', 'pkg_en-US', 'package', '', 0, '5.0.3.1', '', 'https://update.joomla.org/language/details5/en-US_details.xml', '', '', ''),
(15, 2, 0, 'Estonian', '', 'pkg_et-EE', 'package', '', 0, '5.2.2.1', '', 'https://update.joomla.org/language/details5/et-EE_details.xml', '', '', ''),
(16, 2, 0, 'Finnish', '', 'pkg_fi-FI', 'package', '', 0, '5.2.4.1', '', 'https://update.joomla.org/language/details5/fi-FI_details.xml', '', '', ''),
(17, 2, 0, 'Flemish', '', 'pkg_nl-BE', 'package', '', 0, '5.2.2.1', '', 'https://update.joomla.org/language/details5/nl-BE_details.xml', '', '', ''),
(18, 2, 0, 'French', '', 'pkg_fr-FR', 'package', '', 0, '5.2.4.1', '', 'https://update.joomla.org/language/details5/fr-FR_details.xml', '', '', ''),
(19, 2, 0, 'French, Canada', '', 'pkg_fr-CA', 'package', '', 0, '5.2.4.1', '', 'https://update.joomla.org/language/details5/fr-CA_details.xml', '', '', ''),
(20, 2, 0, 'Georgian', '', 'pkg_ka-GE', 'package', '', 0, '5.2.4.1', '', 'https://update.joomla.org/language/details5/ka-GE_details.xml', '', '', ''),
(21, 2, 0, 'German', '', 'pkg_de-DE', 'package', '', 0, '5.2.4.1', '', 'https://update.joomla.org/language/details5/de-DE_details.xml', '', '', ''),
(22, 2, 0, 'German, Austria', '', 'pkg_de-AT', 'package', '', 0, '5.2.4.1', '', 'https://update.joomla.org/language/details5/de-AT_details.xml', '', '', ''),
(23, 2, 0, 'German, Liechtenstein', '', 'pkg_de-LI', 'package', '', 0, '5.2.4.1', '', 'https://update.joomla.org/language/details5/de-LI_details.xml', '', '', ''),
(24, 2, 0, 'German, Luxembourg', '', 'pkg_de-LU', 'package', '', 0, '5.2.4.1', '', 'https://update.joomla.org/language/details5/de-LU_details.xml', '', '', ''),
(25, 2, 0, 'German, Switzerland', '', 'pkg_de-CH', 'package', '', 0, '5.2.4.1', '', 'https://update.joomla.org/language/details5/de-CH_details.xml', '', '', ''),
(26, 2, 0, 'Greek', '', 'pkg_el-GR', 'package', '', 0, '5.2.4.1', '', 'https://update.joomla.org/language/details5/el-GR_details.xml', '', '', ''),
(27, 2, 0, 'Hungarian', '', 'pkg_hu-HU', 'package', '', 0, '5.2.4.1', '', 'https://update.joomla.org/language/details5/hu-HU_details.xml', '', '', ''),
(28, 2, 0, 'Italian', '', 'pkg_it-IT', 'package', '', 0, '5.2.4.1', '', 'https://update.joomla.org/language/details5/it-IT_details.xml', '', '', ''),
(29, 2, 0, 'Japanese', '', 'pkg_ja-JP', 'package', '', 0, '5.2.4.1', '', 'https://update.joomla.org/language/details5/ja-JP_details.xml', '', '', ''),
(30, 2, 0, 'Kazakh', '', 'pkg_kk-KZ', 'package', '', 0, '5.0.0.4', '', 'https://update.joomla.org/language/details5/kk-KZ_details.xml', '', '', ''),
(31, 2, 0, 'Korean', '', 'pkg_ko-KR', 'package', '', 0, '5.0.2.1', '', 'https://update.joomla.org/language/details5/ko-KR_details.xml', '', '', ''),
(32, 2, 0, 'Latvian', '', 'pkg_lv-LV', 'package', '', 0, '5.2.4.1', '', 'https://update.joomla.org/language/details5/lv-LV_details.xml', '', '', ''),
(33, 2, 0, 'Lithuanian', '', 'pkg_lt-LT', 'package', '', 0, '5.2.4.1', '', 'https://update.joomla.org/language/details5/lt-LT_details.xml', '', '', ''),
(34, 2, 0, 'Norwegian Bokmål', '', 'pkg_nb-NO', 'package', '', 0, '5.2.3.1', '', 'https://update.joomla.org/language/details5/nb-NO_details.xml', '', '', ''),
(35, 2, 0, 'Pashto Afghanistan', '', 'pkg_ps-AF', 'package', '', 0, '5.0.1.1', '', 'https://update.joomla.org/language/details5/ps-AF_details.xml', '', '', ''),
(36, 2, 0, 'Persian Farsi', '', 'pkg_fa-IR', 'package', '', 0, '5.2.4.1', '', 'https://update.joomla.org/language/details5/fa-IR_details.xml', '', '', ''),
(37, 2, 0, 'Polish', '', 'pkg_pl-PL', 'package', '', 0, '5.1.2.1', '', 'https://update.joomla.org/language/details5/pl-PL_details.xml', '', '', ''),
(38, 2, 0, 'Portuguese, Brazil', '', 'pkg_pt-BR', 'package', '', 0, '5.2.2.1', '', 'https://update.joomla.org/language/details5/pt-BR_details.xml', '', '', ''),
(39, 2, 0, 'Portuguese, Portugal', '', 'pkg_pt-PT', 'package', '', 0, '5.2.2.1', '', 'https://update.joomla.org/language/details5/pt-PT_details.xml', '', '', ''),
(40, 2, 0, 'Romanian', '', 'pkg_ro-RO', 'package', '', 0, '5.2.0.2', '', 'https://update.joomla.org/language/details5/ro-RO_details.xml', '', '', ''),
(41, 2, 0, 'Russian', '', 'pkg_ru-RU', 'package', '', 0, '5.2.4.1', '', 'https://update.joomla.org/language/details5/ru-RU_details.xml', '', '', ''),
(42, 2, 0, 'Serbian, Cyrillic', '', 'pkg_sr-RS', 'package', '', 0, '5.2.1.1', '', 'https://update.joomla.org/language/details5/sr-RS_details.xml', '', '', ''),
(43, 2, 0, 'Serbian, Latin', '', 'pkg_sr-YU', 'package', '', 0, '5.2.3.1', '', 'https://update.joomla.org/language/details5/sr-YU_details.xml', '', '', ''),
(44, 2, 0, 'Slovak', '', 'pkg_sk-SK', 'package', '', 0, '5.2.4.1', '', 'https://update.joomla.org/language/details5/sk-SK_details.xml', '', '', ''),
(45, 2, 0, 'Slovenian', '', 'pkg_sl-SI', 'package', '', 0, '5.2.4.1', '', 'https://update.joomla.org/language/details5/sl-SI_details.xml', '', '', ''),
(46, 2, 0, 'Spanish', '', 'pkg_es-ES', 'package', '', 0, '5.2.4.1', '', 'https://update.joomla.org/language/details5/es-ES_details.xml', '', '', ''),
(47, 2, 0, 'Swedish', '', 'pkg_sv-SE', 'package', '', 0, '5.2.3.1', '', 'https://update.joomla.org/language/details5/sv-SE_details.xml', '', '', ''),
(48, 2, 0, 'Tamil, India', '', 'pkg_ta-IN', 'package', '', 0, '5.2.4.1', '', 'https://update.joomla.org/language/details5/ta-IN_details.xml', '', '', ''),
(49, 2, 0, 'Thai', '', 'pkg_th-TH', 'package', '', 0, '5.2.4.1', '', 'https://update.joomla.org/language/details5/th-TH_details.xml', '', '', ''),
(50, 2, 0, 'Turkish', '', 'pkg_tr-TR', 'package', '', 0, '5.2.4.1', '', 'https://update.joomla.org/language/details5/tr-TR_details.xml', '', '', ''),
(51, 2, 0, 'Ukrainian', '', 'pkg_uk-UA', 'package', '', 0, '5.1.3.1', '', 'https://update.joomla.org/language/details5/uk-UA_details.xml', '', '', ''),
(52, 2, 0, 'Urdu, Pakistan', '', 'pkg_ur-PK', 'package', '', 0, '5.1.2.1', '', 'https://update.joomla.org/language/details5/ur-PK_details.xml', '', '', ''),
(53, 2, 0, 'Welsh', '', 'pkg_cy-GB', 'package', '', 0, '5.2.4.1', '', 'https://update.joomla.org/language/details5/cy-GB_details.xml', '', '', '');

-- --------------------------------------------------------

--
-- Table structure for table `xsrs3_update_sites`
--

CREATE TABLE `xsrs3_update_sites` (
  `update_site_id` int(11) NOT NULL,
  `name` varchar(100) DEFAULT '',
  `type` varchar(20) DEFAULT '',
  `location` text NOT NULL,
  `enabled` int(11) DEFAULT 0,
  `last_check_timestamp` bigint(20) DEFAULT 0,
  `extra_query` varchar(1000) DEFAULT '',
  `checked_out` int(10) UNSIGNED DEFAULT NULL,
  `checked_out_time` datetime DEFAULT NULL
) ENGINE=InnoDB DEFAULT CHARSET=utf8mb4 COLLATE=utf8mb4_unicode_ci COMMENT='Update Sites';

--
-- Dumping data for table `xsrs3_update_sites`
--

INSERT INTO `xsrs3_update_sites` (`update_site_id`, `name`, `type`, `location`, `enabled`, `last_check_timestamp`, `extra_query`, `checked_out`, `checked_out_time`) VALUES
(1, 'Joomla! Core', 'tuf', 'https://update.joomla.org/cms/', 1, 1741161041, '', NULL, NULL),
(2, 'Accredited Joomla! Translations', 'collection', 'https://update.joomla.org/language/translationlist_5.xml', 1, 1741160993, '', NULL, NULL),
(3, 'Joomla! Update Component', 'extension', 'https://update.joomla.org/core/extensions/com_joomlaupdate.xml', 1, 1741161041, '', NULL, NULL);

-- --------------------------------------------------------

--
-- Table structure for table `xsrs3_update_sites_extensions`
--

CREATE TABLE `xsrs3_update_sites_extensions` (
  `update_site_id` int(11) NOT NULL DEFAULT 0,
  `extension_id` int(11) NOT NULL DEFAULT 0
) ENGINE=InnoDB DEFAULT CHARSET=utf8mb4 COLLATE=utf8mb4_unicode_ci COMMENT='Links extensions to update sites';

--
-- Dumping data for table `xsrs3_update_sites_extensions`
--

INSERT INTO `xsrs3_update_sites_extensions` (`update_site_id`, `extension_id`) VALUES
(1, 240),
(2, 241),
(3, 24);

-- --------------------------------------------------------

--
-- Table structure for table `xsrs3_usergroups`
--

CREATE TABLE `xsrs3_usergroups` (
  `id` int(10) UNSIGNED NOT NULL COMMENT 'Primary Key',
  `parent_id` int(10) UNSIGNED NOT NULL DEFAULT 0 COMMENT 'Adjacency List Reference Id',
  `lft` int(11) NOT NULL DEFAULT 0 COMMENT 'Nested set lft.',
  `rgt` int(11) NOT NULL DEFAULT 0 COMMENT 'Nested set rgt.',
  `title` varchar(100) NOT NULL DEFAULT ''
) ENGINE=InnoDB DEFAULT CHARSET=utf8mb4 COLLATE=utf8mb4_unicode_ci;

--
-- Dumping data for table `xsrs3_usergroups`
--

INSERT INTO `xsrs3_usergroups` (`id`, `parent_id`, `lft`, `rgt`, `title`) VALUES
(1, 0, 1, 18, 'Public'),
(2, 1, 8, 15, 'Registered'),
(3, 2, 9, 14, 'Author'),
(4, 3, 10, 13, 'Editor'),
(5, 4, 11, 12, 'Publisher'),
(6, 1, 4, 7, 'Manager'),
(7, 6, 5, 6, 'Administrator'),
(8, 1, 16, 17, 'Super Users'),
(9, 1, 2, 3, 'Guest');

-- --------------------------------------------------------

--
-- Table structure for table `xsrs3_users`
--

CREATE TABLE `xsrs3_users` (
  `id` int(11) NOT NULL,
  `name` varchar(400) NOT NULL DEFAULT '',
  `username` varchar(150) NOT NULL DEFAULT '',
  `email` varchar(100) NOT NULL DEFAULT '',
  `password` varchar(100) NOT NULL DEFAULT '',
  `block` tinyint(4) NOT NULL DEFAULT 0,
  `sendEmail` tinyint(4) DEFAULT 0,
  `registerDate` datetime NOT NULL,
  `lastvisitDate` datetime DEFAULT NULL,
  `activation` varchar(100) NOT NULL DEFAULT '',
  `params` text NOT NULL,
  `lastResetTime` datetime DEFAULT NULL COMMENT 'Date of last password reset',
  `resetCount` int(11) NOT NULL DEFAULT 0 COMMENT 'Count of password resets since lastResetTime',
  `otpKey` varchar(1000) NOT NULL DEFAULT '' COMMENT 'Two factor authentication encrypted keys',
  `otep` varchar(1000) NOT NULL DEFAULT '' COMMENT 'Backup Codes',
  `requireReset` tinyint(4) NOT NULL DEFAULT 0 COMMENT 'Require user to reset password on next login',
  `authProvider` varchar(100) NOT NULL DEFAULT '' COMMENT 'Name of used authentication plugin'
) ENGINE=InnoDB DEFAULT CHARSET=utf8mb4 COLLATE=utf8mb4_unicode_ci;

--
-- Dumping data for table `xsrs3_users`
--

INSERT INTO `xsrs3_users` (`id`, `name`, `username`, `email`, `password`, `block`, `sendEmail`, `registerDate`, `lastvisitDate`, `activation`, `params`, `lastResetTime`, `resetCount`, `otpKey`, `otep`, `requireReset`, `authProvider`) VALUES
(503, 'admin', 'computerncadmin', 'team@blackdog.com', '$2y$10$FpafyzxH5hquzTf36hP15.dKR/NUlz5EF/vIKeBnKRQJ6iCdcOdSS', 0, 1, '2025-03-05 07:49:50', '2025-03-05 07:50:35', '0', '', NULL, 0, '', '', 0, '');

-- --------------------------------------------------------

--
-- Table structure for table `xsrs3_user_keys`
--

CREATE TABLE `xsrs3_user_keys` (
  `id` int(10) UNSIGNED NOT NULL,
  `user_id` varchar(150) NOT NULL,
  `token` varchar(255) NOT NULL,
  `series` varchar(191) NOT NULL,
  `time` varchar(200) NOT NULL,
  `uastring` varchar(255) NOT NULL
) ENGINE=InnoDB DEFAULT CHARSET=utf8mb4 COLLATE=utf8mb4_unicode_ci;

-- --------------------------------------------------------

--
-- Table structure for table `xsrs3_user_mfa`
--

CREATE TABLE `xsrs3_user_mfa` (
  `id` int(11) NOT NULL,
  `user_id` int(10) UNSIGNED NOT NULL,
  `title` varchar(255) NOT NULL DEFAULT '',
  `method` varchar(100) NOT NULL,
  `default` tinyint(4) NOT NULL DEFAULT 0,
  `options` mediumtext NOT NULL,
  `created_on` datetime NOT NULL,
  `last_used` datetime DEFAULT NULL,
  `tries` int(11) NOT NULL DEFAULT 0,
  `last_try` datetime DEFAULT NULL
) ENGINE=InnoDB DEFAULT CHARSET=utf8mb4 COLLATE=utf8mb4_unicode_ci COMMENT='Multi-factor Authentication settings';

-- --------------------------------------------------------

--
-- Table structure for table `xsrs3_user_notes`
--

CREATE TABLE `xsrs3_user_notes` (
  `id` int(10) UNSIGNED NOT NULL,
  `user_id` int(10) UNSIGNED NOT NULL DEFAULT 0,
  `catid` int(10) UNSIGNED NOT NULL DEFAULT 0,
  `subject` varchar(100) NOT NULL DEFAULT '',
  `body` text NOT NULL,
  `state` tinyint(4) NOT NULL DEFAULT 0,
  `checked_out` int(10) UNSIGNED DEFAULT NULL,
  `checked_out_time` datetime DEFAULT NULL,
  `created_user_id` int(10) UNSIGNED NOT NULL DEFAULT 0,
  `created_time` datetime NOT NULL,
  `modified_user_id` int(10) UNSIGNED NOT NULL DEFAULT 0,
  `modified_time` datetime NOT NULL,
  `review_time` datetime DEFAULT NULL,
  `publish_up` datetime DEFAULT NULL,
  `publish_down` datetime DEFAULT NULL
) ENGINE=InnoDB DEFAULT CHARSET=utf8mb4 COLLATE=utf8mb4_unicode_ci;

-- --------------------------------------------------------

--
-- Table structure for table `xsrs3_user_profiles`
--

CREATE TABLE `xsrs3_user_profiles` (
  `user_id` int(11) NOT NULL,
  `profile_key` varchar(100) NOT NULL,
  `profile_value` text NOT NULL,
  `ordering` int(11) NOT NULL DEFAULT 0
) ENGINE=InnoDB DEFAULT CHARSET=utf8mb4 COLLATE=utf8mb4_unicode_ci COMMENT='Simple user profile storage table';

--
-- Dumping data for table `xsrs3_user_profiles`
--

INSERT INTO `xsrs3_user_profiles` (`user_id`, `profile_key`, `profile_value`, `ordering`) VALUES
(503, 'guidedtour.id.12', '{\"state\":\"completed\"}', 0);

-- --------------------------------------------------------

--
-- Table structure for table `xsrs3_user_usergroup_map`
--

CREATE TABLE `xsrs3_user_usergroup_map` (
  `user_id` int(10) UNSIGNED NOT NULL DEFAULT 0 COMMENT 'Foreign Key to #__users.id',
  `group_id` int(10) UNSIGNED NOT NULL DEFAULT 0 COMMENT 'Foreign Key to #__usergroups.id'
) ENGINE=InnoDB DEFAULT CHARSET=utf8mb4 COLLATE=utf8mb4_unicode_ci;

--
-- Dumping data for table `xsrs3_user_usergroup_map`
--

INSERT INTO `xsrs3_user_usergroup_map` (`user_id`, `group_id`) VALUES
(503, 8);

-- --------------------------------------------------------

--
-- Table structure for table `xsrs3_viewlevels`
--

CREATE TABLE `xsrs3_viewlevels` (
  `id` int(10) UNSIGNED NOT NULL COMMENT 'Primary Key',
  `title` varchar(100) NOT NULL DEFAULT '',
  `ordering` int(11) NOT NULL DEFAULT 0,
  `rules` varchar(5120) NOT NULL COMMENT 'JSON encoded access control.'
) ENGINE=InnoDB DEFAULT CHARSET=utf8mb4 COLLATE=utf8mb4_unicode_ci;

--
-- Dumping data for table `xsrs3_viewlevels`
--

INSERT INTO `xsrs3_viewlevels` (`id`, `title`, `ordering`, `rules`) VALUES
(1, 'Public', 0, '[1]'),
(2, 'Registered', 2, '[6,2,8]'),
(3, 'Special', 3, '[6,3,8]'),
(5, 'Guest', 1, '[9]'),
(6, 'Super Users', 4, '[8]');

-- --------------------------------------------------------

--
-- Table structure for table `xsrs3_webauthn_credentials`
--

CREATE TABLE `xsrs3_webauthn_credentials` (
  `id` varchar(1000) NOT NULL COMMENT 'Credential ID',
  `user_id` varchar(128) NOT NULL COMMENT 'User handle',
  `label` varchar(190) NOT NULL COMMENT 'Human readable label',
  `credential` mediumtext NOT NULL COMMENT 'Credential source data, JSON format'
) ENGINE=InnoDB DEFAULT CHARSET=utf8mb4 COLLATE=utf8mb4_unicode_ci;

-- --------------------------------------------------------

--
-- Table structure for table `xsrs3_workflows`
--

CREATE TABLE `xsrs3_workflows` (
  `id` int(11) NOT NULL,
  `asset_id` int(11) DEFAULT 0,
  `published` tinyint(4) NOT NULL DEFAULT 0,
  `title` varchar(255) NOT NULL,
  `description` text NOT NULL,
  `extension` varchar(50) NOT NULL,
  `default` tinyint(4) NOT NULL DEFAULT 0,
  `ordering` int(11) NOT NULL DEFAULT 0,
  `created` datetime NOT NULL,
  `created_by` int(11) NOT NULL DEFAULT 0,
  `modified` datetime NOT NULL,
  `modified_by` int(11) NOT NULL DEFAULT 0,
  `checked_out_time` datetime DEFAULT NULL,
  `checked_out` int(10) UNSIGNED DEFAULT NULL
) ENGINE=InnoDB DEFAULT CHARSET=utf8mb4 COLLATE=utf8mb4_unicode_ci;

--
-- Dumping data for table `xsrs3_workflows`
--

INSERT INTO `xsrs3_workflows` (`id`, `asset_id`, `published`, `title`, `description`, `extension`, `default`, `ordering`, `created`, `created_by`, `modified`, `modified_by`, `checked_out_time`, `checked_out`) VALUES
(1, 56, 1, 'COM_WORKFLOW_BASIC_WORKFLOW', '', 'com_content.article', 1, 1, '2025-03-05 07:49:44', 503, '2025-03-05 07:49:44', 503, NULL, NULL);

-- --------------------------------------------------------

--
-- Table structure for table `xsrs3_workflow_associations`
--

CREATE TABLE `xsrs3_workflow_associations` (
  `item_id` int(11) NOT NULL DEFAULT 0 COMMENT 'Extension table id value',
  `stage_id` int(11) NOT NULL COMMENT 'Foreign Key to #__workflow_stages.id',
  `extension` varchar(50) NOT NULL
) ENGINE=InnoDB DEFAULT CHARSET=utf8mb4 COLLATE=utf8mb4_unicode_ci;

-- --------------------------------------------------------

--
-- Table structure for table `xsrs3_workflow_stages`
--

CREATE TABLE `xsrs3_workflow_stages` (
  `id` int(11) NOT NULL,
  `asset_id` int(11) DEFAULT 0,
  `ordering` int(11) NOT NULL DEFAULT 0,
  `workflow_id` int(11) NOT NULL,
  `published` tinyint(4) NOT NULL DEFAULT 0,
  `title` varchar(255) NOT NULL,
  `description` text NOT NULL,
  `default` tinyint(4) NOT NULL DEFAULT 0,
  `checked_out_time` datetime DEFAULT NULL,
  `checked_out` int(10) UNSIGNED DEFAULT NULL
) ENGINE=InnoDB DEFAULT CHARSET=utf8mb4 COLLATE=utf8mb4_unicode_ci;

--
-- Dumping data for table `xsrs3_workflow_stages`
--

INSERT INTO `xsrs3_workflow_stages` (`id`, `asset_id`, `ordering`, `workflow_id`, `published`, `title`, `description`, `default`, `checked_out_time`, `checked_out`) VALUES
(1, 57, 1, 1, 1, 'COM_WORKFLOW_BASIC_STAGE', '', 1, NULL, NULL);

-- --------------------------------------------------------

--
-- Table structure for table `xsrs3_workflow_transitions`
--

CREATE TABLE `xsrs3_workflow_transitions` (
  `id` int(11) NOT NULL,
  `asset_id` int(11) DEFAULT 0,
  `ordering` int(11) NOT NULL DEFAULT 0,
  `workflow_id` int(11) NOT NULL,
  `published` tinyint(4) NOT NULL DEFAULT 0,
  `title` varchar(255) NOT NULL,
  `description` text NOT NULL,
  `from_stage_id` int(11) NOT NULL,
  `to_stage_id` int(11) NOT NULL,
  `options` text NOT NULL,
  `checked_out_time` datetime DEFAULT NULL,
  `checked_out` int(10) UNSIGNED DEFAULT NULL
) ENGINE=InnoDB DEFAULT CHARSET=utf8mb4 COLLATE=utf8mb4_unicode_ci;

--
-- Dumping data for table `xsrs3_workflow_transitions`
--

INSERT INTO `xsrs3_workflow_transitions` (`id`, `asset_id`, `ordering`, `workflow_id`, `published`, `title`, `description`, `from_stage_id`, `to_stage_id`, `options`, `checked_out_time`, `checked_out`) VALUES
(1, 58, 1, 1, 1, 'UNPUBLISH', '', -1, 1, '{\"publishing\":\"0\"}', NULL, NULL),
(2, 59, 2, 1, 1, 'PUBLISH', '', -1, 1, '{\"publishing\":\"1\"}', NULL, NULL),
(3, 60, 3, 1, 1, 'TRASH', '', -1, 1, '{\"publishing\":\"-2\"}', NULL, NULL),
(4, 61, 4, 1, 1, 'ARCHIVE', '', -1, 1, '{\"publishing\":\"2\"}', NULL, NULL),
(5, 62, 5, 1, 1, 'FEATURE', '', -1, 1, '{\"featuring\":\"1\"}', NULL, NULL),
(6, 63, 6, 1, 1, 'UNFEATURE', '', -1, 1, '{\"featuring\":\"0\"}', NULL, NULL),
(7, 64, 7, 1, 1, 'PUBLISH_AND_FEATURE', '', -1, 1, '{\"publishing\":\"1\",\"featuring\":\"1\"}', NULL, NULL);

--
-- Indexes for dumped tables
--

--
-- Indexes for table `cuod6_action_logs`
--
ALTER TABLE `cuod6_action_logs`
  ADD PRIMARY KEY (`id`),
  ADD KEY `idx_user_id` (`user_id`),
  ADD KEY `idx_user_id_logdate` (`user_id`,`log_date`),
  ADD KEY `idx_user_id_extension` (`user_id`,`extension`),
  ADD KEY `idx_extension_item_id` (`extension`,`item_id`);

--
-- Indexes for table `cuod6_action_logs_extensions`
--
ALTER TABLE `cuod6_action_logs_extensions`
  ADD PRIMARY KEY (`id`);

--
-- Indexes for table `cuod6_action_logs_users`
--
ALTER TABLE `cuod6_action_logs_users`
  ADD PRIMARY KEY (`user_id`),
  ADD KEY `idx_notify` (`notify`);

--
-- Indexes for table `cuod6_action_log_config`
--
ALTER TABLE `cuod6_action_log_config`
  ADD PRIMARY KEY (`id`);

--
-- Indexes for table `cuod6_assets`
--
ALTER TABLE `cuod6_assets`
  ADD PRIMARY KEY (`id`),
  ADD UNIQUE KEY `idx_asset_name` (`name`),
  ADD KEY `idx_lft_rgt` (`lft`,`rgt`),
  ADD KEY `idx_parent_id` (`parent_id`);

--
-- Indexes for table `cuod6_associations`
--
ALTER TABLE `cuod6_associations`
  ADD PRIMARY KEY (`context`,`id`),
  ADD KEY `idx_key` (`key`);

--
-- Indexes for table `cuod6_banners`
--
ALTER TABLE `cuod6_banners`
  ADD PRIMARY KEY (`id`),
  ADD KEY `idx_state` (`state`),
  ADD KEY `idx_own_prefix` (`own_prefix`),
  ADD KEY `idx_metakey_prefix` (`metakey_prefix`(100)),
  ADD KEY `idx_banner_catid` (`catid`),
  ADD KEY `idx_language` (`language`);

--
-- Indexes for table `cuod6_banner_clients`
--
ALTER TABLE `cuod6_banner_clients`
  ADD PRIMARY KEY (`id`),
  ADD KEY `idx_own_prefix` (`own_prefix`),
  ADD KEY `idx_metakey_prefix` (`metakey_prefix`(100));

--
-- Indexes for table `cuod6_banner_tracks`
--
ALTER TABLE `cuod6_banner_tracks`
  ADD PRIMARY KEY (`track_date`,`track_type`,`banner_id`),
  ADD KEY `idx_track_date` (`track_date`),
  ADD KEY `idx_track_type` (`track_type`),
  ADD KEY `idx_banner_id` (`banner_id`);

--
-- Indexes for table `cuod6_categories`
--
ALTER TABLE `cuod6_categories`
  ADD PRIMARY KEY (`id`),
  ADD KEY `cat_idx` (`extension`,`published`,`access`),
  ADD KEY `idx_access` (`access`),
  ADD KEY `idx_checkout` (`checked_out`),
  ADD KEY `idx_path` (`path`(100)),
  ADD KEY `idx_left_right` (`lft`,`rgt`),
  ADD KEY `idx_alias` (`alias`(100)),
  ADD KEY `idx_language` (`language`);

--
-- Indexes for table `cuod6_contact_details`
--
ALTER TABLE `cuod6_contact_details`
  ADD PRIMARY KEY (`id`),
  ADD KEY `idx_access` (`access`),
  ADD KEY `idx_checkout` (`checked_out`),
  ADD KEY `idx_state` (`published`),
  ADD KEY `idx_catid` (`catid`),
  ADD KEY `idx_createdby` (`created_by`),
  ADD KEY `idx_featured_catid` (`featured`,`catid`),
  ADD KEY `idx_language` (`language`);

--
-- Indexes for table `cuod6_content`
--
ALTER TABLE `cuod6_content`
  ADD PRIMARY KEY (`id`),
  ADD KEY `idx_access` (`access`),
  ADD KEY `idx_checkout` (`checked_out`),
  ADD KEY `idx_state` (`state`),
  ADD KEY `idx_catid` (`catid`),
  ADD KEY `idx_createdby` (`created_by`),
  ADD KEY `idx_featured_catid` (`featured`,`catid`),
  ADD KEY `idx_language` (`language`),
  ADD KEY `idx_alias` (`alias`(191));

--
-- Indexes for table `cuod6_contentitem_tag_map`
--
ALTER TABLE `cuod6_contentitem_tag_map`
  ADD UNIQUE KEY `uc_ItemnameTagid` (`type_id`,`content_item_id`,`tag_id`),
  ADD KEY `idx_tag_type` (`tag_id`,`type_id`),
  ADD KEY `idx_date_id` (`tag_date`,`tag_id`),
  ADD KEY `idx_core_content_id` (`core_content_id`);

--
-- Indexes for table `cuod6_content_frontpage`
--
ALTER TABLE `cuod6_content_frontpage`
  ADD PRIMARY KEY (`content_id`);

--
-- Indexes for table `cuod6_content_rating`
--
ALTER TABLE `cuod6_content_rating`
  ADD PRIMARY KEY (`content_id`);

--
-- Indexes for table `cuod6_content_types`
--
ALTER TABLE `cuod6_content_types`
  ADD PRIMARY KEY (`type_id`),
  ADD KEY `idx_alias` (`type_alias`(100));

--
-- Indexes for table `cuod6_easyblog_acl`
--
ALTER TABLE `cuod6_easyblog_acl`
  ADD PRIMARY KEY (`id`),
  ADD KEY `easyblog_post_acl_action` (`action`(190)),
  ADD KEY `idx_acl_published` (`published`),
  ADD KEY `idx_acl_published_id` (`published`,`id`);

--
-- Indexes for table `cuod6_easyblog_acl_group`
--
ALTER TABLE `cuod6_easyblog_acl_group`
  ADD PRIMARY KEY (`id`),
  ADD KEY `easyblog_post_acl_content_type` (`content_id`,`type`(180)),
  ADD KEY `easyblog_post_acl` (`acl_id`),
  ADD KEY `acl_grp_acl_type` (`acl_id`,`type`(190));

--
-- Indexes for table `cuod6_easyblog_adsense`
--
ALTER TABLE `cuod6_easyblog_adsense`
  ADD PRIMARY KEY (`id`),
  ADD KEY `user_id` (`user_id`);

--
-- Indexes for table `cuod6_easyblog_associations`
--
ALTER TABLE `cuod6_easyblog_associations`
  ADD PRIMARY KEY (`id`),
  ADD KEY `idx_postid` (`post_id`),
  ADD KEY `idx_key` (`key`(190));

--
-- Indexes for table `cuod6_easyblog_autoarticle_map`
--
ALTER TABLE `cuod6_easyblog_autoarticle_map`
  ADD PRIMARY KEY (`id`),
  ADD KEY `autoarticle_map_post_id` (`post_id`),
  ADD KEY `autoarticle_map_content_id` (`content_id`);

--
-- Indexes for table `cuod6_easyblog_captcha`
--
ALTER TABLE `cuod6_easyblog_captcha`
  ADD PRIMARY KEY (`id`);

--
-- Indexes for table `cuod6_easyblog_category`
--
ALTER TABLE `cuod6_easyblog_category`
  ADD PRIMARY KEY (`id`),
  ADD KEY `easyblog_cat_published` (`published`),
  ADD KEY `easyblog_cat_parentid` (`parent_id`),
  ADD KEY `easyblog_cat_private` (`private`),
  ADD KEY `easyblog_cat_lft` (`lft`),
  ADD KEY `idx_category_access` (`published`,`parent_id`,`private`,`lft`),
  ADD KEY `idx_category_alias` (`alias`(190)),
  ADD KEY `idx_category_alias_id` (`alias`(180),`id`),
  ADD KEY `idx_cat_lftrgt` (`lft`,`rgt`),
  ADD KEY `idx_author` (`created_by`),
  ADD KEY `idx_re_autopost` (`repost_autoposting`,`repost_autoposting_interval`);

--
-- Indexes for table `cuod6_easyblog_category_acl`
--
ALTER TABLE `cuod6_easyblog_category_acl`
  ADD PRIMARY KEY (`id`),
  ADD KEY `easyblog_category_acl` (`category_id`),
  ADD KEY `easyblog_category_acl_id` (`acl_id`),
  ADD KEY `easyblog_content_type` (`content_id`,`type`(190)),
  ADD KEY `easyblog_category_content_type` (`category_id`,`content_id`,`type`(190)),
  ADD KEY `idx_cat_post_acl` (`category_id`,`acl_id`,`content_id`);

--
-- Indexes for table `cuod6_easyblog_category_fields_groups`
--
ALTER TABLE `cuod6_easyblog_category_fields_groups`
  ADD PRIMARY KEY (`id`),
  ADD KEY `category_id` (`category_id`,`group_id`),
  ADD KEY `cat_id` (`category_id`);

--
-- Indexes for table `cuod6_easyblog_comment`
--
ALTER TABLE `cuod6_easyblog_comment`
  ADD PRIMARY KEY (`id`),
  ADD KEY `easyblog_comment_postid` (`post_id`),
  ADD KEY `easyblog_comment_parent_id` (`parent_id`),
  ADD KEY `idx_comment_createdby` (`created_by`),
  ADD KEY `idx_comment_post_items` (`post_id`,`published`,`rgt`);

--
-- Indexes for table `cuod6_easyblog_composer_blocks`
--
ALTER TABLE `cuod6_easyblog_composer_blocks`
  ADD PRIMARY KEY (`id`),
  ADD KEY `idx_published` (`published`),
  ADD KEY `idx_ordering` (`ordering`);

--
-- Indexes for table `cuod6_easyblog_composer_block_templates`
--
ALTER TABLE `cuod6_easyblog_composer_block_templates`
  ADD PRIMARY KEY (`id`),
  ADD KEY `idx_published` (`published`),
  ADD KEY `idx_user_id` (`user_id`),
  ADD KEY `idx_composer_list` (`user_id`,`global`,`published`);

--
-- Indexes for table `cuod6_easyblog_download`
--
ALTER TABLE `cuod6_easyblog_download`
  ADD PRIMARY KEY (`id`),
  ADD KEY `idx_userid` (`userid`),
  ADD KEY `idx_state` (`state`),
  ADD KEY `idx_created` (`created`);

--
-- Indexes for table `cuod6_easyblog_external`
--
ALTER TABLE `cuod6_easyblog_external`
  ADD PRIMARY KEY (`id`),
  ADD KEY `external_groups_post_id` (`post_id`),
  ADD KEY `external_groups_group_id` (`uid`),
  ADD KEY `external_groups_posts` (`uid`,`post_id`);

--
-- Indexes for table `cuod6_easyblog_external_groups`
--
ALTER TABLE `cuod6_easyblog_external_groups`
  ADD PRIMARY KEY (`id`),
  ADD KEY `external_groups_post_id` (`post_id`),
  ADD KEY `external_groups_group_id` (`group_id`),
  ADD KEY `external_groups_posts` (`group_id`,`post_id`);

--
-- Indexes for table `cuod6_easyblog_favourites`
--
ALTER TABLE `cuod6_easyblog_favourites`
  ADD PRIMARY KEY (`id`),
  ADD KEY `idx_user_post` (`postId`,`userId`);

--
-- Indexes for table `cuod6_easyblog_featured`
--
ALTER TABLE `cuod6_easyblog_featured`
  ADD PRIMARY KEY (`id`),
  ADD KEY `easyblog_featured_content_type` (`content_id`,`type`(190)),
  ADD KEY `easyblog_content` (`content_id`),
  ADD KEY `idx_featured_created` (`created`);

--
-- Indexes for table `cuod6_easyblog_feedburner`
--
ALTER TABLE `cuod6_easyblog_feedburner`
  ADD PRIMARY KEY (`id`);

--
-- Indexes for table `cuod6_easyblog_feeds`
--
ALTER TABLE `cuod6_easyblog_feeds`
  ADD PRIMARY KEY (`id`),
  ADD KEY `cron` (`cron`),
  ADD KEY `item_creator` (`item_creator`),
  ADD KEY `author` (`author`),
  ADD KEY `item_frontpage` (`item_frontpage`);

--
-- Indexes for table `cuod6_easyblog_feeds_history`
--
ALTER TABLE `cuod6_easyblog_feeds_history`
  ADD PRIMARY KEY (`id`),
  ADD KEY `feed_post_id` (`feed_id`,`post_id`),
  ADD KEY `feed_uids` (`feed_id`,`uid`(180)),
  ADD KEY `idx_postid` (`post_id`);

--
-- Indexes for table `cuod6_easyblog_fields`
--
ALTER TABLE `cuod6_easyblog_fields`
  ADD PRIMARY KEY (`id`),
  ADD KEY `group_id` (`group_id`),
  ADD KEY `idx_ordering` (`ordering`),
  ADD KEY `idx_group_ordering` (`group_id`,`ordering`);

--
-- Indexes for table `cuod6_easyblog_fields_filter`
--
ALTER TABLE `cuod6_easyblog_fields_filter`
  ADD PRIMARY KEY (`id`),
  ADD KEY `user_cid` (`user_id`,`cid`);

--
-- Indexes for table `cuod6_easyblog_fields_groups`
--
ALTER TABLE `cuod6_easyblog_fields_groups`
  ADD PRIMARY KEY (`id`),
  ADD KEY `state` (`state`);

--
-- Indexes for table `cuod6_easyblog_fields_groups_acl`
--
ALTER TABLE `cuod6_easyblog_fields_groups_acl`
  ADD PRIMARY KEY (`id`);

--
-- Indexes for table `cuod6_easyblog_fields_values`
--
ALTER TABLE `cuod6_easyblog_fields_values`
  ADD PRIMARY KEY (`id`),
  ADD KEY `field_id` (`field_id`),
  ADD KEY `post_id` (`post_id`);

--
-- Indexes for table `cuod6_easyblog_hashkeys`
--
ALTER TABLE `cuod6_easyblog_hashkeys`
  ADD PRIMARY KEY (`id`),
  ADD KEY `uid` (`uid`),
  ADD KEY `type` (`type`(190));

--
-- Indexes for table `cuod6_easyblog_languages`
--
ALTER TABLE `cuod6_easyblog_languages`
  ADD PRIMARY KEY (`id`);

--
-- Indexes for table `cuod6_easyblog_likes`
--
ALTER TABLE `cuod6_easyblog_likes`
  ADD PRIMARY KEY (`id`),
  ADD KEY `easyblog_content_type` (`type`,`content_id`),
  ADD KEY `easyblog_contentid` (`content_id`),
  ADD KEY `easyblog_createdby` (`created_by`);

--
-- Indexes for table `cuod6_easyblog_mailq`
--
ALTER TABLE `cuod6_easyblog_mailq`
  ADD PRIMARY KEY (`id`),
  ADD KEY `easyblog_mailq_status` (`status`),
  ADD KEY `idx_mailq_created` (`created`),
  ADD KEY `idx_mailq_statuscreated` (`status`,`created`);

--
-- Indexes for table `cuod6_easyblog_media`
--
ALTER TABLE `cuod6_easyblog_media`
  ADD PRIMARY KEY (`id`),
  ADD KEY `uri` (`uri`(190)),
  ADD KEY `key` (`key`(190)),
  ADD KEY `idx_url` (`url`(128)),
  ADD KEY `idx_type` (`type`),
  ADD KEY `idx_places` (`place`(32)),
  ADD KEY `idx_cron_optimiser` (`type`(32),`place`(32));

--
-- Indexes for table `cuod6_easyblog_meta`
--
ALTER TABLE `cuod6_easyblog_meta`
  ADD PRIMARY KEY (`id`),
  ADD KEY `idx_meta_content_type` (`content_id`,`type`);

--
-- Indexes for table `cuod6_easyblog_migrate_content`
--
ALTER TABLE `cuod6_easyblog_migrate_content`
  ADD PRIMARY KEY (`id`),
  ADD KEY `content_id` (`content_id`),
  ADD KEY `post_id` (`post_id`),
  ADD KEY `session_id` (`session_id`(190)),
  ADD KEY `component_content` (`content_id`,`component`(180));

--
-- Indexes for table `cuod6_easyblog_oauth`
--
ALTER TABLE `cuod6_easyblog_oauth`
  ADD PRIMARY KEY (`id`),
  ADD KEY `easyblog_oauth_user_type` (`user_id`,`type`(150)),
  ADD KEY `idx_created` (`created`),
  ADD KEY `idx_expiry_notify` (`type`(150),`notify`,`system`);

--
-- Indexes for table `cuod6_easyblog_oauth_logs`
--
ALTER TABLE `cuod6_easyblog_oauth_logs`
  ADD PRIMARY KEY (`id`),
  ADD KEY `idx_postid` (`post_id`),
  ADD KEY `idx_oauthid` (`oauth_id`),
  ADD KEY `idx_status` (`status`);

--
-- Indexes for table `cuod6_easyblog_oauth_posts`
--
ALTER TABLE `cuod6_easyblog_oauth_posts`
  ADD PRIMARY KEY (`id`),
  ADD KEY `easyblog_oauth_posts_ids` (`oauth_id`,`post_id`);

--
-- Indexes for table `cuod6_easyblog_oauth_tmp`
--
ALTER TABLE `cuod6_easyblog_oauth_tmp`
  ADD PRIMARY KEY (`id`),
  ADD KEY `idx_types` (`type`,`system`),
  ADD KEY `idx_users` (`type`,`system`,`user_id`);

--
-- Indexes for table `cuod6_easyblog_optimizer`
--
ALTER TABLE `cuod6_easyblog_optimizer`
  ADD PRIMARY KEY (`id`),
  ADD KEY `status` (`status`),
  ADD KEY `idx_fileurl` (`url`(128)),
  ADD KEY `idx_filestatus` (`url`(128),`status`);

--
-- Indexes for table `cuod6_easyblog_packages`
--
ALTER TABLE `cuod6_easyblog_packages`
  ADD PRIMARY KEY (`id`);

--
-- Indexes for table `cuod6_easyblog_polls`
--
ALTER TABLE `cuod6_easyblog_polls`
  ADD PRIMARY KEY (`id`),
  ADD KEY `idx_get_polls` (`state`),
  ADD KEY `idx_get_user_polls` (`state`,`user_id`);

--
-- Indexes for table `cuod6_easyblog_polls_items`
--
ALTER TABLE `cuod6_easyblog_polls_items`
  ADD PRIMARY KEY (`id`),
  ADD KEY `idx_poll_id` (`poll_id`),
  ADD KEY `idx_get_items` (`poll_id`,`id`);

--
-- Indexes for table `cuod6_easyblog_polls_users`
--
ALTER TABLE `cuod6_easyblog_polls_users`
  ADD PRIMARY KEY (`id`),
  ADD KEY `idx_poll_id` (`poll_id`),
  ADD KEY `idx_has_voted` (`poll_id`,`user_id`),
  ADD KEY `idx_voted_items` (`poll_id`,`item_id`);

--
-- Indexes for table `cuod6_easyblog_post`
--
ALTER TABLE `cuod6_easyblog_post`
  ADD PRIMARY KEY (`id`),
  ADD KEY `easyblog_post_catid` (`category_id`),
  ADD KEY `easyblog_post_published` (`published`),
  ADD KEY `easyblog_post_created_by` (`created_by`),
  ADD KEY `easyblog_post_blogger_list` (`published`,`id`,`created_by`),
  ADD KEY `easyblog_post_searchnew` (`access`,`published`,`created`),
  ADD KEY `easyblog_frontpage1` (`published`,`frontpage`,`created`),
  ADD KEY `idx_pre_soucetype_postcount` (`published`,`state`,`source_type`,`source_id`),
  ADD KEY `idx_post_sql1` (`published`,`state`,`source_type`,`source_id`,`created`),
  ADD KEY `idx_post_revision` (`revision_id`),
  ADD KEY `idx_permalink` (`permalink`(190)),
  ADD KEY `idx_publishdown_posts` (`publish_down`,`published`,`state`),
  ADD KEY `idx_latest_posts` (`published`,`state`,`access`,`frontpage`,`created`);
ALTER TABLE `cuod6_easyblog_post` ADD FULLTEXT KEY `idx_post_title` (`title`);

--
-- Indexes for table `cuod6_easyblog_post_assets`
--
ALTER TABLE `cuod6_easyblog_post_assets`
  ADD PRIMARY KEY (`id`),
  ADD KEY `blog_id` (`post_id`);

--
-- Indexes for table `cuod6_easyblog_post_category`
--
ALTER TABLE `cuod6_easyblog_post_category`
  ADD PRIMARY KEY (`id`),
  ADD KEY `eb_post_category_postid` (`post_id`),
  ADD KEY `eb_post_category_catid` (`category_id`),
  ADD KEY `eb_post_category_post_cat` (`post_id`,`category_id`),
  ADD KEY `eb_post_category_cat_post` (`category_id`,`post_id`);

--
-- Indexes for table `cuod6_easyblog_post_rejected`
--
ALTER TABLE `cuod6_easyblog_post_rejected`
  ADD PRIMARY KEY (`id`),
  ADD KEY `draft_id` (`post_id`);

--
-- Indexes for table `cuod6_easyblog_post_tag`
--
ALTER TABLE `cuod6_easyblog_post_tag`
  ADD PRIMARY KEY (`id`),
  ADD KEY `easyblog_post_tag_tag_id` (`tag_id`),
  ADD KEY `easyblog_post_tag_post_id` (`post_id`),
  ADD KEY `easyblog_post_tagpost_id` (`tag_id`,`post_id`);

--
-- Indexes for table `cuod6_easyblog_post_templates`
--
ALTER TABLE `cuod6_easyblog_post_templates`
  ADD PRIMARY KEY (`id`),
  ADD KEY `user_id` (`user_id`);

--
-- Indexes for table `cuod6_easyblog_ratings`
--
ALTER TABLE `cuod6_easyblog_ratings`
  ADD PRIMARY KEY (`id`),
  ADD KEY `post_id` (`uid`),
  ADD KEY `created_by` (`created_by`),
  ADD KEY `rating` (`value`),
  ADD KEY `idx_uid_type` (`uid`,`type`(64),`value`),
  ADD KEY `idx_uid_type_user` (`uid`,`type`(64),`created_by`),
  ADD KEY `idx_uid_type_user_session` (`created_by`,`sessionid`(170)),
  ADD KEY `idx_uid_type_user_ipaddr` (`uid`,`type`(64),`created_by`,`ip`);

--
-- Indexes for table `cuod6_easyblog_reactions`
--
ALTER TABLE `cuod6_easyblog_reactions`
  ADD PRIMARY KEY (`id`);

--
-- Indexes for table `cuod6_easyblog_reactions_history`
--
ALTER TABLE `cuod6_easyblog_reactions_history`
  ADD PRIMARY KEY (`id`),
  ADD KEY `post_id` (`post_id`,`reaction_id`),
  ADD KEY `user_id` (`user_id`),
  ADD KEY `token_id` (`token_id`(190));

--
-- Indexes for table `cuod6_easyblog_reports`
--
ALTER TABLE `cuod6_easyblog_reports`
  ADD PRIMARY KEY (`id`),
  ADD KEY `obj_id` (`obj_id`,`created_by`);

--
-- Indexes for table `cuod6_easyblog_revisions`
--
ALTER TABLE `cuod6_easyblog_revisions`
  ADD PRIMARY KEY (`id`),
  ADD KEY `idx_postid` (`post_id`),
  ADD KEY `idx_ordering` (`post_id`,`ordering`),
  ADD KEY `idx_revision_state` (`post_id`,`state`),
  ADD KEY `idx_state` (`state`);

--
-- Indexes for table `cuod6_easyblog_subscriptions`
--
ALTER TABLE `cuod6_easyblog_subscriptions`
  ADD PRIMARY KEY (`id`),
  ADD KEY `easyblog_subscriptions_types` (`uid`,`utype`),
  ADD KEY `easyblog_subscriptions_types_userid` (`uid`,`utype`,`user_id`),
  ADD KEY `easyblog_subscriptions_types_email` (`uid`,`utype`,`email`),
  ADD KEY `easyblog_subscriptions_userid` (`user_id`),
  ADD KEY `easyblog_subscriptions_email` (`email`);

--
-- Indexes for table `cuod6_easyblog_tag`
--
ALTER TABLE `cuod6_easyblog_tag`
  ADD PRIMARY KEY (`id`),
  ADD KEY `easyblog_tag_title` (`title`(190)),
  ADD KEY `easyblog_tag_published` (`published`),
  ADD KEY `easyblog_tag_alias` (`alias`(190)),
  ADD KEY `easyblog_tag_query1` (`published`,`id`,`title`(170)),
  ADD KEY `idx_created_by` (`created_by`);

--
-- Indexes for table `cuod6_easyblog_team`
--
ALTER TABLE `cuod6_easyblog_team`
  ADD PRIMARY KEY (`id`),
  ADD KEY `idx_viewable_team` (`published`,`access`,`created`),
  ADD KEY `idx_published` (`published`),
  ADD KEY `idx_access` (`access`),
  ADD KEY `idx_created` (`created`);

--
-- Indexes for table `cuod6_easyblog_team_groups`
--
ALTER TABLE `cuod6_easyblog_team_groups`
  ADD KEY `team_id` (`team_id`),
  ADD KEY `group_id` (`group_id`),
  ADD KEY `idx_team_group` (`team_id`,`group_id`);

--
-- Indexes for table `cuod6_easyblog_team_post`
--
ALTER TABLE `cuod6_easyblog_team_post`
  ADD KEY `easyblog_teampost_tid` (`team_id`),
  ADD KEY `easyblog_teampost_pid` (`post_id`);

--
-- Indexes for table `cuod6_easyblog_team_request`
--
ALTER TABLE `cuod6_easyblog_team_request`
  ADD PRIMARY KEY (`id`),
  ADD KEY `easyblog_team_request_teamid` (`team_id`),
  ADD KEY `easyblog_team_request_userid` (`user_id`),
  ADD KEY `easyblog_team_request_pending` (`ispending`);

--
-- Indexes for table `cuod6_easyblog_team_users`
--
ALTER TABLE `cuod6_easyblog_team_users`
  ADD KEY `easyblog_team_id` (`team_id`),
  ADD KEY `easyblog_team_userid` (`user_id`),
  ADD KEY `easyblog_team_isadmin` (`team_id`,`user_id`,`isadmin`);

--
-- Indexes for table `cuod6_easyblog_themes_overrides`
--
ALTER TABLE `cuod6_easyblog_themes_overrides`
  ADD PRIMARY KEY (`id`);

--
-- Indexes for table `cuod6_easyblog_twitter_microblog`
--
ALTER TABLE `cuod6_easyblog_twitter_microblog`
  ADD KEY `post_id` (`post_id`),
  ADD KEY `id_str` (`id_str`(190));

--
-- Indexes for table `cuod6_easyblog_uploader_tmp`
--
ALTER TABLE `cuod6_easyblog_uploader_tmp`
  ADD PRIMARY KEY (`id`),
  ADD KEY `uid` (`uid`,`type`(190)),
  ADD KEY `idx_uploader_created` (`created`);

--
-- Indexes for table `cuod6_easyblog_users`
--
ALTER TABLE `cuod6_easyblog_users`
  ADD PRIMARY KEY (`id`),
  ADD KEY `easyblog_users_permalink` (`permalink`(190));

--
-- Indexes for table `cuod6_easyblog_xml_wpdata`
--
ALTER TABLE `cuod6_easyblog_xml_wpdata`
  ADD PRIMARY KEY (`id`),
  ADD KEY `xml_wpdate_session` (`session_id`(190)),
  ADD KEY `xml_wpdate_post_source` (`post_id`,`source`);

--
-- Indexes for table `cuod6_extensions`
--
ALTER TABLE `cuod6_extensions`
  ADD PRIMARY KEY (`extension_id`),
  ADD KEY `element_clientid` (`element`,`client_id`),
  ADD KEY `element_folder_clientid` (`element`,`folder`,`client_id`),
  ADD KEY `extension` (`type`,`element`,`folder`,`client_id`);

--
-- Indexes for table `cuod6_fields`
--
ALTER TABLE `cuod6_fields`
  ADD PRIMARY KEY (`id`),
  ADD KEY `idx_checkout` (`checked_out`),
  ADD KEY `idx_state` (`state`),
  ADD KEY `idx_created_user_id` (`created_user_id`),
  ADD KEY `idx_access` (`access`),
  ADD KEY `idx_context` (`context`(191)),
  ADD KEY `idx_language` (`language`);

--
-- Indexes for table `cuod6_fields_categories`
--
ALTER TABLE `cuod6_fields_categories`
  ADD PRIMARY KEY (`field_id`,`category_id`);

--
-- Indexes for table `cuod6_fields_groups`
--
ALTER TABLE `cuod6_fields_groups`
  ADD PRIMARY KEY (`id`),
  ADD KEY `idx_checkout` (`checked_out`),
  ADD KEY `idx_state` (`state`),
  ADD KEY `idx_created_by` (`created_by`),
  ADD KEY `idx_access` (`access`),
  ADD KEY `idx_context` (`context`(191)),
  ADD KEY `idx_language` (`language`);

--
-- Indexes for table `cuod6_fields_values`
--
ALTER TABLE `cuod6_fields_values`
  ADD KEY `idx_field_id` (`field_id`),
  ADD KEY `idx_item_id` (`item_id`(191));

--
-- Indexes for table `cuod6_finder_filters`
--
ALTER TABLE `cuod6_finder_filters`
  ADD PRIMARY KEY (`filter_id`);

--
-- Indexes for table `cuod6_finder_links`
--
ALTER TABLE `cuod6_finder_links`
  ADD PRIMARY KEY (`link_id`),
  ADD KEY `idx_type` (`type_id`),
  ADD KEY `idx_title` (`title`(100)),
  ADD KEY `idx_md5` (`md5sum`),
  ADD KEY `idx_url` (`url`(75)),
  ADD KEY `idx_language` (`language`),
  ADD KEY `idx_published_list` (`published`,`state`,`access`,`publish_start_date`,`publish_end_date`,`list_price`),
  ADD KEY `idx_published_sale` (`published`,`state`,`access`,`publish_start_date`,`publish_end_date`,`sale_price`);

--
-- Indexes for table `cuod6_finder_links_terms`
--
ALTER TABLE `cuod6_finder_links_terms`
  ADD PRIMARY KEY (`link_id`,`term_id`),
  ADD KEY `idx_term_weight` (`term_id`,`weight`),
  ADD KEY `idx_link_term_weight` (`link_id`,`term_id`,`weight`);

--
-- Indexes for table `cuod6_finder_logging`
--
ALTER TABLE `cuod6_finder_logging`
  ADD PRIMARY KEY (`md5sum`),
  ADD KEY `searchterm` (`searchterm`(191));

--
-- Indexes for table `cuod6_finder_taxonomy`
--
ALTER TABLE `cuod6_finder_taxonomy`
  ADD PRIMARY KEY (`id`),
  ADD KEY `idx_state` (`state`),
  ADD KEY `idx_access` (`access`),
  ADD KEY `idx_path` (`path`(100)),
  ADD KEY `idx_level` (`level`),
  ADD KEY `idx_left_right` (`lft`,`rgt`),
  ADD KEY `idx_alias` (`alias`(100)),
  ADD KEY `idx_language` (`language`),
  ADD KEY `idx_parent_published` (`parent_id`,`state`,`access`);

--
-- Indexes for table `cuod6_finder_taxonomy_map`
--
ALTER TABLE `cuod6_finder_taxonomy_map`
  ADD PRIMARY KEY (`link_id`,`node_id`),
  ADD KEY `link_id` (`link_id`),
  ADD KEY `node_id` (`node_id`);

--
-- Indexes for table `cuod6_finder_terms`
--
ALTER TABLE `cuod6_finder_terms`
  ADD PRIMARY KEY (`term_id`),
  ADD UNIQUE KEY `idx_term_language` (`term`,`language`),
  ADD KEY `idx_stem` (`stem`),
  ADD KEY `idx_term_phrase` (`term`,`phrase`),
  ADD KEY `idx_stem_phrase` (`stem`,`phrase`),
  ADD KEY `idx_soundex_phrase` (`soundex`,`phrase`),
  ADD KEY `idx_language` (`language`);

--
-- Indexes for table `cuod6_finder_terms_common`
--
ALTER TABLE `cuod6_finder_terms_common`
  ADD UNIQUE KEY `idx_term_language` (`term`,`language`),
  ADD KEY `idx_lang` (`language`);

--
-- Indexes for table `cuod6_finder_tokens`
--
ALTER TABLE `cuod6_finder_tokens`
  ADD KEY `idx_word` (`term`),
  ADD KEY `idx_stem` (`stem`),
  ADD KEY `idx_context` (`context`),
  ADD KEY `idx_language` (`language`);

--
-- Indexes for table `cuod6_finder_tokens_aggregate`
--
ALTER TABLE `cuod6_finder_tokens_aggregate`
  ADD KEY `token` (`term`),
  ADD KEY `keyword_id` (`term_id`);

--
-- Indexes for table `cuod6_finder_types`
--
ALTER TABLE `cuod6_finder_types`
  ADD PRIMARY KEY (`id`),
  ADD UNIQUE KEY `title` (`title`);

--
-- Indexes for table `cuod6_guidedtours`
--
ALTER TABLE `cuod6_guidedtours`
  ADD PRIMARY KEY (`id`),
  ADD KEY `idx_access` (`access`),
  ADD KEY `idx_state` (`published`),
  ADD KEY `idx_language` (`language`),
  ADD KEY `idx_uid` (`uid`(191));

--
-- Indexes for table `cuod6_guidedtour_steps`
--
ALTER TABLE `cuod6_guidedtour_steps`
  ADD PRIMARY KEY (`id`),
  ADD KEY `idx_tour` (`tour_id`),
  ADD KEY `idx_state` (`published`),
  ADD KEY `idx_language` (`language`);

--
-- Indexes for table `cuod6_history`
--
ALTER TABLE `cuod6_history`
  ADD PRIMARY KEY (`version_id`),
  ADD KEY `idx_ucm_item_id` (`item_id`),
  ADD KEY `idx_save_date` (`save_date`);

--
-- Indexes for table `cuod6_languages`
--
ALTER TABLE `cuod6_languages`
  ADD PRIMARY KEY (`lang_id`),
  ADD UNIQUE KEY `idx_sef` (`sef`),
  ADD UNIQUE KEY `idx_langcode` (`lang_code`),
  ADD KEY `idx_access` (`access`),
  ADD KEY `idx_ordering` (`ordering`);

--
-- Indexes for table `cuod6_mail_templates`
--
ALTER TABLE `cuod6_mail_templates`
  ADD PRIMARY KEY (`template_id`,`language`);

--
-- Indexes for table `cuod6_menu`
--
ALTER TABLE `cuod6_menu`
  ADD PRIMARY KEY (`id`),
  ADD UNIQUE KEY `idx_client_id_parent_id_alias_language` (`client_id`,`parent_id`,`alias`(100),`language`),
  ADD KEY `idx_componentid` (`component_id`,`menutype`,`published`,`access`),
  ADD KEY `idx_menutype` (`menutype`),
  ADD KEY `idx_left_right` (`lft`,`rgt`),
  ADD KEY `idx_alias` (`alias`(100)),
  ADD KEY `idx_path` (`path`(100)),
  ADD KEY `idx_language` (`language`);

--
-- Indexes for table `cuod6_menu_types`
--
ALTER TABLE `cuod6_menu_types`
  ADD PRIMARY KEY (`id`),
  ADD UNIQUE KEY `idx_menutype` (`menutype`);

--
-- Indexes for table `cuod6_messages`
--
ALTER TABLE `cuod6_messages`
  ADD PRIMARY KEY (`message_id`),
  ADD KEY `useridto_state` (`user_id_to`,`state`);

--
-- Indexes for table `cuod6_messages_cfg`
--
ALTER TABLE `cuod6_messages_cfg`
  ADD UNIQUE KEY `idx_user_var_name` (`user_id`,`cfg_name`);

--
-- Indexes for table `cuod6_modules`
--
ALTER TABLE `cuod6_modules`
  ADD PRIMARY KEY (`id`),
  ADD KEY `published` (`published`,`access`),
  ADD KEY `newsfeeds` (`module`,`published`),
  ADD KEY `idx_language` (`language`);

--
-- Indexes for table `cuod6_modules_menu`
--
ALTER TABLE `cuod6_modules_menu`
  ADD PRIMARY KEY (`moduleid`,`menuid`);

--
-- Indexes for table `cuod6_newsfeeds`
--
ALTER TABLE `cuod6_newsfeeds`
  ADD PRIMARY KEY (`id`),
  ADD KEY `idx_access` (`access`),
  ADD KEY `idx_checkout` (`checked_out`),
  ADD KEY `idx_state` (`published`),
  ADD KEY `idx_catid` (`catid`),
  ADD KEY `idx_createdby` (`created_by`),
  ADD KEY `idx_language` (`language`);

--
-- Indexes for table `cuod6_overrider`
--
ALTER TABLE `cuod6_overrider`
  ADD PRIMARY KEY (`id`);

--
-- Indexes for table `cuod6_postinstall_messages`
--
ALTER TABLE `cuod6_postinstall_messages`
  ADD PRIMARY KEY (`postinstall_message_id`);

--
-- Indexes for table `cuod6_privacy_consents`
--
ALTER TABLE `cuod6_privacy_consents`
  ADD PRIMARY KEY (`id`),
  ADD KEY `idx_user_id` (`user_id`);

--
-- Indexes for table `cuod6_privacy_requests`
--
ALTER TABLE `cuod6_privacy_requests`
  ADD PRIMARY KEY (`id`);

--
-- Indexes for table `cuod6_redirect_links`
--
ALTER TABLE `cuod6_redirect_links`
  ADD PRIMARY KEY (`id`),
  ADD KEY `idx_old_url` (`old_url`(100)),
  ADD KEY `idx_link_modified` (`modified_date`);

--
-- Indexes for table `cuod6_rsform_calculations`
--
ALTER TABLE `cuod6_rsform_calculations`
  ADD PRIMARY KEY (`id`),
  ADD KEY `formId` (`formId`),
  ADD KEY `ordering` (`ordering`),
  ADD KEY `formId_2` (`formId`,`ordering`);

--
-- Indexes for table `cuod6_rsform_components`
--
ALTER TABLE `cuod6_rsform_components`
  ADD UNIQUE KEY `ComponentId` (`ComponentId`),
  ADD KEY `ComponentTypeId` (`ComponentTypeId`),
  ADD KEY `FormId` (`FormId`);

--
-- Indexes for table `cuod6_rsform_component_types`
--
ALTER TABLE `cuod6_rsform_component_types`
  ADD PRIMARY KEY (`ComponentTypeId`);

--
-- Indexes for table `cuod6_rsform_component_type_fields`
--
ALTER TABLE `cuod6_rsform_component_type_fields`
  ADD KEY `ComponentTypeId` (`ComponentTypeId`);

--
-- Indexes for table `cuod6_rsform_conditions`
--
ALTER TABLE `cuod6_rsform_conditions`
  ADD PRIMARY KEY (`id`),
  ADD KEY `form_id` (`form_id`);

--
-- Indexes for table `cuod6_rsform_condition_details`
--
ALTER TABLE `cuod6_rsform_condition_details`
  ADD PRIMARY KEY (`id`),
  ADD KEY `condition_id` (`condition_id`),
  ADD KEY `component_id` (`component_id`);

--
-- Indexes for table `cuod6_rsform_config`
--
ALTER TABLE `cuod6_rsform_config`
  ADD PRIMARY KEY (`SettingName`);

--
-- Indexes for table `cuod6_rsform_constantcontact`
--
ALTER TABLE `cuod6_rsform_constantcontact`
  ADD PRIMARY KEY (`form_id`);

--
-- Indexes for table `cuod6_rsform_directory`
--
ALTER TABLE `cuod6_rsform_directory`
  ADD PRIMARY KEY (`formId`);

--
-- Indexes for table `cuod6_rsform_directory_fields`
--
ALTER TABLE `cuod6_rsform_directory_fields`
  ADD UNIQUE KEY `formId` (`formId`,`componentId`);

--
-- Indexes for table `cuod6_rsform_emails`
--
ALTER TABLE `cuod6_rsform_emails`
  ADD PRIMARY KEY (`id`);

--
-- Indexes for table `cuod6_rsform_forms`
--
ALTER TABLE `cuod6_rsform_forms`
  ADD PRIMARY KEY (`FormId`);

--
-- Indexes for table `cuod6_rsform_mappings`
--
ALTER TABLE `cuod6_rsform_mappings`
  ADD PRIMARY KEY (`id`);

--
-- Indexes for table `cuod6_rsform_posts`
--
ALTER TABLE `cuod6_rsform_posts`
  ADD PRIMARY KEY (`form_id`);

--
-- Indexes for table `cuod6_rsform_properties`
--
ALTER TABLE `cuod6_rsform_properties`
  ADD UNIQUE KEY `PropertyId` (`PropertyId`),
  ADD KEY `ComponentId` (`ComponentId`);

--
-- Indexes for table `cuod6_rsform_submissions`
--
ALTER TABLE `cuod6_rsform_submissions`
  ADD PRIMARY KEY (`SubmissionId`),
  ADD KEY `FormId` (`FormId`),
  ADD KEY `SubmissionId` (`SubmissionId`,`FormId`,`DateSubmitted`),
  ADD KEY `SubmissionHash` (`SubmissionHash`);

--
-- Indexes for table `cuod6_rsform_submission_columns`
--
ALTER TABLE `cuod6_rsform_submission_columns`
  ADD PRIMARY KEY (`FormId`,`ColumnName`,`ColumnStatic`);

--
-- Indexes for table `cuod6_rsform_submission_values`
--
ALTER TABLE `cuod6_rsform_submission_values`
  ADD PRIMARY KEY (`SubmissionValueId`),
  ADD KEY `FormId` (`FormId`),
  ADD KEY `SubmissionId` (`SubmissionId`);

--
-- Indexes for table `cuod6_rsform_translations`
--
ALTER TABLE `cuod6_rsform_translations`
  ADD PRIMARY KEY (`id`),
  ADD KEY `form_id` (`form_id`),
  ADD KEY `lang_code` (`lang_code`),
  ADD KEY `reference` (`reference`),
  ADD KEY `lang_search` (`form_id`,`lang_code`,`reference`);

--
-- Indexes for table `cuod6_scheduler_tasks`
--
ALTER TABLE `cuod6_scheduler_tasks`
  ADD PRIMARY KEY (`id`),
  ADD KEY `idx_type` (`type`),
  ADD KEY `idx_state` (`state`),
  ADD KEY `idx_last_exit` (`last_exit_code`),
  ADD KEY `idx_next_exec` (`next_execution`),
  ADD KEY `idx_locked` (`locked`),
  ADD KEY `idx_priority` (`priority`),
  ADD KEY `idx_cli_exclusive` (`cli_exclusive`),
  ADD KEY `idx_checked_out` (`checked_out`);

--
-- Indexes for table `cuod6_schemaorg`
--
ALTER TABLE `cuod6_schemaorg`
  ADD PRIMARY KEY (`id`);

--
-- Indexes for table `cuod6_schemas`
--
ALTER TABLE `cuod6_schemas`
  ADD PRIMARY KEY (`extension_id`,`version_id`);

--
-- Indexes for table `cuod6_session`
--
ALTER TABLE `cuod6_session`
  ADD PRIMARY KEY (`session_id`),
  ADD KEY `userid` (`userid`),
  ADD KEY `time` (`time`),
  ADD KEY `client_id_guest` (`client_id`,`guest`);

--
-- Indexes for table `cuod6_tags`
--
ALTER TABLE `cuod6_tags`
  ADD PRIMARY KEY (`id`),
  ADD KEY `tag_idx` (`published`,`access`),
  ADD KEY `idx_access` (`access`),
  ADD KEY `idx_checkout` (`checked_out`),
  ADD KEY `idx_path` (`path`(100)),
  ADD KEY `idx_left_right` (`lft`,`rgt`),
  ADD KEY `idx_alias` (`alias`(100)),
  ADD KEY `idx_language` (`language`);

--
-- Indexes for table `cuod6_template_overrides`
--
ALTER TABLE `cuod6_template_overrides`
  ADD PRIMARY KEY (`id`),
  ADD KEY `idx_template` (`template`),
  ADD KEY `idx_extension_id` (`extension_id`);

--
-- Indexes for table `cuod6_template_styles`
--
ALTER TABLE `cuod6_template_styles`
  ADD PRIMARY KEY (`id`),
  ADD KEY `idx_template` (`template`),
  ADD KEY `idx_client_id` (`client_id`),
  ADD KEY `idx_client_id_home` (`client_id`,`home`);

--
-- Indexes for table `cuod6_tuf_metadata`
--
ALTER TABLE `cuod6_tuf_metadata`
  ADD PRIMARY KEY (`id`);

--
-- Indexes for table `cuod6_ucm_base`
--
ALTER TABLE `cuod6_ucm_base`
  ADD PRIMARY KEY (`ucm_id`),
  ADD KEY `idx_ucm_item_id` (`ucm_item_id`),
  ADD KEY `idx_ucm_type_id` (`ucm_type_id`),
  ADD KEY `idx_ucm_language_id` (`ucm_language_id`);

--
-- Indexes for table `cuod6_ucm_content`
--
ALTER TABLE `cuod6_ucm_content`
  ADD PRIMARY KEY (`core_content_id`),
  ADD KEY `tag_idx` (`core_state`,`core_access`),
  ADD KEY `idx_access` (`core_access`),
  ADD KEY `idx_alias` (`core_alias`(100)),
  ADD KEY `idx_language` (`core_language`),
  ADD KEY `idx_title` (`core_title`(100)),
  ADD KEY `idx_modified_time` (`core_modified_time`),
  ADD KEY `idx_created_time` (`core_created_time`),
  ADD KEY `idx_content_type` (`core_type_alias`(100)),
  ADD KEY `idx_core_modified_user_id` (`core_modified_user_id`),
  ADD KEY `idx_core_checked_out_user_id` (`core_checked_out_user_id`),
  ADD KEY `idx_core_created_user_id` (`core_created_user_id`),
  ADD KEY `idx_core_type_id` (`core_type_id`);

--
-- Indexes for table `cuod6_updates`
--
ALTER TABLE `cuod6_updates`
  ADD PRIMARY KEY (`update_id`);

--
-- Indexes for table `cuod6_update_sites`
--
ALTER TABLE `cuod6_update_sites`
  ADD PRIMARY KEY (`update_site_id`);

--
-- Indexes for table `cuod6_update_sites_extensions`
--
ALTER TABLE `cuod6_update_sites_extensions`
  ADD PRIMARY KEY (`update_site_id`,`extension_id`);

--
-- Indexes for table `cuod6_usergroups`
--
ALTER TABLE `cuod6_usergroups`
  ADD PRIMARY KEY (`id`),
  ADD UNIQUE KEY `idx_usergroup_parent_title_lookup` (`parent_id`,`title`),
  ADD KEY `idx_usergroup_title_lookup` (`title`),
  ADD KEY `idx_usergroup_adjacency_lookup` (`parent_id`),
  ADD KEY `idx_usergroup_nested_set_lookup` (`lft`,`rgt`) USING BTREE;

--
-- Indexes for table `cuod6_users`
--
ALTER TABLE `cuod6_users`
  ADD PRIMARY KEY (`id`),
  ADD UNIQUE KEY `idx_username` (`username`),
  ADD KEY `idx_name` (`name`(100)),
  ADD KEY `idx_block` (`block`),
  ADD KEY `email` (`email`);

--
-- Indexes for table `cuod6_user_keys`
--
ALTER TABLE `cuod6_user_keys`
  ADD PRIMARY KEY (`id`),
  ADD UNIQUE KEY `series` (`series`),
  ADD KEY `user_id` (`user_id`);

--
-- Indexes for table `cuod6_user_mfa`
--
ALTER TABLE `cuod6_user_mfa`
  ADD PRIMARY KEY (`id`),
  ADD KEY `idx_user_id` (`user_id`);

--
-- Indexes for table `cuod6_user_notes`
--
ALTER TABLE `cuod6_user_notes`
  ADD PRIMARY KEY (`id`),
  ADD KEY `idx_user_id` (`user_id`),
  ADD KEY `idx_category_id` (`catid`);

--
-- Indexes for table `cuod6_user_profiles`
--
ALTER TABLE `cuod6_user_profiles`
  ADD UNIQUE KEY `idx_user_id_profile_key` (`user_id`,`profile_key`);

--
-- Indexes for table `cuod6_user_usergroup_map`
--
ALTER TABLE `cuod6_user_usergroup_map`
  ADD PRIMARY KEY (`user_id`,`group_id`);

--
-- Indexes for table `cuod6_viewlevels`
--
ALTER TABLE `cuod6_viewlevels`
  ADD PRIMARY KEY (`id`),
  ADD UNIQUE KEY `idx_assetgroup_title_lookup` (`title`);

--
-- Indexes for table `cuod6_webauthn_credentials`
--
ALTER TABLE `cuod6_webauthn_credentials`
  ADD PRIMARY KEY (`id`(100)),
  ADD KEY `user_id` (`user_id`(100));

--
-- Indexes for table `cuod6_workflows`
--
ALTER TABLE `cuod6_workflows`
  ADD PRIMARY KEY (`id`),
  ADD KEY `idx_asset_id` (`asset_id`),
  ADD KEY `idx_title` (`title`(191)),
  ADD KEY `idx_extension` (`extension`),
  ADD KEY `idx_default` (`default`),
  ADD KEY `idx_created` (`created`),
  ADD KEY `idx_created_by` (`created_by`),
  ADD KEY `idx_modified` (`modified`),
  ADD KEY `idx_modified_by` (`modified_by`),
  ADD KEY `idx_checked_out` (`checked_out`);

--
-- Indexes for table `cuod6_workflow_associations`
--
ALTER TABLE `cuod6_workflow_associations`
  ADD PRIMARY KEY (`item_id`,`extension`),
  ADD KEY `idx_item_stage_extension` (`item_id`,`stage_id`,`extension`),
  ADD KEY `idx_item_id` (`item_id`),
  ADD KEY `idx_stage_id` (`stage_id`),
  ADD KEY `idx_extension` (`extension`);

--
-- Indexes for table `cuod6_workflow_stages`
--
ALTER TABLE `cuod6_workflow_stages`
  ADD PRIMARY KEY (`id`),
  ADD KEY `idx_workflow_id` (`workflow_id`),
  ADD KEY `idx_checked_out` (`checked_out`),
  ADD KEY `idx_title` (`title`(191)),
  ADD KEY `idx_asset_id` (`asset_id`),
  ADD KEY `idx_default` (`default`);

--
-- Indexes for table `cuod6_workflow_transitions`
--
ALTER TABLE `cuod6_workflow_transitions`
  ADD PRIMARY KEY (`id`),
  ADD KEY `idx_title` (`title`(191)),
  ADD KEY `idx_asset_id` (`asset_id`),
  ADD KEY `idx_checked_out` (`checked_out`),
  ADD KEY `idx_from_stage_id` (`from_stage_id`),
  ADD KEY `idx_to_stage_id` (`to_stage_id`),
  ADD KEY `idx_workflow_id` (`workflow_id`);

--
-- Indexes for table `xsrs3_action_logs`
--
ALTER TABLE `xsrs3_action_logs`
  ADD PRIMARY KEY (`id`),
  ADD KEY `idx_user_id` (`user_id`),
  ADD KEY `idx_user_id_logdate` (`user_id`,`log_date`),
  ADD KEY `idx_user_id_extension` (`user_id`,`extension`),
  ADD KEY `idx_extension_item_id` (`extension`,`item_id`);

--
-- Indexes for table `xsrs3_action_logs_extensions`
--
ALTER TABLE `xsrs3_action_logs_extensions`
  ADD PRIMARY KEY (`id`);

--
-- Indexes for table `xsrs3_action_logs_users`
--
ALTER TABLE `xsrs3_action_logs_users`
  ADD PRIMARY KEY (`user_id`),
  ADD KEY `idx_notify` (`notify`);

--
-- Indexes for table `xsrs3_action_log_config`
--
ALTER TABLE `xsrs3_action_log_config`
  ADD PRIMARY KEY (`id`);

--
-- Indexes for table `xsrs3_assets`
--
ALTER TABLE `xsrs3_assets`
  ADD PRIMARY KEY (`id`),
  ADD UNIQUE KEY `idx_asset_name` (`name`),
  ADD KEY `idx_lft_rgt` (`lft`,`rgt`),
  ADD KEY `idx_parent_id` (`parent_id`);

--
-- Indexes for table `xsrs3_associations`
--
ALTER TABLE `xsrs3_associations`
  ADD PRIMARY KEY (`context`,`id`),
  ADD KEY `idx_key` (`key`);

--
-- Indexes for table `xsrs3_banners`
--
ALTER TABLE `xsrs3_banners`
  ADD PRIMARY KEY (`id`),
  ADD KEY `idx_state` (`state`),
  ADD KEY `idx_own_prefix` (`own_prefix`),
  ADD KEY `idx_metakey_prefix` (`metakey_prefix`(100)),
  ADD KEY `idx_banner_catid` (`catid`),
  ADD KEY `idx_language` (`language`);

--
-- Indexes for table `xsrs3_banner_clients`
--
ALTER TABLE `xsrs3_banner_clients`
  ADD PRIMARY KEY (`id`),
  ADD KEY `idx_own_prefix` (`own_prefix`),
  ADD KEY `idx_metakey_prefix` (`metakey_prefix`(100));

--
-- Indexes for table `xsrs3_banner_tracks`
--
ALTER TABLE `xsrs3_banner_tracks`
  ADD PRIMARY KEY (`track_date`,`track_type`,`banner_id`),
  ADD KEY `idx_track_date` (`track_date`),
  ADD KEY `idx_track_type` (`track_type`),
  ADD KEY `idx_banner_id` (`banner_id`);

--
-- Indexes for table `xsrs3_categories`
--
ALTER TABLE `xsrs3_categories`
  ADD PRIMARY KEY (`id`),
  ADD KEY `cat_idx` (`extension`,`published`,`access`),
  ADD KEY `idx_access` (`access`),
  ADD KEY `idx_checkout` (`checked_out`),
  ADD KEY `idx_path` (`path`(100)),
  ADD KEY `idx_left_right` (`lft`,`rgt`),
  ADD KEY `idx_alias` (`alias`(100)),
  ADD KEY `idx_language` (`language`);

--
-- Indexes for table `xsrs3_contact_details`
--
ALTER TABLE `xsrs3_contact_details`
  ADD PRIMARY KEY (`id`),
  ADD KEY `idx_access` (`access`),
  ADD KEY `idx_checkout` (`checked_out`),
  ADD KEY `idx_state` (`published`),
  ADD KEY `idx_catid` (`catid`),
  ADD KEY `idx_createdby` (`created_by`),
  ADD KEY `idx_featured_catid` (`featured`,`catid`),
  ADD KEY `idx_language` (`language`);

--
-- Indexes for table `xsrs3_content`
--
ALTER TABLE `xsrs3_content`
  ADD PRIMARY KEY (`id`),
  ADD KEY `idx_access` (`access`),
  ADD KEY `idx_checkout` (`checked_out`),
  ADD KEY `idx_state` (`state`),
  ADD KEY `idx_catid` (`catid`),
  ADD KEY `idx_createdby` (`created_by`),
  ADD KEY `idx_featured_catid` (`featured`,`catid`),
  ADD KEY `idx_language` (`language`),
  ADD KEY `idx_alias` (`alias`(191));

--
-- Indexes for table `xsrs3_contentitem_tag_map`
--
ALTER TABLE `xsrs3_contentitem_tag_map`
  ADD UNIQUE KEY `uc_ItemnameTagid` (`type_id`,`content_item_id`,`tag_id`),
  ADD KEY `idx_tag_type` (`tag_id`,`type_id`),
  ADD KEY `idx_date_id` (`tag_date`,`tag_id`),
  ADD KEY `idx_core_content_id` (`core_content_id`);

--
-- Indexes for table `xsrs3_content_frontpage`
--
ALTER TABLE `xsrs3_content_frontpage`
  ADD PRIMARY KEY (`content_id`);

--
-- Indexes for table `xsrs3_content_rating`
--
ALTER TABLE `xsrs3_content_rating`
  ADD PRIMARY KEY (`content_id`);

--
-- Indexes for table `xsrs3_content_types`
--
ALTER TABLE `xsrs3_content_types`
  ADD PRIMARY KEY (`type_id`),
  ADD KEY `idx_alias` (`type_alias`(100));

--
-- Indexes for table `xsrs3_extensions`
--
ALTER TABLE `xsrs3_extensions`
  ADD PRIMARY KEY (`extension_id`),
  ADD KEY `element_clientid` (`element`,`client_id`),
  ADD KEY `element_folder_clientid` (`element`,`folder`,`client_id`),
  ADD KEY `extension` (`type`,`element`,`folder`,`client_id`);

--
-- Indexes for table `xsrs3_fields`
--
ALTER TABLE `xsrs3_fields`
  ADD PRIMARY KEY (`id`),
  ADD KEY `idx_checkout` (`checked_out`),
  ADD KEY `idx_state` (`state`),
  ADD KEY `idx_created_user_id` (`created_user_id`),
  ADD KEY `idx_access` (`access`),
  ADD KEY `idx_context` (`context`(191)),
  ADD KEY `idx_language` (`language`);

--
-- Indexes for table `xsrs3_fields_categories`
--
ALTER TABLE `xsrs3_fields_categories`
  ADD PRIMARY KEY (`field_id`,`category_id`);

--
-- Indexes for table `xsrs3_fields_groups`
--
ALTER TABLE `xsrs3_fields_groups`
  ADD PRIMARY KEY (`id`),
  ADD KEY `idx_checkout` (`checked_out`),
  ADD KEY `idx_state` (`state`),
  ADD KEY `idx_created_by` (`created_by`),
  ADD KEY `idx_access` (`access`),
  ADD KEY `idx_context` (`context`(191)),
  ADD KEY `idx_language` (`language`);

--
-- Indexes for table `xsrs3_fields_values`
--
ALTER TABLE `xsrs3_fields_values`
  ADD KEY `idx_field_id` (`field_id`),
  ADD KEY `idx_item_id` (`item_id`(191));

--
-- Indexes for table `xsrs3_finder_filters`
--
ALTER TABLE `xsrs3_finder_filters`
  ADD PRIMARY KEY (`filter_id`);

--
-- Indexes for table `xsrs3_finder_links`
--
ALTER TABLE `xsrs3_finder_links`
  ADD PRIMARY KEY (`link_id`),
  ADD KEY `idx_type` (`type_id`),
  ADD KEY `idx_title` (`title`(100)),
  ADD KEY `idx_md5` (`md5sum`),
  ADD KEY `idx_url` (`url`(75)),
  ADD KEY `idx_language` (`language`),
  ADD KEY `idx_published_list` (`published`,`state`,`access`,`publish_start_date`,`publish_end_date`,`list_price`),
  ADD KEY `idx_published_sale` (`published`,`state`,`access`,`publish_start_date`,`publish_end_date`,`sale_price`);

--
-- Indexes for table `xsrs3_finder_links_terms`
--
ALTER TABLE `xsrs3_finder_links_terms`
  ADD PRIMARY KEY (`link_id`,`term_id`),
  ADD KEY `idx_term_weight` (`term_id`,`weight`),
  ADD KEY `idx_link_term_weight` (`link_id`,`term_id`,`weight`);

--
-- Indexes for table `xsrs3_finder_logging`
--
ALTER TABLE `xsrs3_finder_logging`
  ADD PRIMARY KEY (`md5sum`),
  ADD KEY `searchterm` (`searchterm`(191));

--
-- Indexes for table `xsrs3_finder_taxonomy`
--
ALTER TABLE `xsrs3_finder_taxonomy`
  ADD PRIMARY KEY (`id`),
  ADD KEY `idx_state` (`state`),
  ADD KEY `idx_access` (`access`),
  ADD KEY `idx_path` (`path`(100)),
  ADD KEY `idx_level` (`level`),
  ADD KEY `idx_left_right` (`lft`,`rgt`),
  ADD KEY `idx_alias` (`alias`(100)),
  ADD KEY `idx_language` (`language`),
  ADD KEY `idx_parent_published` (`parent_id`,`state`,`access`);

--
-- Indexes for table `xsrs3_finder_taxonomy_map`
--
ALTER TABLE `xsrs3_finder_taxonomy_map`
  ADD PRIMARY KEY (`link_id`,`node_id`),
  ADD KEY `link_id` (`link_id`),
  ADD KEY `node_id` (`node_id`);

--
-- Indexes for table `xsrs3_finder_terms`
--
ALTER TABLE `xsrs3_finder_terms`
  ADD PRIMARY KEY (`term_id`),
  ADD UNIQUE KEY `idx_term_language` (`term`,`language`),
  ADD KEY `idx_stem` (`stem`),
  ADD KEY `idx_term_phrase` (`term`,`phrase`),
  ADD KEY `idx_stem_phrase` (`stem`,`phrase`),
  ADD KEY `idx_soundex_phrase` (`soundex`,`phrase`),
  ADD KEY `idx_language` (`language`);

--
-- Indexes for table `xsrs3_finder_terms_common`
--
ALTER TABLE `xsrs3_finder_terms_common`
  ADD UNIQUE KEY `idx_term_language` (`term`,`language`),
  ADD KEY `idx_lang` (`language`);

--
-- Indexes for table `xsrs3_finder_tokens`
--
ALTER TABLE `xsrs3_finder_tokens`
  ADD KEY `idx_word` (`term`),
  ADD KEY `idx_stem` (`stem`),
  ADD KEY `idx_context` (`context`),
  ADD KEY `idx_language` (`language`);

--
-- Indexes for table `xsrs3_finder_tokens_aggregate`
--
ALTER TABLE `xsrs3_finder_tokens_aggregate`
  ADD KEY `token` (`term`),
  ADD KEY `keyword_id` (`term_id`);

--
-- Indexes for table `xsrs3_finder_types`
--
ALTER TABLE `xsrs3_finder_types`
  ADD PRIMARY KEY (`id`),
  ADD UNIQUE KEY `title` (`title`);

--
-- Indexes for table `xsrs3_guidedtours`
--
ALTER TABLE `xsrs3_guidedtours`
  ADD PRIMARY KEY (`id`),
  ADD KEY `idx_access` (`access`),
  ADD KEY `idx_state` (`published`),
  ADD KEY `idx_language` (`language`),
  ADD KEY `idx_uid` (`uid`(191));

--
-- Indexes for table `xsrs3_guidedtour_steps`
--
ALTER TABLE `xsrs3_guidedtour_steps`
  ADD PRIMARY KEY (`id`),
  ADD KEY `idx_tour` (`tour_id`),
  ADD KEY `idx_state` (`published`),
  ADD KEY `idx_language` (`language`);

--
-- Indexes for table `xsrs3_history`
--
ALTER TABLE `xsrs3_history`
  ADD PRIMARY KEY (`version_id`),
  ADD KEY `idx_ucm_item_id` (`item_id`),
  ADD KEY `idx_save_date` (`save_date`);

--
-- Indexes for table `xsrs3_languages`
--
ALTER TABLE `xsrs3_languages`
  ADD PRIMARY KEY (`lang_id`),
  ADD UNIQUE KEY `idx_sef` (`sef`),
  ADD UNIQUE KEY `idx_langcode` (`lang_code`),
  ADD KEY `idx_access` (`access`),
  ADD KEY `idx_ordering` (`ordering`);

--
-- Indexes for table `xsrs3_mail_templates`
--
ALTER TABLE `xsrs3_mail_templates`
  ADD PRIMARY KEY (`template_id`,`language`);

--
-- Indexes for table `xsrs3_menu`
--
ALTER TABLE `xsrs3_menu`
  ADD PRIMARY KEY (`id`),
  ADD UNIQUE KEY `idx_client_id_parent_id_alias_language` (`client_id`,`parent_id`,`alias`(100),`language`),
  ADD KEY `idx_componentid` (`component_id`,`menutype`,`published`,`access`),
  ADD KEY `idx_menutype` (`menutype`),
  ADD KEY `idx_left_right` (`lft`,`rgt`),
  ADD KEY `idx_alias` (`alias`(100)),
  ADD KEY `idx_path` (`path`(100)),
  ADD KEY `idx_language` (`language`);

--
-- Indexes for table `xsrs3_menu_types`
--
ALTER TABLE `xsrs3_menu_types`
  ADD PRIMARY KEY (`id`),
  ADD UNIQUE KEY `idx_menutype` (`menutype`);

--
-- Indexes for table `xsrs3_messages`
--
ALTER TABLE `xsrs3_messages`
  ADD PRIMARY KEY (`message_id`),
  ADD KEY `useridto_state` (`user_id_to`,`state`);

--
-- Indexes for table `xsrs3_messages_cfg`
--
ALTER TABLE `xsrs3_messages_cfg`
  ADD UNIQUE KEY `idx_user_var_name` (`user_id`,`cfg_name`);

--
-- Indexes for table `xsrs3_modules`
--
ALTER TABLE `xsrs3_modules`
  ADD PRIMARY KEY (`id`),
  ADD KEY `published` (`published`,`access`),
  ADD KEY `newsfeeds` (`module`,`published`),
  ADD KEY `idx_language` (`language`);

--
-- Indexes for table `xsrs3_modules_menu`
--
ALTER TABLE `xsrs3_modules_menu`
  ADD PRIMARY KEY (`moduleid`,`menuid`);

--
-- Indexes for table `xsrs3_newsfeeds`
--
ALTER TABLE `xsrs3_newsfeeds`
  ADD PRIMARY KEY (`id`),
  ADD KEY `idx_access` (`access`),
  ADD KEY `idx_checkout` (`checked_out`),
  ADD KEY `idx_state` (`published`),
  ADD KEY `idx_catid` (`catid`),
  ADD KEY `idx_createdby` (`created_by`),
  ADD KEY `idx_language` (`language`);

--
-- Indexes for table `xsrs3_overrider`
--
ALTER TABLE `xsrs3_overrider`
  ADD PRIMARY KEY (`id`);

--
-- Indexes for table `xsrs3_postinstall_messages`
--
ALTER TABLE `xsrs3_postinstall_messages`
  ADD PRIMARY KEY (`postinstall_message_id`);

--
-- Indexes for table `xsrs3_privacy_consents`
--
ALTER TABLE `xsrs3_privacy_consents`
  ADD PRIMARY KEY (`id`),
  ADD KEY `idx_user_id` (`user_id`);

--
-- Indexes for table `xsrs3_privacy_requests`
--
ALTER TABLE `xsrs3_privacy_requests`
  ADD PRIMARY KEY (`id`);

--
-- Indexes for table `xsrs3_redirect_links`
--
ALTER TABLE `xsrs3_redirect_links`
  ADD PRIMARY KEY (`id`),
  ADD KEY `idx_old_url` (`old_url`(100)),
  ADD KEY `idx_link_modified` (`modified_date`);

--
-- Indexes for table `xsrs3_scheduler_tasks`
--
ALTER TABLE `xsrs3_scheduler_tasks`
  ADD PRIMARY KEY (`id`),
  ADD KEY `idx_type` (`type`),
  ADD KEY `idx_state` (`state`),
  ADD KEY `idx_last_exit` (`last_exit_code`),
  ADD KEY `idx_next_exec` (`next_execution`),
  ADD KEY `idx_locked` (`locked`),
  ADD KEY `idx_priority` (`priority`),
  ADD KEY `idx_cli_exclusive` (`cli_exclusive`),
  ADD KEY `idx_checked_out` (`checked_out`);

--
-- Indexes for table `xsrs3_schemaorg`
--
ALTER TABLE `xsrs3_schemaorg`
  ADD PRIMARY KEY (`id`);

--
-- Indexes for table `xsrs3_schemas`
--
ALTER TABLE `xsrs3_schemas`
  ADD PRIMARY KEY (`extension_id`,`version_id`);

--
-- Indexes for table `xsrs3_session`
--
ALTER TABLE `xsrs3_session`
  ADD PRIMARY KEY (`session_id`),
  ADD KEY `userid` (`userid`),
  ADD KEY `time` (`time`),
  ADD KEY `client_id_guest` (`client_id`,`guest`);

--
-- Indexes for table `xsrs3_tags`
--
ALTER TABLE `xsrs3_tags`
  ADD PRIMARY KEY (`id`),
  ADD KEY `tag_idx` (`published`,`access`),
  ADD KEY `idx_access` (`access`),
  ADD KEY `idx_checkout` (`checked_out`),
  ADD KEY `idx_path` (`path`(100)),
  ADD KEY `idx_left_right` (`lft`,`rgt`),
  ADD KEY `idx_alias` (`alias`(100)),
  ADD KEY `idx_language` (`language`);

--
-- Indexes for table `xsrs3_template_overrides`
--
ALTER TABLE `xsrs3_template_overrides`
  ADD PRIMARY KEY (`id`),
  ADD KEY `idx_template` (`template`),
  ADD KEY `idx_extension_id` (`extension_id`);

--
-- Indexes for table `xsrs3_template_styles`
--
ALTER TABLE `xsrs3_template_styles`
  ADD PRIMARY KEY (`id`),
  ADD KEY `idx_template` (`template`),
  ADD KEY `idx_client_id` (`client_id`),
  ADD KEY `idx_client_id_home` (`client_id`,`home`);

--
-- Indexes for table `xsrs3_tuf_metadata`
--
ALTER TABLE `xsrs3_tuf_metadata`
  ADD PRIMARY KEY (`id`);

--
-- Indexes for table `xsrs3_ucm_base`
--
ALTER TABLE `xsrs3_ucm_base`
  ADD PRIMARY KEY (`ucm_id`),
  ADD KEY `idx_ucm_item_id` (`ucm_item_id`),
  ADD KEY `idx_ucm_type_id` (`ucm_type_id`),
  ADD KEY `idx_ucm_language_id` (`ucm_language_id`);

--
-- Indexes for table `xsrs3_ucm_content`
--
ALTER TABLE `xsrs3_ucm_content`
  ADD PRIMARY KEY (`core_content_id`),
  ADD KEY `tag_idx` (`core_state`,`core_access`),
  ADD KEY `idx_access` (`core_access`),
  ADD KEY `idx_alias` (`core_alias`(100)),
  ADD KEY `idx_language` (`core_language`),
  ADD KEY `idx_title` (`core_title`(100)),
  ADD KEY `idx_modified_time` (`core_modified_time`),
  ADD KEY `idx_created_time` (`core_created_time`),
  ADD KEY `idx_content_type` (`core_type_alias`(100)),
  ADD KEY `idx_core_modified_user_id` (`core_modified_user_id`),
  ADD KEY `idx_core_checked_out_user_id` (`core_checked_out_user_id`),
  ADD KEY `idx_core_created_user_id` (`core_created_user_id`),
  ADD KEY `idx_core_type_id` (`core_type_id`);

--
-- Indexes for table `xsrs3_updates`
--
ALTER TABLE `xsrs3_updates`
  ADD PRIMARY KEY (`update_id`);

--
-- Indexes for table `xsrs3_update_sites`
--
ALTER TABLE `xsrs3_update_sites`
  ADD PRIMARY KEY (`update_site_id`);

--
-- Indexes for table `xsrs3_update_sites_extensions`
--
ALTER TABLE `xsrs3_update_sites_extensions`
  ADD PRIMARY KEY (`update_site_id`,`extension_id`);

--
-- Indexes for table `xsrs3_usergroups`
--
ALTER TABLE `xsrs3_usergroups`
  ADD PRIMARY KEY (`id`),
  ADD UNIQUE KEY `idx_usergroup_parent_title_lookup` (`parent_id`,`title`),
  ADD KEY `idx_usergroup_title_lookup` (`title`),
  ADD KEY `idx_usergroup_adjacency_lookup` (`parent_id`),
  ADD KEY `idx_usergroup_nested_set_lookup` (`lft`,`rgt`) USING BTREE;

--
-- Indexes for table `xsrs3_users`
--
ALTER TABLE `xsrs3_users`
  ADD PRIMARY KEY (`id`),
  ADD UNIQUE KEY `idx_username` (`username`),
  ADD KEY `idx_name` (`name`(100)),
  ADD KEY `idx_block` (`block`),
  ADD KEY `email` (`email`);

--
-- Indexes for table `xsrs3_user_keys`
--
ALTER TABLE `xsrs3_user_keys`
  ADD PRIMARY KEY (`id`),
  ADD UNIQUE KEY `series` (`series`),
  ADD KEY `user_id` (`user_id`);

--
-- Indexes for table `xsrs3_user_mfa`
--
ALTER TABLE `xsrs3_user_mfa`
  ADD PRIMARY KEY (`id`),
  ADD KEY `idx_user_id` (`user_id`);

--
-- Indexes for table `xsrs3_user_notes`
--
ALTER TABLE `xsrs3_user_notes`
  ADD PRIMARY KEY (`id`),
  ADD KEY `idx_user_id` (`user_id`),
  ADD KEY `idx_category_id` (`catid`);

--
-- Indexes for table `xsrs3_user_profiles`
--
ALTER TABLE `xsrs3_user_profiles`
  ADD UNIQUE KEY `idx_user_id_profile_key` (`user_id`,`profile_key`);

--
-- Indexes for table `xsrs3_user_usergroup_map`
--
ALTER TABLE `xsrs3_user_usergroup_map`
  ADD PRIMARY KEY (`user_id`,`group_id`);

--
-- Indexes for table `xsrs3_viewlevels`
--
ALTER TABLE `xsrs3_viewlevels`
  ADD PRIMARY KEY (`id`),
  ADD UNIQUE KEY `idx_assetgroup_title_lookup` (`title`);

--
-- Indexes for table `xsrs3_webauthn_credentials`
--
ALTER TABLE `xsrs3_webauthn_credentials`
  ADD PRIMARY KEY (`id`(100)),
  ADD KEY `user_id` (`user_id`(100));

--
-- Indexes for table `xsrs3_workflows`
--
ALTER TABLE `xsrs3_workflows`
  ADD PRIMARY KEY (`id`),
  ADD KEY `idx_asset_id` (`asset_id`),
  ADD KEY `idx_title` (`title`(191)),
  ADD KEY `idx_extension` (`extension`),
  ADD KEY `idx_default` (`default`),
  ADD KEY `idx_created` (`created`),
  ADD KEY `idx_created_by` (`created_by`),
  ADD KEY `idx_modified` (`modified`),
  ADD KEY `idx_modified_by` (`modified_by`),
  ADD KEY `idx_checked_out` (`checked_out`);

--
-- Indexes for table `xsrs3_workflow_associations`
--
ALTER TABLE `xsrs3_workflow_associations`
  ADD PRIMARY KEY (`item_id`,`extension`),
  ADD KEY `idx_item_stage_extension` (`item_id`,`stage_id`,`extension`),
  ADD KEY `idx_item_id` (`item_id`),
  ADD KEY `idx_stage_id` (`stage_id`),
  ADD KEY `idx_extension` (`extension`);

--
-- Indexes for table `xsrs3_workflow_stages`
--
ALTER TABLE `xsrs3_workflow_stages`
  ADD PRIMARY KEY (`id`),
  ADD KEY `idx_workflow_id` (`workflow_id`),
  ADD KEY `idx_checked_out` (`checked_out`),
  ADD KEY `idx_title` (`title`(191)),
  ADD KEY `idx_asset_id` (`asset_id`),
  ADD KEY `idx_default` (`default`);

--
-- Indexes for table `xsrs3_workflow_transitions`
--
ALTER TABLE `xsrs3_workflow_transitions`
  ADD PRIMARY KEY (`id`),
  ADD KEY `idx_title` (`title`(191)),
  ADD KEY `idx_asset_id` (`asset_id`),
  ADD KEY `idx_checked_out` (`checked_out`),
  ADD KEY `idx_from_stage_id` (`from_stage_id`),
  ADD KEY `idx_to_stage_id` (`to_stage_id`),
  ADD KEY `idx_workflow_id` (`workflow_id`);

--
-- AUTO_INCREMENT for dumped tables
--

--
-- AUTO_INCREMENT for table `cuod6_action_logs`
--
ALTER TABLE `cuod6_action_logs`
  MODIFY `id` int(10) UNSIGNED NOT NULL AUTO_INCREMENT, AUTO_INCREMENT=3426;

--
-- AUTO_INCREMENT for table `cuod6_action_logs_extensions`
--
ALTER TABLE `cuod6_action_logs_extensions`
  MODIFY `id` int(10) UNSIGNED NOT NULL AUTO_INCREMENT, AUTO_INCREMENT=23;

--
-- AUTO_INCREMENT for table `cuod6_action_log_config`
--
ALTER TABLE `cuod6_action_log_config`
  MODIFY `id` int(10) UNSIGNED NOT NULL AUTO_INCREMENT, AUTO_INCREMENT=23;

--
-- AUTO_INCREMENT for table `cuod6_assets`
--
ALTER TABLE `cuod6_assets`
  MODIFY `id` int(10) UNSIGNED NOT NULL AUTO_INCREMENT COMMENT 'Primary Key', AUTO_INCREMENT=181;

--
-- AUTO_INCREMENT for table `cuod6_banners`
--
ALTER TABLE `cuod6_banners`
  MODIFY `id` int(11) NOT NULL AUTO_INCREMENT;

--
-- AUTO_INCREMENT for table `cuod6_banner_clients`
--
ALTER TABLE `cuod6_banner_clients`
  MODIFY `id` int(11) NOT NULL AUTO_INCREMENT;

--
-- AUTO_INCREMENT for table `cuod6_categories`
--
ALTER TABLE `cuod6_categories`
  MODIFY `id` int(11) NOT NULL AUTO_INCREMENT, AUTO_INCREMENT=8;

--
-- AUTO_INCREMENT for table `cuod6_contact_details`
--
ALTER TABLE `cuod6_contact_details`
  MODIFY `id` int(11) NOT NULL AUTO_INCREMENT;

--
-- AUTO_INCREMENT for table `cuod6_content`
--
ALTER TABLE `cuod6_content`
  MODIFY `id` int(10) UNSIGNED NOT NULL AUTO_INCREMENT, AUTO_INCREMENT=28;

--
-- AUTO_INCREMENT for table `cuod6_content_types`
--
ALTER TABLE `cuod6_content_types`
  MODIFY `type_id` int(10) UNSIGNED NOT NULL AUTO_INCREMENT, AUTO_INCREMENT=10000;

--
-- AUTO_INCREMENT for table `cuod6_easyblog_acl`
--
ALTER TABLE `cuod6_easyblog_acl`
  MODIFY `id` bigint(20) UNSIGNED NOT NULL AUTO_INCREMENT, AUTO_INCREMENT=55;

--
-- AUTO_INCREMENT for table `cuod6_easyblog_acl_group`
--
ALTER TABLE `cuod6_easyblog_acl_group`
  MODIFY `id` bigint(20) UNSIGNED NOT NULL AUTO_INCREMENT, AUTO_INCREMENT=460;

--
-- AUTO_INCREMENT for table `cuod6_easyblog_adsense`
--
ALTER TABLE `cuod6_easyblog_adsense`
  MODIFY `id` bigint(20) UNSIGNED NOT NULL AUTO_INCREMENT;

--
-- AUTO_INCREMENT for table `cuod6_easyblog_associations`
--
ALTER TABLE `cuod6_easyblog_associations`
  MODIFY `id` int(11) NOT NULL AUTO_INCREMENT;

--
-- AUTO_INCREMENT for table `cuod6_easyblog_autoarticle_map`
--
ALTER TABLE `cuod6_easyblog_autoarticle_map`
  MODIFY `id` bigint(20) UNSIGNED NOT NULL AUTO_INCREMENT;

--
-- AUTO_INCREMENT for table `cuod6_easyblog_captcha`
--
ALTER TABLE `cuod6_easyblog_captcha`
  MODIFY `id` int(11) NOT NULL AUTO_INCREMENT;

--
-- AUTO_INCREMENT for table `cuod6_easyblog_category`
--
ALTER TABLE `cuod6_easyblog_category`
  MODIFY `id` bigint(20) UNSIGNED NOT NULL AUTO_INCREMENT, AUTO_INCREMENT=10;

--
-- AUTO_INCREMENT for table `cuod6_easyblog_category_acl`
--
ALTER TABLE `cuod6_easyblog_category_acl`
  MODIFY `id` bigint(20) NOT NULL AUTO_INCREMENT;

--
-- AUTO_INCREMENT for table `cuod6_easyblog_category_fields_groups`
--
ALTER TABLE `cuod6_easyblog_category_fields_groups`
  MODIFY `id` int(11) NOT NULL AUTO_INCREMENT;

--
-- AUTO_INCREMENT for table `cuod6_easyblog_comment`
--
ALTER TABLE `cuod6_easyblog_comment`
  MODIFY `id` bigint(20) UNSIGNED NOT NULL AUTO_INCREMENT;

--
-- AUTO_INCREMENT for table `cuod6_easyblog_composer_blocks`
--
ALTER TABLE `cuod6_easyblog_composer_blocks`
  MODIFY `id` int(11) NOT NULL AUTO_INCREMENT, AUTO_INCREMENT=51;

--
-- AUTO_INCREMENT for table `cuod6_easyblog_composer_block_templates`
--
ALTER TABLE `cuod6_easyblog_composer_block_templates`
  MODIFY `id` int(11) NOT NULL AUTO_INCREMENT;

--
-- AUTO_INCREMENT for table `cuod6_easyblog_download`
--
ALTER TABLE `cuod6_easyblog_download`
  MODIFY `id` int(11) NOT NULL AUTO_INCREMENT;

--
-- AUTO_INCREMENT for table `cuod6_easyblog_external`
--
ALTER TABLE `cuod6_easyblog_external`
  MODIFY `id` bigint(20) NOT NULL AUTO_INCREMENT;

--
-- AUTO_INCREMENT for table `cuod6_easyblog_external_groups`
--
ALTER TABLE `cuod6_easyblog_external_groups`
  MODIFY `id` bigint(20) NOT NULL AUTO_INCREMENT;

--
-- AUTO_INCREMENT for table `cuod6_easyblog_favourites`
--
ALTER TABLE `cuod6_easyblog_favourites`
  MODIFY `id` bigint(20) NOT NULL AUTO_INCREMENT;

--
-- AUTO_INCREMENT for table `cuod6_easyblog_featured`
--
ALTER TABLE `cuod6_easyblog_featured`
  MODIFY `id` bigint(20) UNSIGNED NOT NULL AUTO_INCREMENT;

--
-- AUTO_INCREMENT for table `cuod6_easyblog_feedburner`
--
ALTER TABLE `cuod6_easyblog_feedburner`
  MODIFY `id` bigint(20) UNSIGNED NOT NULL AUTO_INCREMENT;

--
-- AUTO_INCREMENT for table `cuod6_easyblog_feeds`
--
ALTER TABLE `cuod6_easyblog_feeds`
  MODIFY `id` bigint(20) NOT NULL AUTO_INCREMENT;

--
-- AUTO_INCREMENT for table `cuod6_easyblog_feeds_history`
--
ALTER TABLE `cuod6_easyblog_feeds_history`
  MODIFY `id` bigint(20) NOT NULL AUTO_INCREMENT;

--
-- AUTO_INCREMENT for table `cuod6_easyblog_fields`
--
ALTER TABLE `cuod6_easyblog_fields`
  MODIFY `id` int(11) NOT NULL AUTO_INCREMENT;

--
-- AUTO_INCREMENT for table `cuod6_easyblog_fields_filter`
--
ALTER TABLE `cuod6_easyblog_fields_filter`
  MODIFY `id` bigint(20) UNSIGNED NOT NULL AUTO_INCREMENT;

--
-- AUTO_INCREMENT for table `cuod6_easyblog_fields_groups`
--
ALTER TABLE `cuod6_easyblog_fields_groups`
  MODIFY `id` int(11) NOT NULL AUTO_INCREMENT;

--
-- AUTO_INCREMENT for table `cuod6_easyblog_fields_groups_acl`
--
ALTER TABLE `cuod6_easyblog_fields_groups_acl`
  MODIFY `id` int(11) NOT NULL AUTO_INCREMENT;

--
-- AUTO_INCREMENT for table `cuod6_easyblog_fields_values`
--
ALTER TABLE `cuod6_easyblog_fields_values`
  MODIFY `id` int(11) NOT NULL AUTO_INCREMENT;

--
-- AUTO_INCREMENT for table `cuod6_easyblog_hashkeys`
--
ALTER TABLE `cuod6_easyblog_hashkeys`
  MODIFY `id` bigint(11) NOT NULL AUTO_INCREMENT;

--
-- AUTO_INCREMENT for table `cuod6_easyblog_languages`
--
ALTER TABLE `cuod6_easyblog_languages`
  MODIFY `id` int(11) NOT NULL AUTO_INCREMENT;

--
-- AUTO_INCREMENT for table `cuod6_easyblog_likes`
--
ALTER TABLE `cuod6_easyblog_likes`
  MODIFY `id` bigint(20) UNSIGNED NOT NULL AUTO_INCREMENT;

--
-- AUTO_INCREMENT for table `cuod6_easyblog_mailq`
--
ALTER TABLE `cuod6_easyblog_mailq`
  MODIFY `id` int(11) NOT NULL AUTO_INCREMENT, AUTO_INCREMENT=5;

--
-- AUTO_INCREMENT for table `cuod6_easyblog_media`
--
ALTER TABLE `cuod6_easyblog_media`
  MODIFY `id` int(11) NOT NULL AUTO_INCREMENT;

--
-- AUTO_INCREMENT for table `cuod6_easyblog_meta`
--
ALTER TABLE `cuod6_easyblog_meta`
  MODIFY `id` bigint(20) UNSIGNED NOT NULL AUTO_INCREMENT, AUTO_INCREMENT=23;

--
-- AUTO_INCREMENT for table `cuod6_easyblog_migrate_content`
--
ALTER TABLE `cuod6_easyblog_migrate_content`
  MODIFY `id` bigint(20) UNSIGNED NOT NULL AUTO_INCREMENT;

--
-- AUTO_INCREMENT for table `cuod6_easyblog_oauth`
--
ALTER TABLE `cuod6_easyblog_oauth`
  MODIFY `id` int(11) NOT NULL AUTO_INCREMENT;

--
-- AUTO_INCREMENT for table `cuod6_easyblog_oauth_logs`
--
ALTER TABLE `cuod6_easyblog_oauth_logs`
  MODIFY `id` int(11) NOT NULL AUTO_INCREMENT;

--
-- AUTO_INCREMENT for table `cuod6_easyblog_oauth_posts`
--
ALTER TABLE `cuod6_easyblog_oauth_posts`
  MODIFY `id` int(11) NOT NULL AUTO_INCREMENT;

--
-- AUTO_INCREMENT for table `cuod6_easyblog_oauth_tmp`
--
ALTER TABLE `cuod6_easyblog_oauth_tmp`
  MODIFY `id` int(11) NOT NULL AUTO_INCREMENT;

--
-- AUTO_INCREMENT for table `cuod6_easyblog_optimizer`
--
ALTER TABLE `cuod6_easyblog_optimizer`
  MODIFY `id` int(11) NOT NULL AUTO_INCREMENT;

--
-- AUTO_INCREMENT for table `cuod6_easyblog_packages`
--
ALTER TABLE `cuod6_easyblog_packages`
  MODIFY `id` int(11) NOT NULL AUTO_INCREMENT;

--
-- AUTO_INCREMENT for table `cuod6_easyblog_polls`
--
ALTER TABLE `cuod6_easyblog_polls`
  MODIFY `id` bigint(20) UNSIGNED NOT NULL AUTO_INCREMENT;

--
-- AUTO_INCREMENT for table `cuod6_easyblog_polls_items`
--
ALTER TABLE `cuod6_easyblog_polls_items`
  MODIFY `id` bigint(20) UNSIGNED NOT NULL AUTO_INCREMENT;

--
-- AUTO_INCREMENT for table `cuod6_easyblog_polls_users`
--
ALTER TABLE `cuod6_easyblog_polls_users`
  MODIFY `id` bigint(20) UNSIGNED NOT NULL AUTO_INCREMENT;

--
-- AUTO_INCREMENT for table `cuod6_easyblog_post`
--
ALTER TABLE `cuod6_easyblog_post`
  MODIFY `id` bigint(20) UNSIGNED NOT NULL AUTO_INCREMENT, AUTO_INCREMENT=7;

--
-- AUTO_INCREMENT for table `cuod6_easyblog_post_assets`
--
ALTER TABLE `cuod6_easyblog_post_assets`
  MODIFY `id` int(11) NOT NULL AUTO_INCREMENT;

--
-- AUTO_INCREMENT for table `cuod6_easyblog_post_category`
--
ALTER TABLE `cuod6_easyblog_post_category`
  MODIFY `id` int(11) NOT NULL AUTO_INCREMENT, AUTO_INCREMENT=15;

--
-- AUTO_INCREMENT for table `cuod6_easyblog_post_rejected`
--
ALTER TABLE `cuod6_easyblog_post_rejected`
  MODIFY `id` bigint(20) UNSIGNED NOT NULL AUTO_INCREMENT;

--
-- AUTO_INCREMENT for table `cuod6_easyblog_post_tag`
--
ALTER TABLE `cuod6_easyblog_post_tag`
  MODIFY `id` bigint(20) UNSIGNED NOT NULL AUTO_INCREMENT;

--
-- AUTO_INCREMENT for table `cuod6_easyblog_post_templates`
--
ALTER TABLE `cuod6_easyblog_post_templates`
  MODIFY `id` int(11) NOT NULL AUTO_INCREMENT, AUTO_INCREMENT=5;

--
-- AUTO_INCREMENT for table `cuod6_easyblog_ratings`
--
ALTER TABLE `cuod6_easyblog_ratings`
  MODIFY `id` int(11) NOT NULL AUTO_INCREMENT;

--
-- AUTO_INCREMENT for table `cuod6_easyblog_reactions`
--
ALTER TABLE `cuod6_easyblog_reactions`
  MODIFY `id` int(11) NOT NULL AUTO_INCREMENT, AUTO_INCREMENT=6;

--
-- AUTO_INCREMENT for table `cuod6_easyblog_reactions_history`
--
ALTER TABLE `cuod6_easyblog_reactions_history`
  MODIFY `id` int(11) NOT NULL AUTO_INCREMENT;

--
-- AUTO_INCREMENT for table `cuod6_easyblog_reports`
--
ALTER TABLE `cuod6_easyblog_reports`
  MODIFY `id` bigint(20) NOT NULL AUTO_INCREMENT;

--
-- AUTO_INCREMENT for table `cuod6_easyblog_revisions`
--
ALTER TABLE `cuod6_easyblog_revisions`
  MODIFY `id` bigint(20) NOT NULL AUTO_INCREMENT, AUTO_INCREMENT=12;

--
-- AUTO_INCREMENT for table `cuod6_easyblog_subscriptions`
--
ALTER TABLE `cuod6_easyblog_subscriptions`
  MODIFY `id` bigint(20) UNSIGNED NOT NULL AUTO_INCREMENT;

--
-- AUTO_INCREMENT for table `cuod6_easyblog_tag`
--
ALTER TABLE `cuod6_easyblog_tag`
  MODIFY `id` bigint(20) UNSIGNED NOT NULL AUTO_INCREMENT;

--
-- AUTO_INCREMENT for table `cuod6_easyblog_team`
--
ALTER TABLE `cuod6_easyblog_team`
  MODIFY `id` int(11) NOT NULL AUTO_INCREMENT;

--
-- AUTO_INCREMENT for table `cuod6_easyblog_team_request`
--
ALTER TABLE `cuod6_easyblog_team_request`
  MODIFY `id` int(11) NOT NULL AUTO_INCREMENT;

--
-- AUTO_INCREMENT for table `cuod6_easyblog_themes_overrides`
--
ALTER TABLE `cuod6_easyblog_themes_overrides`
  MODIFY `id` int(11) NOT NULL AUTO_INCREMENT;

--
-- AUTO_INCREMENT for table `cuod6_easyblog_uploader_tmp`
--
ALTER TABLE `cuod6_easyblog_uploader_tmp`
  MODIFY `id` int(11) NOT NULL AUTO_INCREMENT;

--
-- AUTO_INCREMENT for table `cuod6_easyblog_xml_wpdata`
--
ALTER TABLE `cuod6_easyblog_xml_wpdata`
  MODIFY `id` bigint(20) NOT NULL AUTO_INCREMENT;

--
-- AUTO_INCREMENT for table `cuod6_extensions`
--
ALTER TABLE `cuod6_extensions`
  MODIFY `extension_id` int(11) NOT NULL AUTO_INCREMENT, AUTO_INCREMENT=300;

--
-- AUTO_INCREMENT for table `cuod6_fields`
--
ALTER TABLE `cuod6_fields`
  MODIFY `id` int(10) UNSIGNED NOT NULL AUTO_INCREMENT;

--
-- AUTO_INCREMENT for table `cuod6_fields_groups`
--
ALTER TABLE `cuod6_fields_groups`
  MODIFY `id` int(10) UNSIGNED NOT NULL AUTO_INCREMENT;

--
-- AUTO_INCREMENT for table `cuod6_finder_filters`
--
ALTER TABLE `cuod6_finder_filters`
  MODIFY `filter_id` int(10) UNSIGNED NOT NULL AUTO_INCREMENT;

--
-- AUTO_INCREMENT for table `cuod6_finder_links`
--
ALTER TABLE `cuod6_finder_links`
  MODIFY `link_id` int(10) UNSIGNED NOT NULL AUTO_INCREMENT, AUTO_INCREMENT=31;

--
-- AUTO_INCREMENT for table `cuod6_finder_taxonomy`
--
ALTER TABLE `cuod6_finder_taxonomy`
  MODIFY `id` int(10) UNSIGNED NOT NULL AUTO_INCREMENT, AUTO_INCREMENT=15;

--
-- AUTO_INCREMENT for table `cuod6_finder_terms`
--
ALTER TABLE `cuod6_finder_terms`
  MODIFY `term_id` int(10) UNSIGNED NOT NULL AUTO_INCREMENT, AUTO_INCREMENT=3075;

--
-- AUTO_INCREMENT for table `cuod6_finder_types`
--
ALTER TABLE `cuod6_finder_types`
  MODIFY `id` int(10) UNSIGNED NOT NULL AUTO_INCREMENT, AUTO_INCREMENT=7;

--
-- AUTO_INCREMENT for table `cuod6_guidedtours`
--
ALTER TABLE `cuod6_guidedtours`
  MODIFY `id` int(11) NOT NULL AUTO_INCREMENT, AUTO_INCREMENT=13;

--
-- AUTO_INCREMENT for table `cuod6_guidedtour_steps`
--
ALTER TABLE `cuod6_guidedtour_steps`
  MODIFY `id` int(11) NOT NULL AUTO_INCREMENT, AUTO_INCREMENT=118;

--
-- AUTO_INCREMENT for table `cuod6_history`
--
ALTER TABLE `cuod6_history`
  MODIFY `version_id` int(10) UNSIGNED NOT NULL AUTO_INCREMENT, AUTO_INCREMENT=743;

--
-- AUTO_INCREMENT for table `cuod6_languages`
--
ALTER TABLE `cuod6_languages`
  MODIFY `lang_id` int(10) UNSIGNED NOT NULL AUTO_INCREMENT, AUTO_INCREMENT=2;

--
-- AUTO_INCREMENT for table `cuod6_menu`
--
ALTER TABLE `cuod6_menu`
  MODIFY `id` int(11) NOT NULL AUTO_INCREMENT, AUTO_INCREMENT=164;

--
-- AUTO_INCREMENT for table `cuod6_menu_types`
--
ALTER TABLE `cuod6_menu_types`
  MODIFY `id` int(10) UNSIGNED NOT NULL AUTO_INCREMENT, AUTO_INCREMENT=2;

--
-- AUTO_INCREMENT for table `cuod6_messages`
--
ALTER TABLE `cuod6_messages`
  MODIFY `message_id` int(10) UNSIGNED NOT NULL AUTO_INCREMENT;

--
-- AUTO_INCREMENT for table `cuod6_modules`
--
ALTER TABLE `cuod6_modules`
  MODIFY `id` int(11) NOT NULL AUTO_INCREMENT, AUTO_INCREMENT=162;

--
-- AUTO_INCREMENT for table `cuod6_newsfeeds`
--
ALTER TABLE `cuod6_newsfeeds`
  MODIFY `id` int(10) UNSIGNED NOT NULL AUTO_INCREMENT;

--
-- AUTO_INCREMENT for table `cuod6_overrider`
--
ALTER TABLE `cuod6_overrider`
  MODIFY `id` int(11) NOT NULL AUTO_INCREMENT COMMENT 'Primary Key';

--
-- AUTO_INCREMENT for table `cuod6_postinstall_messages`
--
ALTER TABLE `cuod6_postinstall_messages`
  MODIFY `postinstall_message_id` bigint(20) UNSIGNED NOT NULL AUTO_INCREMENT, AUTO_INCREMENT=5;

--
-- AUTO_INCREMENT for table `cuod6_privacy_consents`
--
ALTER TABLE `cuod6_privacy_consents`
  MODIFY `id` int(10) UNSIGNED NOT NULL AUTO_INCREMENT;

--
-- AUTO_INCREMENT for table `cuod6_privacy_requests`
--
ALTER TABLE `cuod6_privacy_requests`
  MODIFY `id` int(10) UNSIGNED NOT NULL AUTO_INCREMENT;

--
-- AUTO_INCREMENT for table `cuod6_redirect_links`
--
ALTER TABLE `cuod6_redirect_links`
  MODIFY `id` int(10) UNSIGNED NOT NULL AUTO_INCREMENT;

--
-- AUTO_INCREMENT for table `cuod6_rsform_calculations`
--
ALTER TABLE `cuod6_rsform_calculations`
  MODIFY `id` int(11) NOT NULL AUTO_INCREMENT;

--
-- AUTO_INCREMENT for table `cuod6_rsform_components`
--
ALTER TABLE `cuod6_rsform_components`
  MODIFY `ComponentId` int(11) NOT NULL AUTO_INCREMENT, AUTO_INCREMENT=91;

--
-- AUTO_INCREMENT for table `cuod6_rsform_component_types`
--
ALTER TABLE `cuod6_rsform_component_types`
  MODIFY `ComponentTypeId` int(11) NOT NULL AUTO_INCREMENT, AUTO_INCREMENT=2423;

--
-- AUTO_INCREMENT for table `cuod6_rsform_conditions`
--
ALTER TABLE `cuod6_rsform_conditions`
  MODIFY `id` int(11) NOT NULL AUTO_INCREMENT;

--
-- AUTO_INCREMENT for table `cuod6_rsform_condition_details`
--
ALTER TABLE `cuod6_rsform_condition_details`
  MODIFY `id` int(11) NOT NULL AUTO_INCREMENT;

--
-- AUTO_INCREMENT for table `cuod6_rsform_emails`
--
ALTER TABLE `cuod6_rsform_emails`
  MODIFY `id` int(11) NOT NULL AUTO_INCREMENT;

--
-- AUTO_INCREMENT for table `cuod6_rsform_forms`
--
ALTER TABLE `cuod6_rsform_forms`
  MODIFY `FormId` int(11) NOT NULL AUTO_INCREMENT, AUTO_INCREMENT=10;

--
-- AUTO_INCREMENT for table `cuod6_rsform_mappings`
--
ALTER TABLE `cuod6_rsform_mappings`
  MODIFY `id` int(11) NOT NULL AUTO_INCREMENT;

--
-- AUTO_INCREMENT for table `cuod6_rsform_properties`
--
ALTER TABLE `cuod6_rsform_properties`
  MODIFY `PropertyId` int(11) NOT NULL AUTO_INCREMENT, AUTO_INCREMENT=1162;

--
-- AUTO_INCREMENT for table `cuod6_rsform_submissions`
--
ALTER TABLE `cuod6_rsform_submissions`
  MODIFY `SubmissionId` int(11) NOT NULL AUTO_INCREMENT, AUTO_INCREMENT=21;

--
-- AUTO_INCREMENT for table `cuod6_rsform_submission_values`
--
ALTER TABLE `cuod6_rsform_submission_values`
  MODIFY `SubmissionValueId` int(11) NOT NULL AUTO_INCREMENT, AUTO_INCREMENT=165;

--
-- AUTO_INCREMENT for table `cuod6_rsform_translations`
--
ALTER TABLE `cuod6_rsform_translations`
  MODIFY `id` int(11) NOT NULL AUTO_INCREMENT;

--
-- AUTO_INCREMENT for table `cuod6_scheduler_tasks`
--
ALTER TABLE `cuod6_scheduler_tasks`
  MODIFY `id` int(10) UNSIGNED NOT NULL AUTO_INCREMENT, AUTO_INCREMENT=4;

--
-- AUTO_INCREMENT for table `cuod6_schemaorg`
--
ALTER TABLE `cuod6_schemaorg`
  MODIFY `id` int(10) UNSIGNED NOT NULL AUTO_INCREMENT;

--
-- AUTO_INCREMENT for table `cuod6_tags`
--
ALTER TABLE `cuod6_tags`
  MODIFY `id` int(10) UNSIGNED NOT NULL AUTO_INCREMENT, AUTO_INCREMENT=2;

--
-- AUTO_INCREMENT for table `cuod6_template_overrides`
--
ALTER TABLE `cuod6_template_overrides`
  MODIFY `id` int(10) UNSIGNED NOT NULL AUTO_INCREMENT;

--
-- AUTO_INCREMENT for table `cuod6_template_styles`
--
ALTER TABLE `cuod6_template_styles`
  MODIFY `id` int(10) UNSIGNED NOT NULL AUTO_INCREMENT, AUTO_INCREMENT=13;

--
-- AUTO_INCREMENT for table `cuod6_tuf_metadata`
--
ALTER TABLE `cuod6_tuf_metadata`
  MODIFY `id` int(11) NOT NULL AUTO_INCREMENT, AUTO_INCREMENT=2;

--
-- AUTO_INCREMENT for table `cuod6_ucm_content`
--
ALTER TABLE `cuod6_ucm_content`
  MODIFY `core_content_id` int(10) UNSIGNED NOT NULL AUTO_INCREMENT;

--
-- AUTO_INCREMENT for table `cuod6_updates`
--
ALTER TABLE `cuod6_updates`
  MODIFY `update_id` int(11) NOT NULL AUTO_INCREMENT, AUTO_INCREMENT=3350;

--
-- AUTO_INCREMENT for table `cuod6_update_sites`
--
ALTER TABLE `cuod6_update_sites`
  MODIFY `update_site_id` int(11) NOT NULL AUTO_INCREMENT, AUTO_INCREMENT=27;

--
-- AUTO_INCREMENT for table `cuod6_usergroups`
--
ALTER TABLE `cuod6_usergroups`
  MODIFY `id` int(10) UNSIGNED NOT NULL AUTO_INCREMENT COMMENT 'Primary Key', AUTO_INCREMENT=10;

--
-- AUTO_INCREMENT for table `cuod6_users`
--
ALTER TABLE `cuod6_users`
  MODIFY `id` int(11) NOT NULL AUTO_INCREMENT, AUTO_INCREMENT=103;

--
-- AUTO_INCREMENT for table `cuod6_user_keys`
--
ALTER TABLE `cuod6_user_keys`
  MODIFY `id` int(10) UNSIGNED NOT NULL AUTO_INCREMENT;

--
-- AUTO_INCREMENT for table `cuod6_user_mfa`
--
ALTER TABLE `cuod6_user_mfa`
  MODIFY `id` int(11) NOT NULL AUTO_INCREMENT;

--
-- AUTO_INCREMENT for table `cuod6_user_notes`
--
ALTER TABLE `cuod6_user_notes`
  MODIFY `id` int(10) UNSIGNED NOT NULL AUTO_INCREMENT;

--
-- AUTO_INCREMENT for table `cuod6_viewlevels`
--
ALTER TABLE `cuod6_viewlevels`
  MODIFY `id` int(10) UNSIGNED NOT NULL AUTO_INCREMENT COMMENT 'Primary Key', AUTO_INCREMENT=7;

--
-- AUTO_INCREMENT for table `cuod6_workflows`
--
ALTER TABLE `cuod6_workflows`
  MODIFY `id` int(11) NOT NULL AUTO_INCREMENT, AUTO_INCREMENT=2;

--
-- AUTO_INCREMENT for table `cuod6_workflow_stages`
--
ALTER TABLE `cuod6_workflow_stages`
  MODIFY `id` int(11) NOT NULL AUTO_INCREMENT, AUTO_INCREMENT=2;

--
-- AUTO_INCREMENT for table `cuod6_workflow_transitions`
--
ALTER TABLE `cuod6_workflow_transitions`
  MODIFY `id` int(11) NOT NULL AUTO_INCREMENT, AUTO_INCREMENT=8;

--
-- AUTO_INCREMENT for table `xsrs3_action_logs`
--
ALTER TABLE `xsrs3_action_logs`
  MODIFY `id` int(10) UNSIGNED NOT NULL AUTO_INCREMENT, AUTO_INCREMENT=11;

--
-- AUTO_INCREMENT for table `xsrs3_action_logs_extensions`
--
ALTER TABLE `xsrs3_action_logs_extensions`
  MODIFY `id` int(10) UNSIGNED NOT NULL AUTO_INCREMENT, AUTO_INCREMENT=22;

--
-- AUTO_INCREMENT for table `xsrs3_action_log_config`
--
ALTER TABLE `xsrs3_action_log_config`
  MODIFY `id` int(10) UNSIGNED NOT NULL AUTO_INCREMENT, AUTO_INCREMENT=23;

--
-- AUTO_INCREMENT for table `xsrs3_assets`
--
ALTER TABLE `xsrs3_assets`
  MODIFY `id` int(10) UNSIGNED NOT NULL AUTO_INCREMENT COMMENT 'Primary Key', AUTO_INCREMENT=101;

--
-- AUTO_INCREMENT for table `xsrs3_banners`
--
ALTER TABLE `xsrs3_banners`
  MODIFY `id` int(11) NOT NULL AUTO_INCREMENT;

--
-- AUTO_INCREMENT for table `xsrs3_banner_clients`
--
ALTER TABLE `xsrs3_banner_clients`
  MODIFY `id` int(11) NOT NULL AUTO_INCREMENT;

--
-- AUTO_INCREMENT for table `xsrs3_categories`
--
ALTER TABLE `xsrs3_categories`
  MODIFY `id` int(11) NOT NULL AUTO_INCREMENT, AUTO_INCREMENT=8;

--
-- AUTO_INCREMENT for table `xsrs3_contact_details`
--
ALTER TABLE `xsrs3_contact_details`
  MODIFY `id` int(11) NOT NULL AUTO_INCREMENT;

--
-- AUTO_INCREMENT for table `xsrs3_content`
--
ALTER TABLE `xsrs3_content`
  MODIFY `id` int(10) UNSIGNED NOT NULL AUTO_INCREMENT;

--
-- AUTO_INCREMENT for table `xsrs3_content_types`
--
ALTER TABLE `xsrs3_content_types`
  MODIFY `type_id` int(10) UNSIGNED NOT NULL AUTO_INCREMENT, AUTO_INCREMENT=10000;

--
-- AUTO_INCREMENT for table `xsrs3_extensions`
--
ALTER TABLE `xsrs3_extensions`
  MODIFY `extension_id` int(11) NOT NULL AUTO_INCREMENT, AUTO_INCREMENT=246;

--
-- AUTO_INCREMENT for table `xsrs3_fields`
--
ALTER TABLE `xsrs3_fields`
  MODIFY `id` int(10) UNSIGNED NOT NULL AUTO_INCREMENT;

--
-- AUTO_INCREMENT for table `xsrs3_fields_groups`
--
ALTER TABLE `xsrs3_fields_groups`
  MODIFY `id` int(10) UNSIGNED NOT NULL AUTO_INCREMENT;

--
-- AUTO_INCREMENT for table `xsrs3_finder_filters`
--
ALTER TABLE `xsrs3_finder_filters`
  MODIFY `filter_id` int(10) UNSIGNED NOT NULL AUTO_INCREMENT;

--
-- AUTO_INCREMENT for table `xsrs3_finder_links`
--
ALTER TABLE `xsrs3_finder_links`
  MODIFY `link_id` int(10) UNSIGNED NOT NULL AUTO_INCREMENT;

--
-- AUTO_INCREMENT for table `xsrs3_finder_taxonomy`
--
ALTER TABLE `xsrs3_finder_taxonomy`
  MODIFY `id` int(10) UNSIGNED NOT NULL AUTO_INCREMENT, AUTO_INCREMENT=2;

--
-- AUTO_INCREMENT for table `xsrs3_finder_terms`
--
ALTER TABLE `xsrs3_finder_terms`
  MODIFY `term_id` int(10) UNSIGNED NOT NULL AUTO_INCREMENT;

--
-- AUTO_INCREMENT for table `xsrs3_finder_types`
--
ALTER TABLE `xsrs3_finder_types`
  MODIFY `id` int(10) UNSIGNED NOT NULL AUTO_INCREMENT, AUTO_INCREMENT=6;

--
-- AUTO_INCREMENT for table `xsrs3_guidedtours`
--
ALTER TABLE `xsrs3_guidedtours`
  MODIFY `id` int(11) NOT NULL AUTO_INCREMENT, AUTO_INCREMENT=13;

--
-- AUTO_INCREMENT for table `xsrs3_guidedtour_steps`
--
ALTER TABLE `xsrs3_guidedtour_steps`
  MODIFY `id` int(11) NOT NULL AUTO_INCREMENT, AUTO_INCREMENT=118;

--
-- AUTO_INCREMENT for table `xsrs3_history`
--
ALTER TABLE `xsrs3_history`
  MODIFY `version_id` int(10) UNSIGNED NOT NULL AUTO_INCREMENT;

--
-- AUTO_INCREMENT for table `xsrs3_languages`
--
ALTER TABLE `xsrs3_languages`
  MODIFY `lang_id` int(10) UNSIGNED NOT NULL AUTO_INCREMENT, AUTO_INCREMENT=2;

--
-- AUTO_INCREMENT for table `xsrs3_menu`
--
ALTER TABLE `xsrs3_menu`
  MODIFY `id` int(11) NOT NULL AUTO_INCREMENT, AUTO_INCREMENT=102;

--
-- AUTO_INCREMENT for table `xsrs3_menu_types`
--
ALTER TABLE `xsrs3_menu_types`
  MODIFY `id` int(10) UNSIGNED NOT NULL AUTO_INCREMENT, AUTO_INCREMENT=2;

--
-- AUTO_INCREMENT for table `xsrs3_messages`
--
ALTER TABLE `xsrs3_messages`
  MODIFY `message_id` int(10) UNSIGNED NOT NULL AUTO_INCREMENT;

--
-- AUTO_INCREMENT for table `xsrs3_modules`
--
ALTER TABLE `xsrs3_modules`
  MODIFY `id` int(11) NOT NULL AUTO_INCREMENT, AUTO_INCREMENT=111;

--
-- AUTO_INCREMENT for table `xsrs3_newsfeeds`
--
ALTER TABLE `xsrs3_newsfeeds`
  MODIFY `id` int(10) UNSIGNED NOT NULL AUTO_INCREMENT;

--
-- AUTO_INCREMENT for table `xsrs3_overrider`
--
ALTER TABLE `xsrs3_overrider`
  MODIFY `id` int(11) NOT NULL AUTO_INCREMENT COMMENT 'Primary Key';

--
-- AUTO_INCREMENT for table `xsrs3_postinstall_messages`
--
ALTER TABLE `xsrs3_postinstall_messages`
  MODIFY `postinstall_message_id` bigint(20) UNSIGNED NOT NULL AUTO_INCREMENT, AUTO_INCREMENT=5;

--
-- AUTO_INCREMENT for table `xsrs3_privacy_consents`
--
ALTER TABLE `xsrs3_privacy_consents`
  MODIFY `id` int(10) UNSIGNED NOT NULL AUTO_INCREMENT;

--
-- AUTO_INCREMENT for table `xsrs3_privacy_requests`
--
ALTER TABLE `xsrs3_privacy_requests`
  MODIFY `id` int(10) UNSIGNED NOT NULL AUTO_INCREMENT;

--
-- AUTO_INCREMENT for table `xsrs3_redirect_links`
--
ALTER TABLE `xsrs3_redirect_links`
  MODIFY `id` int(10) UNSIGNED NOT NULL AUTO_INCREMENT;

--
-- AUTO_INCREMENT for table `xsrs3_scheduler_tasks`
--
ALTER TABLE `xsrs3_scheduler_tasks`
  MODIFY `id` int(10) UNSIGNED NOT NULL AUTO_INCREMENT, AUTO_INCREMENT=4;

--
-- AUTO_INCREMENT for table `xsrs3_schemaorg`
--
ALTER TABLE `xsrs3_schemaorg`
  MODIFY `id` int(10) UNSIGNED NOT NULL AUTO_INCREMENT;

--
-- AUTO_INCREMENT for table `xsrs3_tags`
--
ALTER TABLE `xsrs3_tags`
  MODIFY `id` int(10) UNSIGNED NOT NULL AUTO_INCREMENT, AUTO_INCREMENT=2;

--
-- AUTO_INCREMENT for table `xsrs3_template_overrides`
--
ALTER TABLE `xsrs3_template_overrides`
  MODIFY `id` int(10) UNSIGNED NOT NULL AUTO_INCREMENT;

--
-- AUTO_INCREMENT for table `xsrs3_template_styles`
--
ALTER TABLE `xsrs3_template_styles`
  MODIFY `id` int(10) UNSIGNED NOT NULL AUTO_INCREMENT, AUTO_INCREMENT=13;

--
-- AUTO_INCREMENT for table `xsrs3_tuf_metadata`
--
ALTER TABLE `xsrs3_tuf_metadata`
  MODIFY `id` int(11) NOT NULL AUTO_INCREMENT, AUTO_INCREMENT=2;

--
-- AUTO_INCREMENT for table `xsrs3_ucm_content`
--
ALTER TABLE `xsrs3_ucm_content`
  MODIFY `core_content_id` int(10) UNSIGNED NOT NULL AUTO_INCREMENT;

--
-- AUTO_INCREMENT for table `xsrs3_updates`
--
ALTER TABLE `xsrs3_updates`
  MODIFY `update_id` int(11) NOT NULL AUTO_INCREMENT, AUTO_INCREMENT=54;

--
-- AUTO_INCREMENT for table `xsrs3_update_sites`
--
ALTER TABLE `xsrs3_update_sites`
  MODIFY `update_site_id` int(11) NOT NULL AUTO_INCREMENT, AUTO_INCREMENT=4;

--
-- AUTO_INCREMENT for table `xsrs3_usergroups`
--
ALTER TABLE `xsrs3_usergroups`
  MODIFY `id` int(10) UNSIGNED NOT NULL AUTO_INCREMENT COMMENT 'Primary Key', AUTO_INCREMENT=10;

--
-- AUTO_INCREMENT for table `xsrs3_users`
--
ALTER TABLE `xsrs3_users`
  MODIFY `id` int(11) NOT NULL AUTO_INCREMENT, AUTO_INCREMENT=504;

--
-- AUTO_INCREMENT for table `xsrs3_user_keys`
--
ALTER TABLE `xsrs3_user_keys`
  MODIFY `id` int(10) UNSIGNED NOT NULL AUTO_INCREMENT;

--
-- AUTO_INCREMENT for table `xsrs3_user_mfa`
--
ALTER TABLE `xsrs3_user_mfa`
  MODIFY `id` int(11) NOT NULL AUTO_INCREMENT;

--
-- AUTO_INCREMENT for table `xsrs3_user_notes`
--
ALTER TABLE `xsrs3_user_notes`
  MODIFY `id` int(10) UNSIGNED NOT NULL AUTO_INCREMENT;

--
-- AUTO_INCREMENT for table `xsrs3_viewlevels`
--
ALTER TABLE `xsrs3_viewlevels`
  MODIFY `id` int(10) UNSIGNED NOT NULL AUTO_INCREMENT COMMENT 'Primary Key', AUTO_INCREMENT=7;

--
-- AUTO_INCREMENT for table `xsrs3_workflows`
--
ALTER TABLE `xsrs3_workflows`
  MODIFY `id` int(11) NOT NULL AUTO_INCREMENT, AUTO_INCREMENT=2;

--
-- AUTO_INCREMENT for table `xsrs3_workflow_stages`
--
ALTER TABLE `xsrs3_workflow_stages`
  MODIFY `id` int(11) NOT NULL AUTO_INCREMENT, AUTO_INCREMENT=2;

--
-- AUTO_INCREMENT for table `xsrs3_workflow_transitions`
--
ALTER TABLE `xsrs3_workflow_transitions`
  MODIFY `id` int(11) NOT NULL AUTO_INCREMENT, AUTO_INCREMENT=8;
COMMIT;

